{"id":35300,"date":"2026-04-17T14:02:38","date_gmt":"2026-04-17T14:02:38","guid":{"rendered":"https:\/\/curiosidadesedicas.com\/loja\/?post_type=product&#038;p=35300"},"modified":"2026-04-17T14:05:04","modified_gmt":"2026-04-17T14:05:04","slug":"lanterna-led-230w-23-000lm-longo-alcance","status":"publish","type":"product","link":"https:\/\/curiosidadesedicas.com\/loja\/produto\/lanterna-led-230w-23-000lm-longo-alcance\/","title":{"rendered":"LANTERNA LED 230W 23.000LM | LONGO ALCANCE"},"content":{"rendered":"<table>\n<tbody>\n<tr>\n<td>Potencia (w):<\/td>\n<td>230W<\/td>\n<\/tr>\n<tr>\n<td>Peso:<\/td>\n<td>1,751 kg<\/td>\n<\/tr>\n<tr>\n<td>Material:<\/td>\n<td>Alum\u00ednio<\/td>\n<\/tr>\n<tr>\n<td>Tipo:<\/td>\n<td>Lanterna Longo Alcance<\/td>\n<\/tr>\n<tr>\n<td>Carga:<\/td>\n<td>Tempo de carga aprox:9h<\/td>\n<\/tr>\n<tr>\n<td>Indicador de Carga:<\/td>\n<td>Sim<\/td>\n<\/tr>\n<tr>\n<td>\u00cdndice de Prote\u00e7\u00e3o:<\/td>\n<td>IP67<\/td>\n<\/tr>\n<tr>\n<td>Fun\u00e7\u00e3o:<\/td>\n<td>Power Bank<\/td>\n<\/tr>\n<tr>\n<td>Luminosidade:<\/td>\n<td>23000Lm<\/td>\n<\/tr>\n<tr>\n<td>5 modos de luz:<\/td>\n<td>23000lm \/ 13000 lm \/ 7000 lm \/ 1000 lm \/ flash<\/td>\n<\/tr>\n<tr>\n<td>Acess\u00f3rios:<\/td>\n<td>Cabo USB tipo C inclu\u00eddo + Capa para cinto e cord\u00e3o<\/td>\n<\/tr>\n<tr>\n<td>Dimens\u00f5es:<\/td>\n<td>\u00d8 78 x 369mm<\/td>\n<\/tr>\n<\/tbody>\n<\/table>\n","protected":false},"excerpt":{"rendered":"<p>Lanterna Led recarreg\u00e1vel de 23.000 lm, 6500K.<\/p>\n<ul>\n<li>At\u00e9 10h de autonomia<\/li>\n<li>5 modos: turbo 23000 lm (30s) \/ alto 13000 lm (2h) \/ m\u00e9dio 7000 lm (5h) \/ baixo 1000 lm (10h) \/ luz estrobosc\u00f3pica (flash) em qualquer um dos modos<\/li>\n<li>Com fun\u00e7\u00e3o power bank<\/li>\n<li>Resist\u00eancia \u00e0 \u00e1gua ip67<\/li>\n<li>Material de alum\u00ednio<\/li>\n<li>Carregamento em 9h<\/li>\n<li>Com indicador de carga<\/li>\n<li>Inclui: cord\u00e3o, cabo USB tipo C, e suporte para cinto<\/li>\n<li>Dimens\u00f5es: \u00f8 78 x 369 mm<\/li>\n<\/ul>\n<p><img decoding=\"async\" class=\"aligncenter\" src=\"https:\/\/curiosidadesedicas.com\/loja\/wp-content\/uploads\/2026\/04\/Capturar.png\" \/><\/p>\n","protected":false},"featured_media":35301,"comment_status":"open","ping_status":"closed","template":"","meta":{"_glsr_average":0,"_glsr_ranking":0,"_glsr_reviews":0},"product_brand":[],"product_cat":[345,349],"product_tag":[],"class_list":{"0":"post-35300","1":"product","2":"type-product","3":"status-publish","4":"has-post-thumbnail","6":"product_cat-gadgets-led","7":"product_cat-lanternas-led","9":"first","10":"instock","11":"taxable","12":"shipping-taxable","13":"purchasable","14":"product-type-simple"},"yoast_head":"<!-- This site is optimized with the Yoast SEO plugin v26.8 - https:\/\/yoast.com\/product\/yoast-seo-wordpress\/ -->\n<title>LANTERNA LED 230W 23.000LM | LONGO ALCANCE - Curiosidades &amp; Dicas, Lda<\/title>\n<meta name=\"robots\" content=\"index, follow, max-snippet:-1, max-image-preview:large, max-video-preview:-1\" \/>\n<link rel=\"canonical\" href=\"https:\/\/curiosidadesedicas.com\/loja\/produto\/lanterna-led-230w-23-000lm-longo-alcance\/\" \/>\n<meta property=\"og:locale\" content=\"pt_PT\" \/>\n<meta property=\"og:type\" content=\"article\" \/>\n<meta property=\"og:title\" content=\"LANTERNA LED 230W 23.000LM | LONGO ALCANCE - Curiosidades &amp; Dicas, Lda\" \/>\n<meta property=\"og:description\" content=\"Lanterna Led recarreg\u00e1vel de 23.000 lm, 6500K.   At\u00e9 10h de autonomia  5 modos: turbo 23000 lm (30s) \/ alto 13000 lm (2h) \/ m\u00e9dio 7000 lm (5h) \/ baixo 1000 lm (10h) \/ luz estrobosc\u00f3pica (flash) em qualquer um dos modos  Com fun\u00e7\u00e3o power bank  Resist\u00eancia \u00e0 \u00e1gua ip67  Material de alum\u00ednio  Carregamento em 9h  Com indicador de carga  Inclui: cord\u00e3o, cabo USB tipo C, e suporte para cinto  Dimens\u00f5es: \u00f8 78 x 369 mm\" \/>\n<meta property=\"og:url\" content=\"https:\/\/curiosidadesedicas.com\/loja\/produto\/lanterna-led-230w-23-000lm-longo-alcance\/\" \/>\n<meta property=\"og:site_name\" content=\"Curiosidades &amp; Dicas, Lda\" \/>\n<meta property=\"article:modified_time\" content=\"2026-04-17T14:05:04+00:00\" \/>\n<meta property=\"og:image\" content=\"https:\/\/curiosidadesedicas.com\/loja\/wp-content\/uploads\/2026\/04\/1.webp\" \/>\n\t<meta property=\"og:image:width\" content=\"1600\" \/>\n\t<meta property=\"og:image:height\" content=\"1600\" \/>\n\t<meta property=\"og:image:type\" content=\"image\/webp\" \/>\n<meta name=\"twitter:card\" content=\"summary_large_image\" \/>\n<meta name=\"twitter:label1\" content=\"Tempo estimado de leitura\" \/>\n\t<meta name=\"twitter:data1\" content=\"1 minuto\" \/>\n<script type=\"application\/ld+json\" class=\"yoast-schema-graph\">{\"@context\":\"https:\/\/schema.org\",\"@graph\":[{\"@type\":\"WebPage\",\"@id\":\"https:\/\/curiosidadesedicas.com\/loja\/produto\/lanterna-led-230w-23-000lm-longo-alcance\/\",\"url\":\"https:\/\/curiosidadesedicas.com\/loja\/produto\/lanterna-led-230w-23-000lm-longo-alcance\/\",\"name\":\"LANTERNA LED 230W 23.000LM | LONGO ALCANCE - Curiosidades &amp; Dicas, Lda\",\"isPartOf\":{\"@id\":\"https:\/\/curiosidadesedicas.com\/loja\/#website\"},\"primaryImageOfPage\":{\"@id\":\"https:\/\/curiosidadesedicas.com\/loja\/produto\/lanterna-led-230w-23-000lm-longo-alcance\/#primaryimage\"},\"image\":{\"@id\":\"https:\/\/curiosidadesedicas.com\/loja\/produto\/lanterna-led-230w-23-000lm-longo-alcance\/#primaryimage\"},\"thumbnailUrl\":\"https:\/\/curiosidadesedicas.com\/loja\/wp-content\/uploads\/2026\/04\/1.webp\",\"datePublished\":\"2026-04-17T14:02:38+00:00\",\"dateModified\":\"2026-04-17T14:05:04+00:00\",\"breadcrumb\":{\"@id\":\"https:\/\/curiosidadesedicas.com\/loja\/produto\/lanterna-led-230w-23-000lm-longo-alcance\/#breadcrumb\"},\"inLanguage\":\"pt-PT\",\"potentialAction\":[{\"@type\":\"ReadAction\",\"target\":[\"https:\/\/curiosidadesedicas.com\/loja\/produto\/lanterna-led-230w-23-000lm-longo-alcance\/\"]}]},{\"@type\":\"ImageObject\",\"inLanguage\":\"pt-PT\",\"@id\":\"https:\/\/curiosidadesedicas.com\/loja\/produto\/lanterna-led-230w-23-000lm-longo-alcance\/#primaryimage\",\"url\":\"https:\/\/curiosidadesedicas.com\/loja\/wp-content\/uploads\/2026\/04\/1.webp\",\"contentUrl\":\"https:\/\/curiosidadesedicas.com\/loja\/wp-content\/uploads\/2026\/04\/1.webp\",\"width\":1600,\"height\":1600},{\"@type\":\"BreadcrumbList\",\"@id\":\"https:\/\/curiosidadesedicas.com\/loja\/produto\/lanterna-led-230w-23-000lm-longo-alcance\/#breadcrumb\",\"itemListElement\":[{\"@type\":\"ListItem\",\"position\":1,\"name\":\"In\u00edcio\",\"item\":\"https:\/\/curiosidadesedicas.com\/loja\/\"},{\"@type\":\"ListItem\",\"position\":2,\"name\":\"Produtos\",\"item\":\"https:\/\/curiosidadesedicas.com\/loja\/produtos\/\"},{\"@type\":\"ListItem\",\"position\":3,\"name\":\"LANTERNA LED 230W 23.000LM | LONGO ALCANCE\"}]},{\"@type\":\"WebSite\",\"@id\":\"https:\/\/curiosidadesedicas.com\/loja\/#website\",\"url\":\"https:\/\/curiosidadesedicas.com\/loja\/\",\"name\":\"Curiosidades &amp; Dicas, Lda\",\"description\":\"Apaixonados Por Inova\u00e7\u00e3o\",\"publisher\":{\"@id\":\"https:\/\/curiosidadesedicas.com\/loja\/#organization\"},\"potentialAction\":[{\"@type\":\"SearchAction\",\"target\":{\"@type\":\"EntryPoint\",\"urlTemplate\":\"https:\/\/curiosidadesedicas.com\/loja\/?s={search_term_string}\"},\"query-input\":{\"@type\":\"PropertyValueSpecification\",\"valueRequired\":true,\"valueName\":\"search_term_string\"}}],\"inLanguage\":\"pt-PT\"},{\"@type\":\"Organization\",\"@id\":\"https:\/\/curiosidadesedicas.com\/loja\/#organization\",\"name\":\"Curiosidades & Dicas\",\"url\":\"https:\/\/curiosidadesedicas.com\/loja\/\",\"logo\":{\"@type\":\"ImageObject\",\"inLanguage\":\"pt-PT\",\"@id\":\"https:\/\/curiosidadesedicas.com\/loja\/#\/schema\/logo\/image\/\",\"url\":\"https:\/\/curiosidadesedicas.com\/loja\/wp-content\/uploads\/2020\/05\/LogoCuriosidadesSimples.png\",\"contentUrl\":\"https:\/\/curiosidadesedicas.com\/loja\/wp-content\/uploads\/2020\/05\/LogoCuriosidadesSimples.png\",\"width\":3528,\"height\":804,\"caption\":\"Curiosidades & Dicas\"},\"image\":{\"@id\":\"https:\/\/curiosidadesedicas.com\/loja\/#\/schema\/logo\/image\/\"}}]}<\/script>\n<!-- \/ Yoast SEO plugin. -->","yoast_head_json":{"title":"LANTERNA LED 230W 23.000LM | LONGO ALCANCE - Curiosidades &amp; Dicas, Lda","robots":{"index":"index","follow":"follow","max-snippet":"max-snippet:-1","max-image-preview":"max-image-preview:large","max-video-preview":"max-video-preview:-1"},"canonical":"https:\/\/curiosidadesedicas.com\/loja\/produto\/lanterna-led-230w-23-000lm-longo-alcance\/","og_locale":"pt_PT","og_type":"article","og_title":"LANTERNA LED 230W 23.000LM | LONGO ALCANCE - Curiosidades &amp; Dicas, Lda","og_description":"Lanterna Led recarreg\u00e1vel de 23.000 lm, 6500K.   At\u00e9 10h de autonomia  5 modos: turbo 23000 lm (30s) \/ alto 13000 lm (2h) \/ m\u00e9dio 7000 lm (5h) \/ baixo 1000 lm (10h) \/ luz estrobosc\u00f3pica (flash) em qualquer um dos modos  Com fun\u00e7\u00e3o power bank  Resist\u00eancia \u00e0 \u00e1gua ip67  Material de alum\u00ednio  Carregamento em 9h  Com indicador de carga  Inclui: cord\u00e3o, cabo USB tipo C, e suporte para cinto  Dimens\u00f5es: \u00f8 78 x 369 mm","og_url":"https:\/\/curiosidadesedicas.com\/loja\/produto\/lanterna-led-230w-23-000lm-longo-alcance\/","og_site_name":"Curiosidades &amp; Dicas, Lda","article_modified_time":"2026-04-17T14:05:04+00:00","og_image":[{"width":1600,"height":1600,"url":"https:\/\/curiosidadesedicas.com\/loja\/wp-content\/uploads\/2026\/04\/1.webp","type":"image\/webp"}],"twitter_card":"summary_large_image","twitter_misc":{"Tempo estimado de leitura":"1 minuto"},"schema":{"@context":"https:\/\/schema.org","@graph":[{"@type":"WebPage","@id":"https:\/\/curiosidadesedicas.com\/loja\/produto\/lanterna-led-230w-23-000lm-longo-alcance\/","url":"https:\/\/curiosidadesedicas.com\/loja\/produto\/lanterna-led-230w-23-000lm-longo-alcance\/","name":"LANTERNA LED 230W 23.000LM | LONGO ALCANCE - Curiosidades &amp; Dicas, Lda","isPartOf":{"@id":"https:\/\/curiosidadesedicas.com\/loja\/#website"},"primaryImageOfPage":{"@id":"https:\/\/curiosidadesedicas.com\/loja\/produto\/lanterna-led-230w-23-000lm-longo-alcance\/#primaryimage"},"image":{"@id":"https:\/\/curiosidadesedicas.com\/loja\/produto\/lanterna-led-230w-23-000lm-longo-alcance\/#primaryimage"},"thumbnailUrl":"https:\/\/curiosidadesedicas.com\/loja\/wp-content\/uploads\/2026\/04\/1.webp","datePublished":"2026-04-17T14:02:38+00:00","dateModified":"2026-04-17T14:05:04+00:00","breadcrumb":{"@id":"https:\/\/curiosidadesedicas.com\/loja\/produto\/lanterna-led-230w-23-000lm-longo-alcance\/#breadcrumb"},"inLanguage":"pt-PT","potentialAction":[{"@type":"ReadAction","target":["https:\/\/curiosidadesedicas.com\/loja\/produto\/lanterna-led-230w-23-000lm-longo-alcance\/"]}]},{"@type":"ImageObject","inLanguage":"pt-PT","@id":"https:\/\/curiosidadesedicas.com\/loja\/produto\/lanterna-led-230w-23-000lm-longo-alcance\/#primaryimage","url":"https:\/\/curiosidadesedicas.com\/loja\/wp-content\/uploads\/2026\/04\/1.webp","contentUrl":"https:\/\/curiosidadesedicas.com\/loja\/wp-content\/uploads\/2026\/04\/1.webp","width":1600,"height":1600},{"@type":"BreadcrumbList","@id":"https:\/\/curiosidadesedicas.com\/loja\/produto\/lanterna-led-230w-23-000lm-longo-alcance\/#breadcrumb","itemListElement":[{"@type":"ListItem","position":1,"name":"In\u00edcio","item":"https:\/\/curiosidadesedicas.com\/loja\/"},{"@type":"ListItem","position":2,"name":"Produtos","item":"https:\/\/curiosidadesedicas.com\/loja\/produtos\/"},{"@type":"ListItem","position":3,"name":"LANTERNA LED 230W 23.000LM | LONGO ALCANCE"}]},{"@type":"WebSite","@id":"https:\/\/curiosidadesedicas.com\/loja\/#website","url":"https:\/\/curiosidadesedicas.com\/loja\/","name":"Curiosidades &amp; Dicas, Lda","description":"Apaixonados Por Inova\u00e7\u00e3o","publisher":{"@id":"https:\/\/curiosidadesedicas.com\/loja\/#organization"},"potentialAction":[{"@type":"SearchAction","target":{"@type":"EntryPoint","urlTemplate":"https:\/\/curiosidadesedicas.com\/loja\/?s={search_term_string}"},"query-input":{"@type":"PropertyValueSpecification","valueRequired":true,"valueName":"search_term_string"}}],"inLanguage":"pt-PT"},{"@type":"Organization","@id":"https:\/\/curiosidadesedicas.com\/loja\/#organization","name":"Curiosidades & Dicas","url":"https:\/\/curiosidadesedicas.com\/loja\/","logo":{"@type":"ImageObject","inLanguage":"pt-PT","@id":"https:\/\/curiosidadesedicas.com\/loja\/#\/schema\/logo\/image\/","url":"https:\/\/curiosidadesedicas.com\/loja\/wp-content\/uploads\/2020\/05\/LogoCuriosidadesSimples.png","contentUrl":"https:\/\/curiosidadesedicas.com\/loja\/wp-content\/uploads\/2020\/05\/LogoCuriosidadesSimples.png","width":3528,"height":804,"caption":"Curiosidades & Dicas"},"image":{"@id":"https:\/\/curiosidadesedicas.com\/loja\/#\/schema\/logo\/image\/"}}]}},"_links":{"self":[{"href":"https:\/\/curiosidadesedicas.com\/loja\/wp-json\/wp\/v2\/product\/35300","targetHints":{"allow":["GET"]}}],"collection":[{"href":"https:\/\/curiosidadesedicas.com\/loja\/wp-json\/wp\/v2\/product"}],"about":[{"href":"https:\/\/curiosidadesedicas.com\/loja\/wp-json\/wp\/v2\/types\/product"}],"replies":[{"embeddable":true,"href":"https:\/\/curiosidadesedicas.com\/loja\/wp-json\/wp\/v2\/comments?post=35300"}],"wp:featuredmedia":[{"embeddable":true,"href":"https:\/\/curiosidadesedicas.com\/loja\/wp-json\/wp\/v2\/media\/35301"}],"wp:attachment":[{"href":"https:\/\/curiosidadesedicas.com\/loja\/wp-json\/wp\/v2\/media?parent=35300"}],"wp:term":[{"taxonomy":"product_brand","embeddable":true,"href":"https:\/\/curiosidadesedicas.com\/loja\/wp-json\/wp\/v2\/product_brand?post=35300"},{"taxonomy":"product_cat","embeddable":true,"href":"https:\/\/curiosidadesedicas.com\/loja\/wp-json\/wp\/v2\/product_cat?post=35300"},{"taxonomy":"product_tag","embeddable":true,"href":"https:\/\/curiosidadesedicas.com\/loja\/wp-json\/wp\/v2\/product_tag?post=35300"}],"curies":[{"name":"wp","href":"https:\/\/api.w.org\/{rel}","templated":true}]}}