{"id":34730,"date":"2025-09-19T13:19:43","date_gmt":"2025-09-19T13:19:43","guid":{"rendered":"https:\/\/curiosidadesedicas.com\/loja\/?post_type=product&#038;p=34730"},"modified":"2025-09-19T14:34:38","modified_gmt":"2025-09-19T14:34:38","slug":"lancheira-eletrica-c-bateria-60w-lanmou","status":"publish","type":"product","link":"https:\/\/curiosidadesedicas.com\/loja\/produto\/lancheira-eletrica-c-bateria-60w-lanmou\/","title":{"rendered":"LANCHEIRA EL\u00c9TRICA C\/ BATERIA 60W LANMOU"},"content":{"rendered":"<ul>\n<li>Lancheira el\u00e9trica com bateria: lancheira el\u00e9trica port\u00e1til, sem fio e bateria de 16.000 mAh, recarreg\u00e1vel por USB. Desfrute de refei\u00e7\u00f5es quentes no escrit\u00f3rio, na constru\u00e7\u00e3o, no carro ou ao ar livre, viagem rodovi\u00e1ria, totalmente independente das tomadas. Bateria de 16.000 mAh, 70 minutos de tempo de funcionamento. aquece at\u00e9 3 refei\u00e7\u00f5es.<\/li>\n<li>Temporizador e 6 n\u00edveis de temperatura: lancheira el\u00e9trica de a\u00e7o inoxid\u00e1vel com bateria de 16.000 mAh e temporizador. Tempo de pr\u00e9-aquecimento program\u00e1vel (30 &#8211; 240 min) e sele\u00e7\u00e3o precisa de temperatura (90\u00b0C\/85\u00baC\/80\u00baC\/75\u00baC\/70\u00baC\/65\u00b0C). Ideal para trabalhadores em turnos (hospital, f\u00e1brica): a comida fica quente a tempo de descansar. Fun\u00e7\u00e3o autom\u00e1tica de manuten\u00e7\u00e3o do calor ap\u00f3s o aquecimento.<\/li>\n<li>Aquecimento de alto desempenho (60W) e prote\u00e7\u00e3o contra fugas: aquece os alimentos uniformemente em 20 a 60 minutos. (dependendo da quantidade \/ temperatura). 100% estanque gra\u00e7as \u00e0 junta de silicone, n\u00e3o se derrama durante o transporte ou a posi\u00e7\u00e3o inclinada.<\/li>\n<li>Adequado para m\u00e1quina de lavar loi\u00e7a e uso di\u00e1rio: caixa de comida el\u00e9trica com garfo e colher. Bacia interna de a\u00e7o inoxid\u00e1vel 304 de qualidade alimentar (1L) e tampa de polipropileno adequada para m\u00e1quina de lavar loi\u00e7a (aten\u00e7\u00e3o: limpar a base de aquecimento separadamente). Al\u00e7a pr\u00e1tica de transporte e saco isolante para manter a temperatura ideal.<\/li>\n<li>Excelente presente para familiares e amigos: lancheira el\u00e9trica sem aros. Ideal para artes\u00e3os, viajantes e campistas. Inclui conjunto de talheres e instru\u00e7\u00f5es. O presente perfeito para uma alimenta\u00e7\u00e3o saud\u00e1vel ao longo do caminho.<\/li>\n<\/ul>\n<p><img decoding=\"async\" class=\"aligncenter\" src=\"https:\/\/curiosidadesedicas.com\/loja\/wp-content\/uploads\/2025\/09\/testra.png\" \/><\/p>\n<p><strong>Notas:\u00a0<\/strong><\/p>\n<p>\u2714\ufe0f N\u00e3o coloque \u00e1gua ou alimentos dentro da lancheira, apenas no recipiente em inox.<\/p>\n<p>\u2714\ufe0f N\u00e3o mergulhe o produto completamente na \u00e1gua para limpeza.<\/p>\n","protected":false},"excerpt":{"rendered":"<p>Uma lancheira el\u00e9trica com bateria de a\u00e7o inoxid\u00e1vel 304, antibacteriano e lav\u00e1vel na m\u00e1quina de lavar loi\u00e7a. Seguro para alimentos \u00e1cidos! Pot\u00eancia de 60W, aquecimento uniforme.<\/p>\n<p>Controlo Inteligente de 6 temperaturas: dos iogurtes (65 \u00b0C) as carnes mo\u00eddas (90 \u00b0C). Programe o hor\u00e1rio de in\u00edcio com 4 horas de anteced\u00eancia.<\/p>\n<p>Imagine saborear a sua refei\u00e7\u00e3o caseira e quentinha no escrit\u00f3rio, no comboio ou numa obra&#8230;sem micro-ondas ou tomadas. A nossa lancheira el\u00e9trica port\u00e1til transforma qualquer espa\u00e7o<br \/>\nna sua sala de jantar pessoal.<\/p>\n<p><img decoding=\"async\" class=\"aligncenter\" src=\"https:\/\/curiosidadesedicas.com\/loja\/wp-content\/uploads\/2025\/09\/1-1.png\" \/><\/p>\n<ul>\n<li>Profissionais sem micro-ondas: Enfermeiros, oper\u00e1rios fabris, motoristas de pesados.<\/li>\n<li>Estudantes: Evitem filas em refeit\u00f3rios cheios.<\/li>\n<li>\ufe0fViajantes: Comida quente em comboios, aeroportos ou roulottes.<\/li>\n<li>Bateria de 16.000 mAh com USB-C: aque\u00e7a at\u00e9 3 refei\u00e7\u00f5es (40-60 min) e recarregue o<br \/>\ntelem\u00f3vel.<\/li>\n<li>Tipo de bateria: Bateria Li (enviada com bateria incorporada)<\/li>\n<li>Capacidade: 1000 ml<\/li>\n<li>Pot\u00eancia: 60W<\/li>\n<li>A lancheira \u00e9 composta por:\n<ul>\n<li>1 saco de transporte<\/li>\n<li>1 al\u00e7a de ombro<\/li>\n<li>1 lancheira el\u00e9trica<\/li>\n<li>1 recipiente interna em a\u00e7o inoxid\u00e1vel<\/li>\n<li>1 talher<\/li>\n<li>1 cabo de dados USB<\/li>\n<\/ul>\n<\/li>\n<\/ul>\n<p>A veda\u00e7\u00e3o de silicone premium evita derrames nas mochilas. O interior em a\u00e7o inoxid\u00e1vel 304 de qualidade alimentar pode ser lavado na m\u00e1quina de lavar loi\u00e7a (livre de BPA).<\/p>\n<ul>\n<li style=\"list-style-type: none;\"><\/li>\n<\/ul>\n","protected":false},"featured_media":34733,"comment_status":"open","ping_status":"closed","template":"","meta":{"_glsr_average":0,"_glsr_ranking":0,"_glsr_reviews":0},"product_brand":[],"product_cat":[350,420,408,365,366],"product_tag":[],"class_list":{"0":"post-34730","1":"product","2":"type-product","3":"status-publish","4":"has-post-thumbnail","6":"product_cat-gadgets","7":"product_cat-p-trabalho","8":"product_cat-p-viagens","9":"product_cat-para-o-lar","10":"product_cat-cozinha","12":"first","13":"instock","14":"taxable","15":"shipping-taxable","16":"purchasable","17":"product-type-simple"},"yoast_head":"<!-- This site is optimized with the Yoast SEO plugin v26.8 - https:\/\/yoast.com\/product\/yoast-seo-wordpress\/ -->\n<title>LANCHEIRA EL\u00c9TRICA C\/ BATERIA 60W LANMOU - Curiosidades &amp; Dicas, Lda<\/title>\n<meta name=\"robots\" content=\"index, follow, max-snippet:-1, max-image-preview:large, max-video-preview:-1\" \/>\n<link rel=\"canonical\" href=\"https:\/\/curiosidadesedicas.com\/loja\/produto\/lancheira-eletrica-c-bateria-60w-lanmou\/\" \/>\n<meta property=\"og:locale\" content=\"pt_PT\" \/>\n<meta property=\"og:type\" content=\"article\" \/>\n<meta property=\"og:title\" content=\"LANCHEIRA EL\u00c9TRICA C\/ BATERIA 60W LANMOU - Curiosidades &amp; Dicas, Lda\" \/>\n<meta property=\"og:description\" content=\"Uma lancheira el\u00e9trica com bateria de a\u00e7o inoxid\u00e1vel 304, antibacteriano e lav\u00e1vel na m\u00e1quina de lavar loi\u00e7a. Seguro para alimentos \u00e1cidos! Pot\u00eancia de 60W, aquecimento uniforme.  Controlo Inteligente de 6 temperaturas: dos iogurtes (65 \u00b0C) as carnes mo\u00eddas (90 \u00b0C). Programe o hor\u00e1rio de in\u00edcio com 4 horas de anteced\u00eancia.  Imagine saborear a sua refei\u00e7\u00e3o caseira e quentinha no escrit\u00f3rio, no comboio ou numa obra...sem micro-ondas ou tomadas. A nossa lancheira el\u00e9trica port\u00e1til transforma qualquer espa\u00e7o na sua sala de jantar pessoal.     Profissionais sem micro-ondas: Enfermeiros, oper\u00e1rios fabris, motoristas de pesados.  Estudantes: Evitem filas em refeit\u00f3rios cheios.  \ufe0fViajantes: Comida quente em comboios, aeroportos ou roulottes.  Bateria de 16.000 mAh com USB-C: aque\u00e7a at\u00e9 3 refei\u00e7\u00f5es (40-60 min) e recarregue o telem\u00f3vel.  Tipo de bateria: Bateria Li (enviada com bateria incorporada)  Capacidade: 1000 ml  Pot\u00eancia: 60W  A lancheira \u00e9 composta por:   1 saco de transporte  1 al\u00e7a de ombro  1 lancheira el\u00e9trica  1 recipiente interna em a\u00e7o inoxid\u00e1vel  1 talher  1 cabo de dados USB    A veda\u00e7\u00e3o de silicone premium evita derrames nas mochilas. O interior em a\u00e7o inoxid\u00e1vel 304 de qualidade alimentar pode ser lavado na m\u00e1quina de lavar loi\u00e7a (livre de BPA).\" \/>\n<meta property=\"og:url\" content=\"https:\/\/curiosidadesedicas.com\/loja\/produto\/lancheira-eletrica-c-bateria-60w-lanmou\/\" \/>\n<meta property=\"og:site_name\" content=\"Curiosidades &amp; Dicas, Lda\" \/>\n<meta property=\"article:modified_time\" content=\"2025-09-19T14:34:38+00:00\" \/>\n<meta property=\"og:image\" content=\"https:\/\/curiosidadesedicas.com\/loja\/wp-content\/uploads\/2025\/09\/5.png\" \/>\n\t<meta property=\"og:image:width\" content=\"622\" \/>\n\t<meta property=\"og:image:height\" content=\"629\" \/>\n\t<meta property=\"og:image:type\" content=\"image\/png\" \/>\n<meta name=\"twitter:card\" content=\"summary_large_image\" \/>\n<meta name=\"twitter:label1\" content=\"Tempo estimado de leitura\" \/>\n\t<meta name=\"twitter:data1\" content=\"2 minutos\" \/>\n<script type=\"application\/ld+json\" class=\"yoast-schema-graph\">{\"@context\":\"https:\/\/schema.org\",\"@graph\":[{\"@type\":\"WebPage\",\"@id\":\"https:\/\/curiosidadesedicas.com\/loja\/produto\/lancheira-eletrica-c-bateria-60w-lanmou\/\",\"url\":\"https:\/\/curiosidadesedicas.com\/loja\/produto\/lancheira-eletrica-c-bateria-60w-lanmou\/\",\"name\":\"LANCHEIRA EL\u00c9TRICA C\/ BATERIA 60W LANMOU - Curiosidades &amp; Dicas, Lda\",\"isPartOf\":{\"@id\":\"https:\/\/curiosidadesedicas.com\/loja\/#website\"},\"primaryImageOfPage\":{\"@id\":\"https:\/\/curiosidadesedicas.com\/loja\/produto\/lancheira-eletrica-c-bateria-60w-lanmou\/#primaryimage\"},\"image\":{\"@id\":\"https:\/\/curiosidadesedicas.com\/loja\/produto\/lancheira-eletrica-c-bateria-60w-lanmou\/#primaryimage\"},\"thumbnailUrl\":\"https:\/\/curiosidadesedicas.com\/loja\/wp-content\/uploads\/2025\/09\/5.png\",\"datePublished\":\"2025-09-19T13:19:43+00:00\",\"dateModified\":\"2025-09-19T14:34:38+00:00\",\"breadcrumb\":{\"@id\":\"https:\/\/curiosidadesedicas.com\/loja\/produto\/lancheira-eletrica-c-bateria-60w-lanmou\/#breadcrumb\"},\"inLanguage\":\"pt-PT\",\"potentialAction\":[{\"@type\":\"ReadAction\",\"target\":[\"https:\/\/curiosidadesedicas.com\/loja\/produto\/lancheira-eletrica-c-bateria-60w-lanmou\/\"]}]},{\"@type\":\"ImageObject\",\"inLanguage\":\"pt-PT\",\"@id\":\"https:\/\/curiosidadesedicas.com\/loja\/produto\/lancheira-eletrica-c-bateria-60w-lanmou\/#primaryimage\",\"url\":\"https:\/\/curiosidadesedicas.com\/loja\/wp-content\/uploads\/2025\/09\/5.png\",\"contentUrl\":\"https:\/\/curiosidadesedicas.com\/loja\/wp-content\/uploads\/2025\/09\/5.png\",\"width\":622,\"height\":629},{\"@type\":\"BreadcrumbList\",\"@id\":\"https:\/\/curiosidadesedicas.com\/loja\/produto\/lancheira-eletrica-c-bateria-60w-lanmou\/#breadcrumb\",\"itemListElement\":[{\"@type\":\"ListItem\",\"position\":1,\"name\":\"In\u00edcio\",\"item\":\"https:\/\/curiosidadesedicas.com\/loja\/\"},{\"@type\":\"ListItem\",\"position\":2,\"name\":\"Produtos\",\"item\":\"https:\/\/curiosidadesedicas.com\/loja\/produtos\/\"},{\"@type\":\"ListItem\",\"position\":3,\"name\":\"LANCHEIRA EL\u00c9TRICA C\/ BATERIA 60W LANMOU\"}]},{\"@type\":\"WebSite\",\"@id\":\"https:\/\/curiosidadesedicas.com\/loja\/#website\",\"url\":\"https:\/\/curiosidadesedicas.com\/loja\/\",\"name\":\"Curiosidades &amp; Dicas, Lda\",\"description\":\"Apaixonados Por Inova\u00e7\u00e3o\",\"publisher\":{\"@id\":\"https:\/\/curiosidadesedicas.com\/loja\/#organization\"},\"potentialAction\":[{\"@type\":\"SearchAction\",\"target\":{\"@type\":\"EntryPoint\",\"urlTemplate\":\"https:\/\/curiosidadesedicas.com\/loja\/?s={search_term_string}\"},\"query-input\":{\"@type\":\"PropertyValueSpecification\",\"valueRequired\":true,\"valueName\":\"search_term_string\"}}],\"inLanguage\":\"pt-PT\"},{\"@type\":\"Organization\",\"@id\":\"https:\/\/curiosidadesedicas.com\/loja\/#organization\",\"name\":\"Curiosidades & Dicas\",\"url\":\"https:\/\/curiosidadesedicas.com\/loja\/\",\"logo\":{\"@type\":\"ImageObject\",\"inLanguage\":\"pt-PT\",\"@id\":\"https:\/\/curiosidadesedicas.com\/loja\/#\/schema\/logo\/image\/\",\"url\":\"https:\/\/curiosidadesedicas.com\/loja\/wp-content\/uploads\/2020\/05\/LogoCuriosidadesSimples.png\",\"contentUrl\":\"https:\/\/curiosidadesedicas.com\/loja\/wp-content\/uploads\/2020\/05\/LogoCuriosidadesSimples.png\",\"width\":3528,\"height\":804,\"caption\":\"Curiosidades & Dicas\"},\"image\":{\"@id\":\"https:\/\/curiosidadesedicas.com\/loja\/#\/schema\/logo\/image\/\"}}]}<\/script>\n<!-- \/ Yoast SEO plugin. -->","yoast_head_json":{"title":"LANCHEIRA EL\u00c9TRICA C\/ BATERIA 60W LANMOU - Curiosidades &amp; Dicas, Lda","robots":{"index":"index","follow":"follow","max-snippet":"max-snippet:-1","max-image-preview":"max-image-preview:large","max-video-preview":"max-video-preview:-1"},"canonical":"https:\/\/curiosidadesedicas.com\/loja\/produto\/lancheira-eletrica-c-bateria-60w-lanmou\/","og_locale":"pt_PT","og_type":"article","og_title":"LANCHEIRA EL\u00c9TRICA C\/ BATERIA 60W LANMOU - Curiosidades &amp; Dicas, Lda","og_description":"Uma lancheira el\u00e9trica com bateria de a\u00e7o inoxid\u00e1vel 304, antibacteriano e lav\u00e1vel na m\u00e1quina de lavar loi\u00e7a. Seguro para alimentos \u00e1cidos! Pot\u00eancia de 60W, aquecimento uniforme.  Controlo Inteligente de 6 temperaturas: dos iogurtes (65 \u00b0C) as carnes mo\u00eddas (90 \u00b0C). Programe o hor\u00e1rio de in\u00edcio com 4 horas de anteced\u00eancia.  Imagine saborear a sua refei\u00e7\u00e3o caseira e quentinha no escrit\u00f3rio, no comboio ou numa obra...sem micro-ondas ou tomadas. A nossa lancheira el\u00e9trica port\u00e1til transforma qualquer espa\u00e7o na sua sala de jantar pessoal.     Profissionais sem micro-ondas: Enfermeiros, oper\u00e1rios fabris, motoristas de pesados.  Estudantes: Evitem filas em refeit\u00f3rios cheios.  \ufe0fViajantes: Comida quente em comboios, aeroportos ou roulottes.  Bateria de 16.000 mAh com USB-C: aque\u00e7a at\u00e9 3 refei\u00e7\u00f5es (40-60 min) e recarregue o telem\u00f3vel.  Tipo de bateria: Bateria Li (enviada com bateria incorporada)  Capacidade: 1000 ml  Pot\u00eancia: 60W  A lancheira \u00e9 composta por:   1 saco de transporte  1 al\u00e7a de ombro  1 lancheira el\u00e9trica  1 recipiente interna em a\u00e7o inoxid\u00e1vel  1 talher  1 cabo de dados USB    A veda\u00e7\u00e3o de silicone premium evita derrames nas mochilas. O interior em a\u00e7o inoxid\u00e1vel 304 de qualidade alimentar pode ser lavado na m\u00e1quina de lavar loi\u00e7a (livre de BPA).","og_url":"https:\/\/curiosidadesedicas.com\/loja\/produto\/lancheira-eletrica-c-bateria-60w-lanmou\/","og_site_name":"Curiosidades &amp; Dicas, Lda","article_modified_time":"2025-09-19T14:34:38+00:00","og_image":[{"width":622,"height":629,"url":"https:\/\/curiosidadesedicas.com\/loja\/wp-content\/uploads\/2025\/09\/5.png","type":"image\/png"}],"twitter_card":"summary_large_image","twitter_misc":{"Tempo estimado de leitura":"2 minutos"},"schema":{"@context":"https:\/\/schema.org","@graph":[{"@type":"WebPage","@id":"https:\/\/curiosidadesedicas.com\/loja\/produto\/lancheira-eletrica-c-bateria-60w-lanmou\/","url":"https:\/\/curiosidadesedicas.com\/loja\/produto\/lancheira-eletrica-c-bateria-60w-lanmou\/","name":"LANCHEIRA EL\u00c9TRICA C\/ BATERIA 60W LANMOU - Curiosidades &amp; Dicas, Lda","isPartOf":{"@id":"https:\/\/curiosidadesedicas.com\/loja\/#website"},"primaryImageOfPage":{"@id":"https:\/\/curiosidadesedicas.com\/loja\/produto\/lancheira-eletrica-c-bateria-60w-lanmou\/#primaryimage"},"image":{"@id":"https:\/\/curiosidadesedicas.com\/loja\/produto\/lancheira-eletrica-c-bateria-60w-lanmou\/#primaryimage"},"thumbnailUrl":"https:\/\/curiosidadesedicas.com\/loja\/wp-content\/uploads\/2025\/09\/5.png","datePublished":"2025-09-19T13:19:43+00:00","dateModified":"2025-09-19T14:34:38+00:00","breadcrumb":{"@id":"https:\/\/curiosidadesedicas.com\/loja\/produto\/lancheira-eletrica-c-bateria-60w-lanmou\/#breadcrumb"},"inLanguage":"pt-PT","potentialAction":[{"@type":"ReadAction","target":["https:\/\/curiosidadesedicas.com\/loja\/produto\/lancheira-eletrica-c-bateria-60w-lanmou\/"]}]},{"@type":"ImageObject","inLanguage":"pt-PT","@id":"https:\/\/curiosidadesedicas.com\/loja\/produto\/lancheira-eletrica-c-bateria-60w-lanmou\/#primaryimage","url":"https:\/\/curiosidadesedicas.com\/loja\/wp-content\/uploads\/2025\/09\/5.png","contentUrl":"https:\/\/curiosidadesedicas.com\/loja\/wp-content\/uploads\/2025\/09\/5.png","width":622,"height":629},{"@type":"BreadcrumbList","@id":"https:\/\/curiosidadesedicas.com\/loja\/produto\/lancheira-eletrica-c-bateria-60w-lanmou\/#breadcrumb","itemListElement":[{"@type":"ListItem","position":1,"name":"In\u00edcio","item":"https:\/\/curiosidadesedicas.com\/loja\/"},{"@type":"ListItem","position":2,"name":"Produtos","item":"https:\/\/curiosidadesedicas.com\/loja\/produtos\/"},{"@type":"ListItem","position":3,"name":"LANCHEIRA EL\u00c9TRICA C\/ BATERIA 60W LANMOU"}]},{"@type":"WebSite","@id":"https:\/\/curiosidadesedicas.com\/loja\/#website","url":"https:\/\/curiosidadesedicas.com\/loja\/","name":"Curiosidades &amp; Dicas, Lda","description":"Apaixonados Por Inova\u00e7\u00e3o","publisher":{"@id":"https:\/\/curiosidadesedicas.com\/loja\/#organization"},"potentialAction":[{"@type":"SearchAction","target":{"@type":"EntryPoint","urlTemplate":"https:\/\/curiosidadesedicas.com\/loja\/?s={search_term_string}"},"query-input":{"@type":"PropertyValueSpecification","valueRequired":true,"valueName":"search_term_string"}}],"inLanguage":"pt-PT"},{"@type":"Organization","@id":"https:\/\/curiosidadesedicas.com\/loja\/#organization","name":"Curiosidades & Dicas","url":"https:\/\/curiosidadesedicas.com\/loja\/","logo":{"@type":"ImageObject","inLanguage":"pt-PT","@id":"https:\/\/curiosidadesedicas.com\/loja\/#\/schema\/logo\/image\/","url":"https:\/\/curiosidadesedicas.com\/loja\/wp-content\/uploads\/2020\/05\/LogoCuriosidadesSimples.png","contentUrl":"https:\/\/curiosidadesedicas.com\/loja\/wp-content\/uploads\/2020\/05\/LogoCuriosidadesSimples.png","width":3528,"height":804,"caption":"Curiosidades & Dicas"},"image":{"@id":"https:\/\/curiosidadesedicas.com\/loja\/#\/schema\/logo\/image\/"}}]}},"_links":{"self":[{"href":"https:\/\/curiosidadesedicas.com\/loja\/wp-json\/wp\/v2\/product\/34730","targetHints":{"allow":["GET"]}}],"collection":[{"href":"https:\/\/curiosidadesedicas.com\/loja\/wp-json\/wp\/v2\/product"}],"about":[{"href":"https:\/\/curiosidadesedicas.com\/loja\/wp-json\/wp\/v2\/types\/product"}],"replies":[{"embeddable":true,"href":"https:\/\/curiosidadesedicas.com\/loja\/wp-json\/wp\/v2\/comments?post=34730"}],"wp:featuredmedia":[{"embeddable":true,"href":"https:\/\/curiosidadesedicas.com\/loja\/wp-json\/wp\/v2\/media\/34733"}],"wp:attachment":[{"href":"https:\/\/curiosidadesedicas.com\/loja\/wp-json\/wp\/v2\/media?parent=34730"}],"wp:term":[{"taxonomy":"product_brand","embeddable":true,"href":"https:\/\/curiosidadesedicas.com\/loja\/wp-json\/wp\/v2\/product_brand?post=34730"},{"taxonomy":"product_cat","embeddable":true,"href":"https:\/\/curiosidadesedicas.com\/loja\/wp-json\/wp\/v2\/product_cat?post=34730"},{"taxonomy":"product_tag","embeddable":true,"href":"https:\/\/curiosidadesedicas.com\/loja\/wp-json\/wp\/v2\/product_tag?post=34730"}],"curies":[{"name":"wp","href":"https:\/\/api.w.org\/{rel}","templated":true}]}}