{"id":30714,"date":"2023-10-06T14:01:30","date_gmt":"2023-10-06T14:01:30","guid":{"rendered":"https:\/\/curiosidadesedicas.com\/loja\/?post_type=product&#038;p=30714"},"modified":"2025-03-12T09:06:45","modified_gmt":"2025-03-12T09:06:45","slug":"joelheira-de-gel-c-efeito-frio-e-calor","status":"publish","type":"product","link":"https:\/\/curiosidadesedicas.com\/loja\/produto\/joelheira-de-gel-c-efeito-frio-e-calor\/","title":{"rendered":"JOELHEIRA DE GEL C\/ EFEITO FRIO E CALOR"},"content":{"rendered":"<p>Muito eficaz para aliviar as dores cr\u00f3nicas ou provocadas por les\u00f5es e pancadas, gra\u00e7as ao seu efeito frio\/calor. Ideal para pessoas que praticam desporto ou que est\u00e3o em repouso devido a dores ou tratamentos.<\/p>\n<p><img decoding=\"async\" src=\"https:\/\/curiosidadesedicas.com\/loja\/wp-content\/uploads\/2023\/10\/joelheira-de-gel-com-efeito-frio-e-calor-innovagoods_70309-2.jpg\" \/><\/p>\n<p>&nbsp;<\/p>\n","protected":false},"excerpt":{"rendered":"<p>Muito eficaz para aliviar as dores cr\u00f3nicas ou provocadas por les\u00f5es e pancadas, gra\u00e7as ao seu efeito frio\/calor. Ideal para pessoas que praticam desporto ou que est\u00e3o em repouso devido a dores ou tratamentos.<\/p>\n<ul>\n<li>Material:\n<ul>\n<li>Neopreno<\/li>\n<li>Elastano<\/li>\n<li>Nylon<\/li>\n<\/ul>\n<\/li>\n<li>Cor: Cinzento<\/li>\n<li>Design inovador e funcional: Ergon\u00f3mico<\/li>\n<li>Tipo:\n<ul>\n<li>Suporte de Joelho<\/li>\n<li>Efeito frio e calor<\/li>\n<\/ul>\n<\/li>\n<li>Bolsa de gel separada amov\u00edvel:\n<ul>\n<li>Apto para micro-ondas<\/li>\n<li>Aptos para o frigor\u00edfico e congelador<\/li>\n<\/ul>\n<\/li>\n<li>Caracter\u00edsticas: Transpir\u00e1vel<\/li>\n<li>Propriedades: Antibacteriano<\/li>\n<li>Ajust\u00e1vel: Fecho com velcro<\/li>\n<li>El\u00e1stico, flex\u00edvel e adapt\u00e1vel: Apoio est\u00e1vel<\/li>\n<li>Resistente e duradouro: Materiais de qualidade<\/li>\n<li>F\u00e1cil de utilizar: Utiliza\u00e7\u00e3o c\u00f3moda e simples<\/li>\n<li>Multifun\u00e7\u00e3o: Diversas utiliza\u00e7\u00f5es e espa\u00e7os<\/li>\n<li>Efeitos ben\u00e9ficos:\n<ul>\n<li>Adequada para fins desportivos e de reabilita\u00e7\u00e3o<\/li>\n<li>Al\u00edvio, descanso, relaxamento e bem-estar<\/li>\n<\/ul>\n<\/li>\n<li>F\u00e1cil limpeza: Lavar \u00e0 m\u00e3o<\/li>\n<li>Leve e male\u00e1vel: F\u00e1cil de transportar e de guardar<\/li>\n<li>Medidas aprox.: 75 x 24 cm<\/li>\n<\/ul>\n","protected":false},"featured_media":30721,"comment_status":"open","ping_status":"closed","template":"","meta":{"_glsr_average":0,"_glsr_ranking":0,"_glsr_reviews":0},"product_brand":[],"product_cat":[357,359,358],"product_tag":[],"class_list":{"0":"post-30714","1":"product","2":"type-product","3":"status-publish","4":"has-post-thumbnail","6":"product_cat-bem-estar","7":"product_cat-relax","8":"product_cat-saude-e-higiene","10":"first","11":"instock","12":"taxable","13":"shipping-taxable","14":"purchasable","15":"product-type-simple"},"yoast_head":"<!-- This site is optimized with the Yoast SEO plugin v26.8 - https:\/\/yoast.com\/product\/yoast-seo-wordpress\/ -->\n<title>JOELHEIRA DE GEL C\/ EFEITO FRIO E CALOR - Curiosidades &amp; Dicas, Lda<\/title>\n<meta name=\"robots\" content=\"index, follow, max-snippet:-1, max-image-preview:large, max-video-preview:-1\" \/>\n<link rel=\"canonical\" href=\"https:\/\/curiosidadesedicas.com\/loja\/produto\/joelheira-de-gel-c-efeito-frio-e-calor\/\" \/>\n<meta property=\"og:locale\" content=\"pt_PT\" \/>\n<meta property=\"og:type\" content=\"article\" \/>\n<meta property=\"og:title\" content=\"JOELHEIRA DE GEL C\/ EFEITO FRIO E CALOR - Curiosidades &amp; Dicas, Lda\" \/>\n<meta property=\"og:description\" content=\"Muito eficaz para aliviar as dores cr\u00f3nicas ou provocadas por les\u00f5es e pancadas, gra\u00e7as ao seu efeito frio\/calor. Ideal para pessoas que praticam desporto ou que est\u00e3o em repouso devido a dores ou tratamentos.   Material:   Neopreno  Elastano  Nylon    Cor: Cinzento  Design inovador e funcional: Ergon\u00f3mico  Tipo:   Suporte de Joelho  Efeito frio e calor    Bolsa de gel separada amov\u00edvel:   Apto para micro-ondas  Aptos para o frigor\u00edfico e congelador    Caracter\u00edsticas: Transpir\u00e1vel  Propriedades: Antibacteriano  Ajust\u00e1vel: Fecho com velcro  El\u00e1stico, flex\u00edvel e adapt\u00e1vel: Apoio est\u00e1vel  Resistente e duradouro: Materiais de qualidade  F\u00e1cil de utilizar: Utiliza\u00e7\u00e3o c\u00f3moda e simples  Multifun\u00e7\u00e3o: Diversas utiliza\u00e7\u00f5es e espa\u00e7os  Efeitos ben\u00e9ficos:   Adequada para fins desportivos e de reabilita\u00e7\u00e3o  Al\u00edvio, descanso, relaxamento e bem-estar    F\u00e1cil limpeza: Lavar \u00e0 m\u00e3o  Leve e male\u00e1vel: F\u00e1cil de transportar e de guardar  Medidas aprox.: 75 x 24 cm\" \/>\n<meta property=\"og:url\" content=\"https:\/\/curiosidadesedicas.com\/loja\/produto\/joelheira-de-gel-c-efeito-frio-e-calor\/\" \/>\n<meta property=\"og:site_name\" content=\"Curiosidades &amp; Dicas, Lda\" \/>\n<meta property=\"article:modified_time\" content=\"2025-03-12T09:06:45+00:00\" \/>\n<meta property=\"og:image\" content=\"https:\/\/curiosidadesedicas.com\/loja\/wp-content\/uploads\/2023\/10\/joelheira-de-gel-com-efeito-frio-e-calor-innovagoods_70309.jpg\" \/>\n\t<meta property=\"og:image:width\" content=\"600\" \/>\n\t<meta property=\"og:image:height\" content=\"600\" \/>\n\t<meta property=\"og:image:type\" content=\"image\/jpeg\" \/>\n<meta name=\"twitter:card\" content=\"summary_large_image\" \/>\n<meta name=\"twitter:label1\" content=\"Tempo estimado de leitura\" \/>\n\t<meta name=\"twitter:data1\" content=\"1 minuto\" \/>\n<script type=\"application\/ld+json\" class=\"yoast-schema-graph\">{\"@context\":\"https:\/\/schema.org\",\"@graph\":[{\"@type\":\"WebPage\",\"@id\":\"https:\/\/curiosidadesedicas.com\/loja\/produto\/joelheira-de-gel-c-efeito-frio-e-calor\/\",\"url\":\"https:\/\/curiosidadesedicas.com\/loja\/produto\/joelheira-de-gel-c-efeito-frio-e-calor\/\",\"name\":\"JOELHEIRA DE GEL C\/ EFEITO FRIO E CALOR - Curiosidades &amp; Dicas, Lda\",\"isPartOf\":{\"@id\":\"https:\/\/curiosidadesedicas.com\/loja\/#website\"},\"primaryImageOfPage\":{\"@id\":\"https:\/\/curiosidadesedicas.com\/loja\/produto\/joelheira-de-gel-c-efeito-frio-e-calor\/#primaryimage\"},\"image\":{\"@id\":\"https:\/\/curiosidadesedicas.com\/loja\/produto\/joelheira-de-gel-c-efeito-frio-e-calor\/#primaryimage\"},\"thumbnailUrl\":\"https:\/\/curiosidadesedicas.com\/loja\/wp-content\/uploads\/2023\/10\/joelheira-de-gel-com-efeito-frio-e-calor-innovagoods_70309.jpg\",\"datePublished\":\"2023-10-06T14:01:30+00:00\",\"dateModified\":\"2025-03-12T09:06:45+00:00\",\"breadcrumb\":{\"@id\":\"https:\/\/curiosidadesedicas.com\/loja\/produto\/joelheira-de-gel-c-efeito-frio-e-calor\/#breadcrumb\"},\"inLanguage\":\"pt-PT\",\"potentialAction\":[{\"@type\":\"ReadAction\",\"target\":[\"https:\/\/curiosidadesedicas.com\/loja\/produto\/joelheira-de-gel-c-efeito-frio-e-calor\/\"]}]},{\"@type\":\"ImageObject\",\"inLanguage\":\"pt-PT\",\"@id\":\"https:\/\/curiosidadesedicas.com\/loja\/produto\/joelheira-de-gel-c-efeito-frio-e-calor\/#primaryimage\",\"url\":\"https:\/\/curiosidadesedicas.com\/loja\/wp-content\/uploads\/2023\/10\/joelheira-de-gel-com-efeito-frio-e-calor-innovagoods_70309.jpg\",\"contentUrl\":\"https:\/\/curiosidadesedicas.com\/loja\/wp-content\/uploads\/2023\/10\/joelheira-de-gel-com-efeito-frio-e-calor-innovagoods_70309.jpg\",\"width\":600,\"height\":600},{\"@type\":\"BreadcrumbList\",\"@id\":\"https:\/\/curiosidadesedicas.com\/loja\/produto\/joelheira-de-gel-c-efeito-frio-e-calor\/#breadcrumb\",\"itemListElement\":[{\"@type\":\"ListItem\",\"position\":1,\"name\":\"In\u00edcio\",\"item\":\"https:\/\/curiosidadesedicas.com\/loja\/\"},{\"@type\":\"ListItem\",\"position\":2,\"name\":\"Produtos\",\"item\":\"https:\/\/curiosidadesedicas.com\/loja\/produtos\/\"},{\"@type\":\"ListItem\",\"position\":3,\"name\":\"JOELHEIRA DE GEL C\/ EFEITO FRIO E CALOR\"}]},{\"@type\":\"WebSite\",\"@id\":\"https:\/\/curiosidadesedicas.com\/loja\/#website\",\"url\":\"https:\/\/curiosidadesedicas.com\/loja\/\",\"name\":\"Curiosidades &amp; Dicas, Lda\",\"description\":\"Apaixonados Por Inova\u00e7\u00e3o\",\"publisher\":{\"@id\":\"https:\/\/curiosidadesedicas.com\/loja\/#organization\"},\"potentialAction\":[{\"@type\":\"SearchAction\",\"target\":{\"@type\":\"EntryPoint\",\"urlTemplate\":\"https:\/\/curiosidadesedicas.com\/loja\/?s={search_term_string}\"},\"query-input\":{\"@type\":\"PropertyValueSpecification\",\"valueRequired\":true,\"valueName\":\"search_term_string\"}}],\"inLanguage\":\"pt-PT\"},{\"@type\":\"Organization\",\"@id\":\"https:\/\/curiosidadesedicas.com\/loja\/#organization\",\"name\":\"Curiosidades & Dicas\",\"url\":\"https:\/\/curiosidadesedicas.com\/loja\/\",\"logo\":{\"@type\":\"ImageObject\",\"inLanguage\":\"pt-PT\",\"@id\":\"https:\/\/curiosidadesedicas.com\/loja\/#\/schema\/logo\/image\/\",\"url\":\"https:\/\/curiosidadesedicas.com\/loja\/wp-content\/uploads\/2020\/05\/LogoCuriosidadesSimples.png\",\"contentUrl\":\"https:\/\/curiosidadesedicas.com\/loja\/wp-content\/uploads\/2020\/05\/LogoCuriosidadesSimples.png\",\"width\":3528,\"height\":804,\"caption\":\"Curiosidades & Dicas\"},\"image\":{\"@id\":\"https:\/\/curiosidadesedicas.com\/loja\/#\/schema\/logo\/image\/\"}}]}<\/script>\n<!-- \/ Yoast SEO plugin. -->","yoast_head_json":{"title":"JOELHEIRA DE GEL C\/ EFEITO FRIO E CALOR - Curiosidades &amp; Dicas, Lda","robots":{"index":"index","follow":"follow","max-snippet":"max-snippet:-1","max-image-preview":"max-image-preview:large","max-video-preview":"max-video-preview:-1"},"canonical":"https:\/\/curiosidadesedicas.com\/loja\/produto\/joelheira-de-gel-c-efeito-frio-e-calor\/","og_locale":"pt_PT","og_type":"article","og_title":"JOELHEIRA DE GEL C\/ EFEITO FRIO E CALOR - Curiosidades &amp; Dicas, Lda","og_description":"Muito eficaz para aliviar as dores cr\u00f3nicas ou provocadas por les\u00f5es e pancadas, gra\u00e7as ao seu efeito frio\/calor. Ideal para pessoas que praticam desporto ou que est\u00e3o em repouso devido a dores ou tratamentos.   Material:   Neopreno  Elastano  Nylon    Cor: Cinzento  Design inovador e funcional: Ergon\u00f3mico  Tipo:   Suporte de Joelho  Efeito frio e calor    Bolsa de gel separada amov\u00edvel:   Apto para micro-ondas  Aptos para o frigor\u00edfico e congelador    Caracter\u00edsticas: Transpir\u00e1vel  Propriedades: Antibacteriano  Ajust\u00e1vel: Fecho com velcro  El\u00e1stico, flex\u00edvel e adapt\u00e1vel: Apoio est\u00e1vel  Resistente e duradouro: Materiais de qualidade  F\u00e1cil de utilizar: Utiliza\u00e7\u00e3o c\u00f3moda e simples  Multifun\u00e7\u00e3o: Diversas utiliza\u00e7\u00f5es e espa\u00e7os  Efeitos ben\u00e9ficos:   Adequada para fins desportivos e de reabilita\u00e7\u00e3o  Al\u00edvio, descanso, relaxamento e bem-estar    F\u00e1cil limpeza: Lavar \u00e0 m\u00e3o  Leve e male\u00e1vel: F\u00e1cil de transportar e de guardar  Medidas aprox.: 75 x 24 cm","og_url":"https:\/\/curiosidadesedicas.com\/loja\/produto\/joelheira-de-gel-c-efeito-frio-e-calor\/","og_site_name":"Curiosidades &amp; Dicas, Lda","article_modified_time":"2025-03-12T09:06:45+00:00","og_image":[{"width":600,"height":600,"url":"https:\/\/curiosidadesedicas.com\/loja\/wp-content\/uploads\/2023\/10\/joelheira-de-gel-com-efeito-frio-e-calor-innovagoods_70309.jpg","type":"image\/jpeg"}],"twitter_card":"summary_large_image","twitter_misc":{"Tempo estimado de leitura":"1 minuto"},"schema":{"@context":"https:\/\/schema.org","@graph":[{"@type":"WebPage","@id":"https:\/\/curiosidadesedicas.com\/loja\/produto\/joelheira-de-gel-c-efeito-frio-e-calor\/","url":"https:\/\/curiosidadesedicas.com\/loja\/produto\/joelheira-de-gel-c-efeito-frio-e-calor\/","name":"JOELHEIRA DE GEL C\/ EFEITO FRIO E CALOR - Curiosidades &amp; Dicas, Lda","isPartOf":{"@id":"https:\/\/curiosidadesedicas.com\/loja\/#website"},"primaryImageOfPage":{"@id":"https:\/\/curiosidadesedicas.com\/loja\/produto\/joelheira-de-gel-c-efeito-frio-e-calor\/#primaryimage"},"image":{"@id":"https:\/\/curiosidadesedicas.com\/loja\/produto\/joelheira-de-gel-c-efeito-frio-e-calor\/#primaryimage"},"thumbnailUrl":"https:\/\/curiosidadesedicas.com\/loja\/wp-content\/uploads\/2023\/10\/joelheira-de-gel-com-efeito-frio-e-calor-innovagoods_70309.jpg","datePublished":"2023-10-06T14:01:30+00:00","dateModified":"2025-03-12T09:06:45+00:00","breadcrumb":{"@id":"https:\/\/curiosidadesedicas.com\/loja\/produto\/joelheira-de-gel-c-efeito-frio-e-calor\/#breadcrumb"},"inLanguage":"pt-PT","potentialAction":[{"@type":"ReadAction","target":["https:\/\/curiosidadesedicas.com\/loja\/produto\/joelheira-de-gel-c-efeito-frio-e-calor\/"]}]},{"@type":"ImageObject","inLanguage":"pt-PT","@id":"https:\/\/curiosidadesedicas.com\/loja\/produto\/joelheira-de-gel-c-efeito-frio-e-calor\/#primaryimage","url":"https:\/\/curiosidadesedicas.com\/loja\/wp-content\/uploads\/2023\/10\/joelheira-de-gel-com-efeito-frio-e-calor-innovagoods_70309.jpg","contentUrl":"https:\/\/curiosidadesedicas.com\/loja\/wp-content\/uploads\/2023\/10\/joelheira-de-gel-com-efeito-frio-e-calor-innovagoods_70309.jpg","width":600,"height":600},{"@type":"BreadcrumbList","@id":"https:\/\/curiosidadesedicas.com\/loja\/produto\/joelheira-de-gel-c-efeito-frio-e-calor\/#breadcrumb","itemListElement":[{"@type":"ListItem","position":1,"name":"In\u00edcio","item":"https:\/\/curiosidadesedicas.com\/loja\/"},{"@type":"ListItem","position":2,"name":"Produtos","item":"https:\/\/curiosidadesedicas.com\/loja\/produtos\/"},{"@type":"ListItem","position":3,"name":"JOELHEIRA DE GEL C\/ EFEITO FRIO E CALOR"}]},{"@type":"WebSite","@id":"https:\/\/curiosidadesedicas.com\/loja\/#website","url":"https:\/\/curiosidadesedicas.com\/loja\/","name":"Curiosidades &amp; Dicas, Lda","description":"Apaixonados Por Inova\u00e7\u00e3o","publisher":{"@id":"https:\/\/curiosidadesedicas.com\/loja\/#organization"},"potentialAction":[{"@type":"SearchAction","target":{"@type":"EntryPoint","urlTemplate":"https:\/\/curiosidadesedicas.com\/loja\/?s={search_term_string}"},"query-input":{"@type":"PropertyValueSpecification","valueRequired":true,"valueName":"search_term_string"}}],"inLanguage":"pt-PT"},{"@type":"Organization","@id":"https:\/\/curiosidadesedicas.com\/loja\/#organization","name":"Curiosidades & Dicas","url":"https:\/\/curiosidadesedicas.com\/loja\/","logo":{"@type":"ImageObject","inLanguage":"pt-PT","@id":"https:\/\/curiosidadesedicas.com\/loja\/#\/schema\/logo\/image\/","url":"https:\/\/curiosidadesedicas.com\/loja\/wp-content\/uploads\/2020\/05\/LogoCuriosidadesSimples.png","contentUrl":"https:\/\/curiosidadesedicas.com\/loja\/wp-content\/uploads\/2020\/05\/LogoCuriosidadesSimples.png","width":3528,"height":804,"caption":"Curiosidades & Dicas"},"image":{"@id":"https:\/\/curiosidadesedicas.com\/loja\/#\/schema\/logo\/image\/"}}]}},"_links":{"self":[{"href":"https:\/\/curiosidadesedicas.com\/loja\/wp-json\/wp\/v2\/product\/30714","targetHints":{"allow":["GET"]}}],"collection":[{"href":"https:\/\/curiosidadesedicas.com\/loja\/wp-json\/wp\/v2\/product"}],"about":[{"href":"https:\/\/curiosidadesedicas.com\/loja\/wp-json\/wp\/v2\/types\/product"}],"replies":[{"embeddable":true,"href":"https:\/\/curiosidadesedicas.com\/loja\/wp-json\/wp\/v2\/comments?post=30714"}],"wp:featuredmedia":[{"embeddable":true,"href":"https:\/\/curiosidadesedicas.com\/loja\/wp-json\/wp\/v2\/media\/30721"}],"wp:attachment":[{"href":"https:\/\/curiosidadesedicas.com\/loja\/wp-json\/wp\/v2\/media?parent=30714"}],"wp:term":[{"taxonomy":"product_brand","embeddable":true,"href":"https:\/\/curiosidadesedicas.com\/loja\/wp-json\/wp\/v2\/product_brand?post=30714"},{"taxonomy":"product_cat","embeddable":true,"href":"https:\/\/curiosidadesedicas.com\/loja\/wp-json\/wp\/v2\/product_cat?post=30714"},{"taxonomy":"product_tag","embeddable":true,"href":"https:\/\/curiosidadesedicas.com\/loja\/wp-json\/wp\/v2\/product_tag?post=30714"}],"curies":[{"name":"wp","href":"https:\/\/api.w.org\/{rel}","templated":true}]}}