{"id":29632,"date":"2023-03-29T12:25:49","date_gmt":"2023-03-29T12:25:49","guid":{"rendered":"https:\/\/curiosidadesedicas.com\/loja\/?post_type=product&#038;p=29632"},"modified":"2023-04-19T10:23:36","modified_gmt":"2023-04-19T10:23:36","slug":"mosquiteira-p-porta-c-fecho-magnetico-120-x-240cm","status":"publish","type":"product","link":"https:\/\/curiosidadesedicas.com\/loja\/produto\/mosquiteira-p-porta-c-fecho-magnetico-120-x-240cm\/","title":{"rendered":"MOSQUITEIRA P\/ PORTA C\/ FECHO MAGN\u00c9TICO 120 x 240CM"},"content":{"rendered":"<p class=\"small_desc\">Uma <strong>cortina anti-insetos<\/strong> perfeita para proteger a casa dos inc\u00f3modos insetos. Um m\u00e9todo simples e eficaz para evitar a presen\u00e7a dos insetos\u00a0com portas e janelas abertas, j\u00e1 que funciona como barreira protetora que impede a entrada em casa\u00a0de moscas, mosquitos, abelhas, etc.<\/p>\n<p><iframe loading=\"lazy\" title=\"As melhores mosquiteiras ANTI-INSETO do mercado\" width=\"780\" height=\"439\" src=\"https:\/\/www.youtube.com\/embed\/sEc8nqZGepY?feature=oembed&#038;enablejsapi=1&#038;origin=https:\/\/curiosidadesedicas.com\" frameborder=\"0\" allow=\"accelerometer; autoplay; clipboard-write; encrypted-media; gyroscope; picture-in-picture; web-share\" allowfullscreen><\/iframe><\/p>\n","protected":false},"excerpt":{"rendered":"<div id=\"shop-desc\" class=\"tab-pane active\">\n<div class=\"product-description\">\n<ul>\n<li>Mosquiteira em cortina magn\u00e9tica antracite 120 x 240cm<\/li>\n<li>Design moderno e pr\u00e1tico<\/li>\n<li>Kit completo para instalar de maneira f\u00e1cil e r\u00e1pida sem necessidade de usar um berbequim<\/li>\n<li>Sistema de fecho: 2 l\u00e2minas fecham automaticamente ao passar<\/li>\n<li>L\u00e2minas antracite para melhor transpar\u00eancia<\/li>\n<li>Cortina com fitas magn\u00e9ticas continuas desde cima ate baixo sem deixar nenhum espa\u00e7o para passarem os insetos.<\/li>\n<\/ul>\n<p>&nbsp;<\/p>\n<p>Caso pretenda um modelo menor pode verificar <strong><a href=\"https:\/\/curiosidadesedicas.com\/loja\/produto\/mosquiteira-p-porta-c-fecho-magnetico-100-x-209cm\/\" target=\"_blank\" rel=\"noopener\">aqui<\/a><\/strong><\/p>\n<\/div>\n<\/div>\n","protected":false},"featured_media":29636,"comment_status":"open","ping_status":"closed","template":"","meta":{"_glsr_average":0,"_glsr_ranking":0,"_glsr_reviews":0},"product_brand":[],"product_cat":[387,389],"product_tag":[],"class_list":{"0":"post-29632","1":"product","2":"type-product","3":"status-publish","4":"has-post-thumbnail","6":"product_cat-anti-insetos","7":"product_cat-naturais","9":"first","10":"instock","11":"taxable","12":"shipping-taxable","13":"purchasable","14":"product-type-simple"},"yoast_head":"<!-- This site is optimized with the Yoast SEO plugin v26.8 - https:\/\/yoast.com\/product\/yoast-seo-wordpress\/ -->\n<title>MOSQUITEIRA P\/ PORTA C\/ FECHO MAGN\u00c9TICO 120 x 240CM - Curiosidades &amp; Dicas, Lda<\/title>\n<meta name=\"robots\" content=\"index, follow, max-snippet:-1, max-image-preview:large, max-video-preview:-1\" \/>\n<link rel=\"canonical\" href=\"https:\/\/curiosidadesedicas.com\/loja\/produto\/mosquiteira-p-porta-c-fecho-magnetico-120-x-240cm\/\" \/>\n<meta property=\"og:locale\" content=\"pt_PT\" \/>\n<meta property=\"og:type\" content=\"article\" \/>\n<meta property=\"og:title\" content=\"MOSQUITEIRA P\/ PORTA C\/ FECHO MAGN\u00c9TICO 120 x 240CM - Curiosidades &amp; Dicas, Lda\" \/>\n<meta property=\"og:description\" content=\"Mosquiteira em cortina magn\u00e9tica antracite 120 x 240cm  Design moderno e pr\u00e1tico  Kit completo para instalar de maneira f\u00e1cil e r\u00e1pida sem necessidade de usar um berbequim  Sistema de fecho: 2 l\u00e2minas fecham automaticamente ao passar  L\u00e2minas antracite para melhor transpar\u00eancia  Cortina com fitas magn\u00e9ticas continuas desde cima ate baixo sem deixar nenhum espa\u00e7o para passarem os insetos.  &nbsp;  Caso pretenda um modelo menor pode verificar aqui\" \/>\n<meta property=\"og:url\" content=\"https:\/\/curiosidadesedicas.com\/loja\/produto\/mosquiteira-p-porta-c-fecho-magnetico-120-x-240cm\/\" \/>\n<meta property=\"og:site_name\" content=\"Curiosidades &amp; Dicas, Lda\" \/>\n<meta property=\"article:modified_time\" content=\"2023-04-19T10:23:36+00:00\" \/>\n<meta property=\"og:image\" content=\"https:\/\/curiosidadesedicas.com\/loja\/wp-content\/uploads\/2023\/03\/75889.jpg\" \/>\n\t<meta property=\"og:image:width\" content=\"1000\" \/>\n\t<meta property=\"og:image:height\" content=\"1000\" \/>\n\t<meta property=\"og:image:type\" content=\"image\/jpeg\" \/>\n<meta name=\"twitter:card\" content=\"summary_large_image\" \/>\n<script type=\"application\/ld+json\" class=\"yoast-schema-graph\">{\"@context\":\"https:\/\/schema.org\",\"@graph\":[{\"@type\":\"WebPage\",\"@id\":\"https:\/\/curiosidadesedicas.com\/loja\/produto\/mosquiteira-p-porta-c-fecho-magnetico-120-x-240cm\/\",\"url\":\"https:\/\/curiosidadesedicas.com\/loja\/produto\/mosquiteira-p-porta-c-fecho-magnetico-120-x-240cm\/\",\"name\":\"MOSQUITEIRA P\/ PORTA C\/ FECHO MAGN\u00c9TICO 120 x 240CM - Curiosidades &amp; Dicas, Lda\",\"isPartOf\":{\"@id\":\"https:\/\/curiosidadesedicas.com\/loja\/#website\"},\"primaryImageOfPage\":{\"@id\":\"https:\/\/curiosidadesedicas.com\/loja\/produto\/mosquiteira-p-porta-c-fecho-magnetico-120-x-240cm\/#primaryimage\"},\"image\":{\"@id\":\"https:\/\/curiosidadesedicas.com\/loja\/produto\/mosquiteira-p-porta-c-fecho-magnetico-120-x-240cm\/#primaryimage\"},\"thumbnailUrl\":\"https:\/\/curiosidadesedicas.com\/loja\/wp-content\/uploads\/2023\/03\/75889.jpg\",\"datePublished\":\"2023-03-29T12:25:49+00:00\",\"dateModified\":\"2023-04-19T10:23:36+00:00\",\"breadcrumb\":{\"@id\":\"https:\/\/curiosidadesedicas.com\/loja\/produto\/mosquiteira-p-porta-c-fecho-magnetico-120-x-240cm\/#breadcrumb\"},\"inLanguage\":\"pt-PT\",\"potentialAction\":[{\"@type\":\"ReadAction\",\"target\":[\"https:\/\/curiosidadesedicas.com\/loja\/produto\/mosquiteira-p-porta-c-fecho-magnetico-120-x-240cm\/\"]}]},{\"@type\":\"ImageObject\",\"inLanguage\":\"pt-PT\",\"@id\":\"https:\/\/curiosidadesedicas.com\/loja\/produto\/mosquiteira-p-porta-c-fecho-magnetico-120-x-240cm\/#primaryimage\",\"url\":\"https:\/\/curiosidadesedicas.com\/loja\/wp-content\/uploads\/2023\/03\/75889.jpg\",\"contentUrl\":\"https:\/\/curiosidadesedicas.com\/loja\/wp-content\/uploads\/2023\/03\/75889.jpg\",\"width\":1000,\"height\":1000},{\"@type\":\"BreadcrumbList\",\"@id\":\"https:\/\/curiosidadesedicas.com\/loja\/produto\/mosquiteira-p-porta-c-fecho-magnetico-120-x-240cm\/#breadcrumb\",\"itemListElement\":[{\"@type\":\"ListItem\",\"position\":1,\"name\":\"In\u00edcio\",\"item\":\"https:\/\/curiosidadesedicas.com\/loja\/\"},{\"@type\":\"ListItem\",\"position\":2,\"name\":\"Produtos\",\"item\":\"https:\/\/curiosidadesedicas.com\/loja\/produtos\/\"},{\"@type\":\"ListItem\",\"position\":3,\"name\":\"MOSQUITEIRA P\/ PORTA C\/ FECHO MAGN\u00c9TICO 120 x 240CM\"}]},{\"@type\":\"WebSite\",\"@id\":\"https:\/\/curiosidadesedicas.com\/loja\/#website\",\"url\":\"https:\/\/curiosidadesedicas.com\/loja\/\",\"name\":\"Curiosidades &amp; Dicas, Lda\",\"description\":\"Apaixonados Por Inova\u00e7\u00e3o\",\"publisher\":{\"@id\":\"https:\/\/curiosidadesedicas.com\/loja\/#organization\"},\"potentialAction\":[{\"@type\":\"SearchAction\",\"target\":{\"@type\":\"EntryPoint\",\"urlTemplate\":\"https:\/\/curiosidadesedicas.com\/loja\/?s={search_term_string}\"},\"query-input\":{\"@type\":\"PropertyValueSpecification\",\"valueRequired\":true,\"valueName\":\"search_term_string\"}}],\"inLanguage\":\"pt-PT\"},{\"@type\":\"Organization\",\"@id\":\"https:\/\/curiosidadesedicas.com\/loja\/#organization\",\"name\":\"Curiosidades & Dicas\",\"url\":\"https:\/\/curiosidadesedicas.com\/loja\/\",\"logo\":{\"@type\":\"ImageObject\",\"inLanguage\":\"pt-PT\",\"@id\":\"https:\/\/curiosidadesedicas.com\/loja\/#\/schema\/logo\/image\/\",\"url\":\"https:\/\/curiosidadesedicas.com\/loja\/wp-content\/uploads\/2020\/05\/LogoCuriosidadesSimples.png\",\"contentUrl\":\"https:\/\/curiosidadesedicas.com\/loja\/wp-content\/uploads\/2020\/05\/LogoCuriosidadesSimples.png\",\"width\":3528,\"height\":804,\"caption\":\"Curiosidades & Dicas\"},\"image\":{\"@id\":\"https:\/\/curiosidadesedicas.com\/loja\/#\/schema\/logo\/image\/\"}}]}<\/script>\n<!-- \/ Yoast SEO plugin. -->","yoast_head_json":{"title":"MOSQUITEIRA P\/ PORTA C\/ FECHO MAGN\u00c9TICO 120 x 240CM - Curiosidades &amp; Dicas, Lda","robots":{"index":"index","follow":"follow","max-snippet":"max-snippet:-1","max-image-preview":"max-image-preview:large","max-video-preview":"max-video-preview:-1"},"canonical":"https:\/\/curiosidadesedicas.com\/loja\/produto\/mosquiteira-p-porta-c-fecho-magnetico-120-x-240cm\/","og_locale":"pt_PT","og_type":"article","og_title":"MOSQUITEIRA P\/ PORTA C\/ FECHO MAGN\u00c9TICO 120 x 240CM - Curiosidades &amp; Dicas, Lda","og_description":"Mosquiteira em cortina magn\u00e9tica antracite 120 x 240cm  Design moderno e pr\u00e1tico  Kit completo para instalar de maneira f\u00e1cil e r\u00e1pida sem necessidade de usar um berbequim  Sistema de fecho: 2 l\u00e2minas fecham automaticamente ao passar  L\u00e2minas antracite para melhor transpar\u00eancia  Cortina com fitas magn\u00e9ticas continuas desde cima ate baixo sem deixar nenhum espa\u00e7o para passarem os insetos.  &nbsp;  Caso pretenda um modelo menor pode verificar aqui","og_url":"https:\/\/curiosidadesedicas.com\/loja\/produto\/mosquiteira-p-porta-c-fecho-magnetico-120-x-240cm\/","og_site_name":"Curiosidades &amp; Dicas, Lda","article_modified_time":"2023-04-19T10:23:36+00:00","og_image":[{"width":1000,"height":1000,"url":"https:\/\/curiosidadesedicas.com\/loja\/wp-content\/uploads\/2023\/03\/75889.jpg","type":"image\/jpeg"}],"twitter_card":"summary_large_image","schema":{"@context":"https:\/\/schema.org","@graph":[{"@type":"WebPage","@id":"https:\/\/curiosidadesedicas.com\/loja\/produto\/mosquiteira-p-porta-c-fecho-magnetico-120-x-240cm\/","url":"https:\/\/curiosidadesedicas.com\/loja\/produto\/mosquiteira-p-porta-c-fecho-magnetico-120-x-240cm\/","name":"MOSQUITEIRA P\/ PORTA C\/ FECHO MAGN\u00c9TICO 120 x 240CM - Curiosidades &amp; Dicas, Lda","isPartOf":{"@id":"https:\/\/curiosidadesedicas.com\/loja\/#website"},"primaryImageOfPage":{"@id":"https:\/\/curiosidadesedicas.com\/loja\/produto\/mosquiteira-p-porta-c-fecho-magnetico-120-x-240cm\/#primaryimage"},"image":{"@id":"https:\/\/curiosidadesedicas.com\/loja\/produto\/mosquiteira-p-porta-c-fecho-magnetico-120-x-240cm\/#primaryimage"},"thumbnailUrl":"https:\/\/curiosidadesedicas.com\/loja\/wp-content\/uploads\/2023\/03\/75889.jpg","datePublished":"2023-03-29T12:25:49+00:00","dateModified":"2023-04-19T10:23:36+00:00","breadcrumb":{"@id":"https:\/\/curiosidadesedicas.com\/loja\/produto\/mosquiteira-p-porta-c-fecho-magnetico-120-x-240cm\/#breadcrumb"},"inLanguage":"pt-PT","potentialAction":[{"@type":"ReadAction","target":["https:\/\/curiosidadesedicas.com\/loja\/produto\/mosquiteira-p-porta-c-fecho-magnetico-120-x-240cm\/"]}]},{"@type":"ImageObject","inLanguage":"pt-PT","@id":"https:\/\/curiosidadesedicas.com\/loja\/produto\/mosquiteira-p-porta-c-fecho-magnetico-120-x-240cm\/#primaryimage","url":"https:\/\/curiosidadesedicas.com\/loja\/wp-content\/uploads\/2023\/03\/75889.jpg","contentUrl":"https:\/\/curiosidadesedicas.com\/loja\/wp-content\/uploads\/2023\/03\/75889.jpg","width":1000,"height":1000},{"@type":"BreadcrumbList","@id":"https:\/\/curiosidadesedicas.com\/loja\/produto\/mosquiteira-p-porta-c-fecho-magnetico-120-x-240cm\/#breadcrumb","itemListElement":[{"@type":"ListItem","position":1,"name":"In\u00edcio","item":"https:\/\/curiosidadesedicas.com\/loja\/"},{"@type":"ListItem","position":2,"name":"Produtos","item":"https:\/\/curiosidadesedicas.com\/loja\/produtos\/"},{"@type":"ListItem","position":3,"name":"MOSQUITEIRA P\/ PORTA C\/ FECHO MAGN\u00c9TICO 120 x 240CM"}]},{"@type":"WebSite","@id":"https:\/\/curiosidadesedicas.com\/loja\/#website","url":"https:\/\/curiosidadesedicas.com\/loja\/","name":"Curiosidades &amp; Dicas, Lda","description":"Apaixonados Por Inova\u00e7\u00e3o","publisher":{"@id":"https:\/\/curiosidadesedicas.com\/loja\/#organization"},"potentialAction":[{"@type":"SearchAction","target":{"@type":"EntryPoint","urlTemplate":"https:\/\/curiosidadesedicas.com\/loja\/?s={search_term_string}"},"query-input":{"@type":"PropertyValueSpecification","valueRequired":true,"valueName":"search_term_string"}}],"inLanguage":"pt-PT"},{"@type":"Organization","@id":"https:\/\/curiosidadesedicas.com\/loja\/#organization","name":"Curiosidades & Dicas","url":"https:\/\/curiosidadesedicas.com\/loja\/","logo":{"@type":"ImageObject","inLanguage":"pt-PT","@id":"https:\/\/curiosidadesedicas.com\/loja\/#\/schema\/logo\/image\/","url":"https:\/\/curiosidadesedicas.com\/loja\/wp-content\/uploads\/2020\/05\/LogoCuriosidadesSimples.png","contentUrl":"https:\/\/curiosidadesedicas.com\/loja\/wp-content\/uploads\/2020\/05\/LogoCuriosidadesSimples.png","width":3528,"height":804,"caption":"Curiosidades & Dicas"},"image":{"@id":"https:\/\/curiosidadesedicas.com\/loja\/#\/schema\/logo\/image\/"}}]}},"_links":{"self":[{"href":"https:\/\/curiosidadesedicas.com\/loja\/wp-json\/wp\/v2\/product\/29632","targetHints":{"allow":["GET"]}}],"collection":[{"href":"https:\/\/curiosidadesedicas.com\/loja\/wp-json\/wp\/v2\/product"}],"about":[{"href":"https:\/\/curiosidadesedicas.com\/loja\/wp-json\/wp\/v2\/types\/product"}],"replies":[{"embeddable":true,"href":"https:\/\/curiosidadesedicas.com\/loja\/wp-json\/wp\/v2\/comments?post=29632"}],"wp:featuredmedia":[{"embeddable":true,"href":"https:\/\/curiosidadesedicas.com\/loja\/wp-json\/wp\/v2\/media\/29636"}],"wp:attachment":[{"href":"https:\/\/curiosidadesedicas.com\/loja\/wp-json\/wp\/v2\/media?parent=29632"}],"wp:term":[{"taxonomy":"product_brand","embeddable":true,"href":"https:\/\/curiosidadesedicas.com\/loja\/wp-json\/wp\/v2\/product_brand?post=29632"},{"taxonomy":"product_cat","embeddable":true,"href":"https:\/\/curiosidadesedicas.com\/loja\/wp-json\/wp\/v2\/product_cat?post=29632"},{"taxonomy":"product_tag","embeddable":true,"href":"https:\/\/curiosidadesedicas.com\/loja\/wp-json\/wp\/v2\/product_tag?post=29632"}],"curies":[{"name":"wp","href":"https:\/\/api.w.org\/{rel}","templated":true}]}}