{"id":29462,"date":"2023-02-16T15:16:38","date_gmt":"2023-02-16T15:16:38","guid":{"rendered":"https:\/\/curiosidadesedicas.com\/loja\/?post_type=product&#038;p=29462"},"modified":"2025-03-12T09:17:56","modified_gmt":"2025-03-12T09:17:56","slug":"conjunto-de-tampas-p-champanhe-fizzave-pack-de-2-uds","status":"publish","type":"product","link":"https:\/\/curiosidadesedicas.com\/loja\/produto\/conjunto-de-tampas-p-champanhe-fizzave-pack-de-2-uds\/","title":{"rendered":"CONJUNTO DE TAMPAS P\/ CHAMPANHE FIZZAVE | PACK DE 2 UDS"},"content":{"rendered":"<p>Conjunto de 2 tampas para garrafas de champanhe com um design moderno e elegante que permite fech\u00e1-las hermeticamente. O seu sistema de f\u00e1cil veda\u00e7\u00e3o evita que o g\u00e1s escape da bebida, preservando o conte\u00fado da garrafa durante mais tempo como se tivesse acabado de ser aberta. O seu funcionamento \u00e9 muito simples, primeiro deve gir\u00e1-la at\u00e9 que a seta coincida com o s\u00edmbolo do cadeado aberto e, em seguida, a tampa \u00e9 totalmente inserida na boca da garrafa. Para ativar o bloqueio de veda\u00e7\u00e3o, basta gir\u00e1-la para fazer coincidir a seta com o s\u00edmbolo do cadeado fechado. Para poder remover a tampa, esta deve ser girada novamente em dire\u00e7\u00e3o ao s\u00edmbolo do cadeado aberto. Esta tampa original foi projetada para garrafas de bebidas carbonatadas e bocas de champanhe, cava, prosecco (17,5-18 mm). O bloqueio de veda\u00e7\u00e3o n\u00e3o funcionar\u00e1 em garrafas de vinho ou outras garrafas com bocas diferentes daquelas para as quais foi projetada, embora possa ser utilizada como tampa herm\u00e9tica convencional nessas mesmas garrafas. Al\u00e9m disso, \u00e9 ergon\u00f3mica, pois possui v\u00e1rias \u00e1reas de ader\u00eancia com formato adaptado \u00e0s pontas dos dedos para um manuseio mais confort\u00e1vel. Fornece uma fixa\u00e7\u00e3o firme e evita pingos e derramamentos.<\/p>\n<p><img decoding=\"async\" src=\"https:\/\/curiosidadesedicas.com\/loja\/wp-content\/uploads\/2023\/02\/set-of-champagne-stoppers-fizzave-innovagoods-pack-of-2-units_338125-1.jpg\" \/><\/p>\n<p>&nbsp;<\/p>\n<p>&nbsp;<\/p>\n<p>&nbsp;<\/p>\n","protected":false},"excerpt":{"rendered":"<ul>\n<li>Material:\n<ul>\n<li>ABS<\/li>\n<li>Silicone<\/li>\n<\/ul>\n<\/li>\n<li>Cor: Preto<\/li>\n<li>Design moderno e elegante: Inovador e funcional<\/li>\n<li>Tipo: Tampa herm\u00e9tica para garrafas<\/li>\n<li>Multifun\u00e7\u00e3o: Vers\u00e1til e adapt\u00e1vel<\/li>\n<li>Ergon\u00f3mico: Utiliza\u00e7\u00e3o c\u00f3moda e simples<\/li>\n<li>Di\u00e2metro aprox.: 17,5-18 mm<\/li>\n<li>Fecho herm\u00e9tico: Anti-pingos e anti-vazamento<\/li>\n<li>Bloqueio de seguran\u00e7a: Apoio est\u00e1vel<\/li>\n<li>Sistema de selagem f\u00e1cil: Evita a perda de g\u00e1s da bebida<\/li>\n<li>Utiliza\u00e7\u00e3o principal: Garrafas de champanhe, cava e similares<\/li>\n<li>Utiliza\u00e7\u00e3o secund\u00e1ria:\n<ul>\n<li>Garrafas de vinho<\/li>\n<li>Outras garrafas<\/li>\n<\/ul>\n<\/li>\n<li>F\u00e1cil de utilizar: Instru\u00e7\u00f5es de utiliza\u00e7\u00e3o<\/li>\n<li>Leve e male\u00e1vel: F\u00e1cil de transportar e de guardar<\/li>\n<li>Inclui: Pack de 2 uds<\/li>\n<li>Medidas aprox.: 3,8 x 3,4 x 3,8 cm<\/li>\n<\/ul>\n","protected":false},"featured_media":29472,"comment_status":"open","ping_status":"closed","template":"","meta":{"_glsr_average":0,"_glsr_ranking":0,"_glsr_reviews":0},"product_brand":[],"product_cat":[365,366],"product_tag":[],"class_list":{"0":"post-29462","1":"product","2":"type-product","3":"status-publish","4":"has-post-thumbnail","6":"product_cat-para-o-lar","7":"product_cat-cozinha","9":"first","10":"instock","11":"taxable","12":"shipping-taxable","13":"purchasable","14":"product-type-simple"},"yoast_head":"<!-- This site is optimized with the Yoast SEO plugin v26.8 - https:\/\/yoast.com\/product\/yoast-seo-wordpress\/ -->\n<title>CONJUNTO DE TAMPAS P\/ CHAMPANHE FIZZAVE | PACK DE 2 UDS - Curiosidades &amp; Dicas, Lda<\/title>\n<meta name=\"robots\" content=\"index, follow, max-snippet:-1, max-image-preview:large, max-video-preview:-1\" \/>\n<link rel=\"canonical\" href=\"https:\/\/curiosidadesedicas.com\/loja\/produto\/conjunto-de-tampas-p-champanhe-fizzave-pack-de-2-uds\/\" \/>\n<meta property=\"og:locale\" content=\"pt_PT\" \/>\n<meta property=\"og:type\" content=\"article\" \/>\n<meta property=\"og:title\" content=\"CONJUNTO DE TAMPAS P\/ CHAMPANHE FIZZAVE | PACK DE 2 UDS - Curiosidades &amp; Dicas, Lda\" \/>\n<meta property=\"og:description\" content=\"Material:   ABS  Silicone    Cor: Preto  Design moderno e elegante: Inovador e funcional  Tipo: Tampa herm\u00e9tica para garrafas  Multifun\u00e7\u00e3o: Vers\u00e1til e adapt\u00e1vel  Ergon\u00f3mico: Utiliza\u00e7\u00e3o c\u00f3moda e simples  Di\u00e2metro aprox.: 17,5-18 mm  Fecho herm\u00e9tico: Anti-pingos e anti-vazamento  Bloqueio de seguran\u00e7a: Apoio est\u00e1vel  Sistema de selagem f\u00e1cil: Evita a perda de g\u00e1s da bebida  Utiliza\u00e7\u00e3o principal: Garrafas de champanhe, cava e similares  Utiliza\u00e7\u00e3o secund\u00e1ria:   Garrafas de vinho  Outras garrafas    F\u00e1cil de utilizar: Instru\u00e7\u00f5es de utiliza\u00e7\u00e3o  Leve e male\u00e1vel: F\u00e1cil de transportar e de guardar  Inclui: Pack de 2 uds  Medidas aprox.: 3,8 x 3,4 x 3,8 cm\" \/>\n<meta property=\"og:url\" content=\"https:\/\/curiosidadesedicas.com\/loja\/produto\/conjunto-de-tampas-p-champanhe-fizzave-pack-de-2-uds\/\" \/>\n<meta property=\"og:site_name\" content=\"Curiosidades &amp; Dicas, Lda\" \/>\n<meta property=\"article:modified_time\" content=\"2025-03-12T09:17:56+00:00\" \/>\n<meta property=\"og:image\" content=\"https:\/\/curiosidadesedicas.com\/loja\/wp-content\/uploads\/2023\/02\/set-of-champagne-stoppers-fizzave-innovagoods-pack-of-2-units_338125.jpg\" \/>\n\t<meta property=\"og:image:width\" content=\"600\" \/>\n\t<meta property=\"og:image:height\" content=\"600\" \/>\n\t<meta property=\"og:image:type\" content=\"image\/jpeg\" \/>\n<meta name=\"twitter:card\" content=\"summary_large_image\" \/>\n<meta name=\"twitter:label1\" content=\"Tempo estimado de leitura\" \/>\n\t<meta name=\"twitter:data1\" content=\"2 minutos\" \/>\n<script type=\"application\/ld+json\" class=\"yoast-schema-graph\">{\"@context\":\"https:\/\/schema.org\",\"@graph\":[{\"@type\":\"WebPage\",\"@id\":\"https:\/\/curiosidadesedicas.com\/loja\/produto\/conjunto-de-tampas-p-champanhe-fizzave-pack-de-2-uds\/\",\"url\":\"https:\/\/curiosidadesedicas.com\/loja\/produto\/conjunto-de-tampas-p-champanhe-fizzave-pack-de-2-uds\/\",\"name\":\"CONJUNTO DE TAMPAS P\/ CHAMPANHE FIZZAVE | PACK DE 2 UDS - Curiosidades &amp; Dicas, Lda\",\"isPartOf\":{\"@id\":\"https:\/\/curiosidadesedicas.com\/loja\/#website\"},\"primaryImageOfPage\":{\"@id\":\"https:\/\/curiosidadesedicas.com\/loja\/produto\/conjunto-de-tampas-p-champanhe-fizzave-pack-de-2-uds\/#primaryimage\"},\"image\":{\"@id\":\"https:\/\/curiosidadesedicas.com\/loja\/produto\/conjunto-de-tampas-p-champanhe-fizzave-pack-de-2-uds\/#primaryimage\"},\"thumbnailUrl\":\"https:\/\/curiosidadesedicas.com\/loja\/wp-content\/uploads\/2023\/02\/set-of-champagne-stoppers-fizzave-innovagoods-pack-of-2-units_338125.jpg\",\"datePublished\":\"2023-02-16T15:16:38+00:00\",\"dateModified\":\"2025-03-12T09:17:56+00:00\",\"breadcrumb\":{\"@id\":\"https:\/\/curiosidadesedicas.com\/loja\/produto\/conjunto-de-tampas-p-champanhe-fizzave-pack-de-2-uds\/#breadcrumb\"},\"inLanguage\":\"pt-PT\",\"potentialAction\":[{\"@type\":\"ReadAction\",\"target\":[\"https:\/\/curiosidadesedicas.com\/loja\/produto\/conjunto-de-tampas-p-champanhe-fizzave-pack-de-2-uds\/\"]}]},{\"@type\":\"ImageObject\",\"inLanguage\":\"pt-PT\",\"@id\":\"https:\/\/curiosidadesedicas.com\/loja\/produto\/conjunto-de-tampas-p-champanhe-fizzave-pack-de-2-uds\/#primaryimage\",\"url\":\"https:\/\/curiosidadesedicas.com\/loja\/wp-content\/uploads\/2023\/02\/set-of-champagne-stoppers-fizzave-innovagoods-pack-of-2-units_338125.jpg\",\"contentUrl\":\"https:\/\/curiosidadesedicas.com\/loja\/wp-content\/uploads\/2023\/02\/set-of-champagne-stoppers-fizzave-innovagoods-pack-of-2-units_338125.jpg\",\"width\":600,\"height\":600},{\"@type\":\"BreadcrumbList\",\"@id\":\"https:\/\/curiosidadesedicas.com\/loja\/produto\/conjunto-de-tampas-p-champanhe-fizzave-pack-de-2-uds\/#breadcrumb\",\"itemListElement\":[{\"@type\":\"ListItem\",\"position\":1,\"name\":\"In\u00edcio\",\"item\":\"https:\/\/curiosidadesedicas.com\/loja\/\"},{\"@type\":\"ListItem\",\"position\":2,\"name\":\"Produtos\",\"item\":\"https:\/\/curiosidadesedicas.com\/loja\/produtos\/\"},{\"@type\":\"ListItem\",\"position\":3,\"name\":\"CONJUNTO DE TAMPAS P\/ CHAMPANHE FIZZAVE | PACK DE 2 UDS\"}]},{\"@type\":\"WebSite\",\"@id\":\"https:\/\/curiosidadesedicas.com\/loja\/#website\",\"url\":\"https:\/\/curiosidadesedicas.com\/loja\/\",\"name\":\"Curiosidades &amp; Dicas, Lda\",\"description\":\"Apaixonados Por Inova\u00e7\u00e3o\",\"publisher\":{\"@id\":\"https:\/\/curiosidadesedicas.com\/loja\/#organization\"},\"potentialAction\":[{\"@type\":\"SearchAction\",\"target\":{\"@type\":\"EntryPoint\",\"urlTemplate\":\"https:\/\/curiosidadesedicas.com\/loja\/?s={search_term_string}\"},\"query-input\":{\"@type\":\"PropertyValueSpecification\",\"valueRequired\":true,\"valueName\":\"search_term_string\"}}],\"inLanguage\":\"pt-PT\"},{\"@type\":\"Organization\",\"@id\":\"https:\/\/curiosidadesedicas.com\/loja\/#organization\",\"name\":\"Curiosidades & Dicas\",\"url\":\"https:\/\/curiosidadesedicas.com\/loja\/\",\"logo\":{\"@type\":\"ImageObject\",\"inLanguage\":\"pt-PT\",\"@id\":\"https:\/\/curiosidadesedicas.com\/loja\/#\/schema\/logo\/image\/\",\"url\":\"https:\/\/curiosidadesedicas.com\/loja\/wp-content\/uploads\/2020\/05\/LogoCuriosidadesSimples.png\",\"contentUrl\":\"https:\/\/curiosidadesedicas.com\/loja\/wp-content\/uploads\/2020\/05\/LogoCuriosidadesSimples.png\",\"width\":3528,\"height\":804,\"caption\":\"Curiosidades & Dicas\"},\"image\":{\"@id\":\"https:\/\/curiosidadesedicas.com\/loja\/#\/schema\/logo\/image\/\"}}]}<\/script>\n<!-- \/ Yoast SEO plugin. -->","yoast_head_json":{"title":"CONJUNTO DE TAMPAS P\/ CHAMPANHE FIZZAVE | PACK DE 2 UDS - Curiosidades &amp; Dicas, Lda","robots":{"index":"index","follow":"follow","max-snippet":"max-snippet:-1","max-image-preview":"max-image-preview:large","max-video-preview":"max-video-preview:-1"},"canonical":"https:\/\/curiosidadesedicas.com\/loja\/produto\/conjunto-de-tampas-p-champanhe-fizzave-pack-de-2-uds\/","og_locale":"pt_PT","og_type":"article","og_title":"CONJUNTO DE TAMPAS P\/ CHAMPANHE FIZZAVE | PACK DE 2 UDS - Curiosidades &amp; Dicas, Lda","og_description":"Material:   ABS  Silicone    Cor: Preto  Design moderno e elegante: Inovador e funcional  Tipo: Tampa herm\u00e9tica para garrafas  Multifun\u00e7\u00e3o: Vers\u00e1til e adapt\u00e1vel  Ergon\u00f3mico: Utiliza\u00e7\u00e3o c\u00f3moda e simples  Di\u00e2metro aprox.: 17,5-18 mm  Fecho herm\u00e9tico: Anti-pingos e anti-vazamento  Bloqueio de seguran\u00e7a: Apoio est\u00e1vel  Sistema de selagem f\u00e1cil: Evita a perda de g\u00e1s da bebida  Utiliza\u00e7\u00e3o principal: Garrafas de champanhe, cava e similares  Utiliza\u00e7\u00e3o secund\u00e1ria:   Garrafas de vinho  Outras garrafas    F\u00e1cil de utilizar: Instru\u00e7\u00f5es de utiliza\u00e7\u00e3o  Leve e male\u00e1vel: F\u00e1cil de transportar e de guardar  Inclui: Pack de 2 uds  Medidas aprox.: 3,8 x 3,4 x 3,8 cm","og_url":"https:\/\/curiosidadesedicas.com\/loja\/produto\/conjunto-de-tampas-p-champanhe-fizzave-pack-de-2-uds\/","og_site_name":"Curiosidades &amp; Dicas, Lda","article_modified_time":"2025-03-12T09:17:56+00:00","og_image":[{"width":600,"height":600,"url":"https:\/\/curiosidadesedicas.com\/loja\/wp-content\/uploads\/2023\/02\/set-of-champagne-stoppers-fizzave-innovagoods-pack-of-2-units_338125.jpg","type":"image\/jpeg"}],"twitter_card":"summary_large_image","twitter_misc":{"Tempo estimado de leitura":"2 minutos"},"schema":{"@context":"https:\/\/schema.org","@graph":[{"@type":"WebPage","@id":"https:\/\/curiosidadesedicas.com\/loja\/produto\/conjunto-de-tampas-p-champanhe-fizzave-pack-de-2-uds\/","url":"https:\/\/curiosidadesedicas.com\/loja\/produto\/conjunto-de-tampas-p-champanhe-fizzave-pack-de-2-uds\/","name":"CONJUNTO DE TAMPAS P\/ CHAMPANHE FIZZAVE | PACK DE 2 UDS - Curiosidades &amp; Dicas, Lda","isPartOf":{"@id":"https:\/\/curiosidadesedicas.com\/loja\/#website"},"primaryImageOfPage":{"@id":"https:\/\/curiosidadesedicas.com\/loja\/produto\/conjunto-de-tampas-p-champanhe-fizzave-pack-de-2-uds\/#primaryimage"},"image":{"@id":"https:\/\/curiosidadesedicas.com\/loja\/produto\/conjunto-de-tampas-p-champanhe-fizzave-pack-de-2-uds\/#primaryimage"},"thumbnailUrl":"https:\/\/curiosidadesedicas.com\/loja\/wp-content\/uploads\/2023\/02\/set-of-champagne-stoppers-fizzave-innovagoods-pack-of-2-units_338125.jpg","datePublished":"2023-02-16T15:16:38+00:00","dateModified":"2025-03-12T09:17:56+00:00","breadcrumb":{"@id":"https:\/\/curiosidadesedicas.com\/loja\/produto\/conjunto-de-tampas-p-champanhe-fizzave-pack-de-2-uds\/#breadcrumb"},"inLanguage":"pt-PT","potentialAction":[{"@type":"ReadAction","target":["https:\/\/curiosidadesedicas.com\/loja\/produto\/conjunto-de-tampas-p-champanhe-fizzave-pack-de-2-uds\/"]}]},{"@type":"ImageObject","inLanguage":"pt-PT","@id":"https:\/\/curiosidadesedicas.com\/loja\/produto\/conjunto-de-tampas-p-champanhe-fizzave-pack-de-2-uds\/#primaryimage","url":"https:\/\/curiosidadesedicas.com\/loja\/wp-content\/uploads\/2023\/02\/set-of-champagne-stoppers-fizzave-innovagoods-pack-of-2-units_338125.jpg","contentUrl":"https:\/\/curiosidadesedicas.com\/loja\/wp-content\/uploads\/2023\/02\/set-of-champagne-stoppers-fizzave-innovagoods-pack-of-2-units_338125.jpg","width":600,"height":600},{"@type":"BreadcrumbList","@id":"https:\/\/curiosidadesedicas.com\/loja\/produto\/conjunto-de-tampas-p-champanhe-fizzave-pack-de-2-uds\/#breadcrumb","itemListElement":[{"@type":"ListItem","position":1,"name":"In\u00edcio","item":"https:\/\/curiosidadesedicas.com\/loja\/"},{"@type":"ListItem","position":2,"name":"Produtos","item":"https:\/\/curiosidadesedicas.com\/loja\/produtos\/"},{"@type":"ListItem","position":3,"name":"CONJUNTO DE TAMPAS P\/ CHAMPANHE FIZZAVE | PACK DE 2 UDS"}]},{"@type":"WebSite","@id":"https:\/\/curiosidadesedicas.com\/loja\/#website","url":"https:\/\/curiosidadesedicas.com\/loja\/","name":"Curiosidades &amp; Dicas, Lda","description":"Apaixonados Por Inova\u00e7\u00e3o","publisher":{"@id":"https:\/\/curiosidadesedicas.com\/loja\/#organization"},"potentialAction":[{"@type":"SearchAction","target":{"@type":"EntryPoint","urlTemplate":"https:\/\/curiosidadesedicas.com\/loja\/?s={search_term_string}"},"query-input":{"@type":"PropertyValueSpecification","valueRequired":true,"valueName":"search_term_string"}}],"inLanguage":"pt-PT"},{"@type":"Organization","@id":"https:\/\/curiosidadesedicas.com\/loja\/#organization","name":"Curiosidades & Dicas","url":"https:\/\/curiosidadesedicas.com\/loja\/","logo":{"@type":"ImageObject","inLanguage":"pt-PT","@id":"https:\/\/curiosidadesedicas.com\/loja\/#\/schema\/logo\/image\/","url":"https:\/\/curiosidadesedicas.com\/loja\/wp-content\/uploads\/2020\/05\/LogoCuriosidadesSimples.png","contentUrl":"https:\/\/curiosidadesedicas.com\/loja\/wp-content\/uploads\/2020\/05\/LogoCuriosidadesSimples.png","width":3528,"height":804,"caption":"Curiosidades & Dicas"},"image":{"@id":"https:\/\/curiosidadesedicas.com\/loja\/#\/schema\/logo\/image\/"}}]}},"_links":{"self":[{"href":"https:\/\/curiosidadesedicas.com\/loja\/wp-json\/wp\/v2\/product\/29462","targetHints":{"allow":["GET"]}}],"collection":[{"href":"https:\/\/curiosidadesedicas.com\/loja\/wp-json\/wp\/v2\/product"}],"about":[{"href":"https:\/\/curiosidadesedicas.com\/loja\/wp-json\/wp\/v2\/types\/product"}],"replies":[{"embeddable":true,"href":"https:\/\/curiosidadesedicas.com\/loja\/wp-json\/wp\/v2\/comments?post=29462"}],"wp:featuredmedia":[{"embeddable":true,"href":"https:\/\/curiosidadesedicas.com\/loja\/wp-json\/wp\/v2\/media\/29472"}],"wp:attachment":[{"href":"https:\/\/curiosidadesedicas.com\/loja\/wp-json\/wp\/v2\/media?parent=29462"}],"wp:term":[{"taxonomy":"product_brand","embeddable":true,"href":"https:\/\/curiosidadesedicas.com\/loja\/wp-json\/wp\/v2\/product_brand?post=29462"},{"taxonomy":"product_cat","embeddable":true,"href":"https:\/\/curiosidadesedicas.com\/loja\/wp-json\/wp\/v2\/product_cat?post=29462"},{"taxonomy":"product_tag","embeddable":true,"href":"https:\/\/curiosidadesedicas.com\/loja\/wp-json\/wp\/v2\/product_tag?post=29462"}],"curies":[{"name":"wp","href":"https:\/\/api.w.org\/{rel}","templated":true}]}}