{"id":26626,"date":"2022-06-24T15:23:56","date_gmt":"2022-06-24T15:23:56","guid":{"rendered":"https:\/\/curiosidadesedicas.com\/loja\/?post_type=product&#038;p=26626"},"modified":"2025-03-12T09:50:59","modified_gmt":"2025-03-12T09:50:59","slug":"lampada-solar-antimosquitos-p-jardim-garlam","status":"publish","type":"product","link":"https:\/\/curiosidadesedicas.com\/loja\/produto\/lampada-solar-antimosquitos-p-jardim-garlam\/","title":{"rendered":"L\u00c2MPADA SOLAR ANTIMOSQUITOS P\/ JARDIM GARLAM"},"content":{"rendered":"<p>Uma l\u00e2mpada de jardim solar antimosquitos muito \u00fatil e pr\u00e1tica devido ao seu design multifuncional. Tem bateria recarreg\u00e1vel atrav\u00e9s de energia solar e permite iluminar e destruir os mosquitos e outros insetos de forma limpa e ecol\u00f3gica, sem odores ou produtos qu\u00edmicos para n\u00e3o prejudicar a sa\u00fade ou poluir o meio ambiente (ecologicamente correto). Esta moderna e vers\u00e1til l\u00e2mpada solar temum interruptor com 3 posi\u00e7\u00f5es para apagar ou ativar os seus 2 tipos de luz, dependendo da fun\u00e7\u00e3o desejada em cada momento. A luz ambiente \u00e9 branca e a luz UV atrai os insetos, caindo quando entram em contacto com a rede el\u00e9trica interna. Gra\u00e7as ao seu painel solar, carrega durante o dia com a luz do sol e funciona no escuro, para que o seu sensor de luz detete quando a luz do sol desaparece e a l\u00e2mpada acende automaticamente com o tipo de luz selecionado pelo interruptor. Da mesma forma, desligar\u00e1 automaticamente ao detetar a luz do sol do novo dia. Tamb\u00e9m pode ser apagada permanentemente a qualquer momento usando o interruptor (posi\u00e7\u00e3o off). \u00c9 usada em exteriores, imperme\u00e1vel e poder ser facilmente colocada no jardim, cravando-a no ch\u00e3o. Monta-se e desmonta-se com facilidade para limpeza, \u00e9 leve, port\u00e1til, f\u00e1cil de usar, transportar e armazenar.<\/p>\n<p><img decoding=\"async\" src=\"https:\/\/curiosidadesedicas.com\/loja\/wp-content\/uploads\/2022\/06\/lampada-solar-antimosquitos-para-jardim-garlam-innovagoods_339499-8.jpg\" \/><\/p>\n","protected":false},"excerpt":{"rendered":"<ul>\n<li>Material: ABS<\/li>\n<li>Cor: Preto<\/li>\n<li>Design moderno e elegante: Inovador e funcional<\/li>\n<li>Tipo: Ecol\u00f3gico<\/li>\n<li>Sem produtos qu\u00edmicos nem t\u00f3xicos: Respeita o ambiente<\/li>\n<li>Recarreg\u00e1vel: Carregamento solar<\/li>\n<li>Multifun\u00e7\u00e3o: 2-in-1<\/li>\n<li>L\u00e2mpada solar: Luz branca<\/li>\n<li>Luz UV: Fun\u00e7\u00e3o antimosquitos<\/li>\n<li>Grelha eletrificada mata-insetos: 800 V<\/li>\n<li>Sensor de luz: Sensor solar<\/li>\n<li>Auto on\/off: Ligar e desligar autom\u00e1tico<\/li>\n<li>Resistente \u00e0 \u00e1gua: IP55<\/li>\n<li>Original e port\u00e1til: Utiliza\u00e7\u00e3o em exteriores<\/li>\n<li>F\u00e1cil instala\u00e7\u00e3o: F\u00e1cil de colocar e de remover<\/li>\n<li>Apoio est\u00e1vel: P\u00e9 com ponta para espetar na terra ou areia<\/li>\n<li>Painel solar fotovoltaico: 2 V \/ 60 mA<\/li>\n<li>Bateria solar: 1,2 V \/ Ni-MH 600 mAh<\/li>\n<li>Medidas aprox.: \u00d89,5 x 34,5 cm<\/li>\n<\/ul>\n<p>&nbsp;<\/p>\n<p>&nbsp;<\/p>\n<p>&nbsp;<\/p>\n<p>&nbsp;<\/p>\n<p>&nbsp;<\/p>\n","protected":false},"featured_media":26637,"comment_status":"open","ping_status":"closed","template":"","meta":{"_glsr_average":0,"_glsr_ranking":0,"_glsr_reviews":0},"product_brand":[],"product_cat":[387,475,350,355,345,400],"product_tag":[],"class_list":{"0":"post-26626","1":"product","2":"type-product","3":"status-publish","4":"has-post-thumbnail","6":"product_cat-anti-insetos","7":"product_cat-repelentes","8":"product_cat-gadgets","9":"product_cat-p-jardins","10":"product_cat-gadgets-led","11":"product_cat-led-solar","13":"first","14":"instock","15":"taxable","16":"shipping-taxable","17":"purchasable","18":"product-type-simple"},"yoast_head":"<!-- This site is optimized with the Yoast SEO plugin v26.8 - https:\/\/yoast.com\/product\/yoast-seo-wordpress\/ -->\n<title>L\u00c2MPADA SOLAR ANTIMOSQUITOS P\/ JARDIM GARLAM - Curiosidades &amp; Dicas, Lda<\/title>\n<meta name=\"robots\" content=\"index, follow, max-snippet:-1, max-image-preview:large, max-video-preview:-1\" \/>\n<link rel=\"canonical\" href=\"https:\/\/curiosidadesedicas.com\/loja\/produto\/lampada-solar-antimosquitos-p-jardim-garlam\/\" \/>\n<meta property=\"og:locale\" content=\"pt_PT\" \/>\n<meta property=\"og:type\" content=\"article\" \/>\n<meta property=\"og:title\" content=\"L\u00c2MPADA SOLAR ANTIMOSQUITOS P\/ JARDIM GARLAM - Curiosidades &amp; Dicas, Lda\" \/>\n<meta property=\"og:description\" content=\"Material: ABS  Cor: Preto  Design moderno e elegante: Inovador e funcional  Tipo: Ecol\u00f3gico  Sem produtos qu\u00edmicos nem t\u00f3xicos: Respeita o ambiente  Recarreg\u00e1vel: Carregamento solar  Multifun\u00e7\u00e3o: 2-in-1  L\u00e2mpada solar: Luz branca  Luz UV: Fun\u00e7\u00e3o antimosquitos  Grelha eletrificada mata-insetos: 800 V  Sensor de luz: Sensor solar  Auto on\/off: Ligar e desligar autom\u00e1tico  Resistente \u00e0 \u00e1gua: IP55  Original e port\u00e1til: Utiliza\u00e7\u00e3o em exteriores  F\u00e1cil instala\u00e7\u00e3o: F\u00e1cil de colocar e de remover  Apoio est\u00e1vel: P\u00e9 com ponta para espetar na terra ou areia  Painel solar fotovoltaico: 2 V \/ 60 mA  Bateria solar: 1,2 V \/ Ni-MH 600 mAh  Medidas aprox.: \u00d89,5 x 34,5 cm  &nbsp;  &nbsp;  &nbsp;  &nbsp;  &nbsp;\" \/>\n<meta property=\"og:url\" content=\"https:\/\/curiosidadesedicas.com\/loja\/produto\/lampada-solar-antimosquitos-p-jardim-garlam\/\" \/>\n<meta property=\"og:site_name\" content=\"Curiosidades &amp; Dicas, Lda\" \/>\n<meta property=\"article:modified_time\" content=\"2025-03-12T09:50:59+00:00\" \/>\n<meta property=\"og:image\" content=\"https:\/\/curiosidadesedicas.com\/loja\/wp-content\/uploads\/2022\/06\/lampada-solar-antimosquitos-para-jardim-garlam-innovagoods_339499.jpg\" \/>\n\t<meta property=\"og:image:width\" content=\"600\" \/>\n\t<meta property=\"og:image:height\" content=\"600\" \/>\n\t<meta property=\"og:image:type\" content=\"image\/jpeg\" \/>\n<meta name=\"twitter:card\" content=\"summary_large_image\" \/>\n<meta name=\"twitter:label1\" content=\"Tempo estimado de leitura\" \/>\n\t<meta name=\"twitter:data1\" content=\"2 minutos\" \/>\n<script type=\"application\/ld+json\" class=\"yoast-schema-graph\">{\"@context\":\"https:\/\/schema.org\",\"@graph\":[{\"@type\":\"WebPage\",\"@id\":\"https:\/\/curiosidadesedicas.com\/loja\/produto\/lampada-solar-antimosquitos-p-jardim-garlam\/\",\"url\":\"https:\/\/curiosidadesedicas.com\/loja\/produto\/lampada-solar-antimosquitos-p-jardim-garlam\/\",\"name\":\"L\u00c2MPADA SOLAR ANTIMOSQUITOS P\/ JARDIM GARLAM - Curiosidades &amp; Dicas, Lda\",\"isPartOf\":{\"@id\":\"https:\/\/curiosidadesedicas.com\/loja\/#website\"},\"primaryImageOfPage\":{\"@id\":\"https:\/\/curiosidadesedicas.com\/loja\/produto\/lampada-solar-antimosquitos-p-jardim-garlam\/#primaryimage\"},\"image\":{\"@id\":\"https:\/\/curiosidadesedicas.com\/loja\/produto\/lampada-solar-antimosquitos-p-jardim-garlam\/#primaryimage\"},\"thumbnailUrl\":\"https:\/\/curiosidadesedicas.com\/loja\/wp-content\/uploads\/2022\/06\/lampada-solar-antimosquitos-para-jardim-garlam-innovagoods_339499.jpg\",\"datePublished\":\"2022-06-24T15:23:56+00:00\",\"dateModified\":\"2025-03-12T09:50:59+00:00\",\"breadcrumb\":{\"@id\":\"https:\/\/curiosidadesedicas.com\/loja\/produto\/lampada-solar-antimosquitos-p-jardim-garlam\/#breadcrumb\"},\"inLanguage\":\"pt-PT\",\"potentialAction\":[{\"@type\":\"ReadAction\",\"target\":[\"https:\/\/curiosidadesedicas.com\/loja\/produto\/lampada-solar-antimosquitos-p-jardim-garlam\/\"]}]},{\"@type\":\"ImageObject\",\"inLanguage\":\"pt-PT\",\"@id\":\"https:\/\/curiosidadesedicas.com\/loja\/produto\/lampada-solar-antimosquitos-p-jardim-garlam\/#primaryimage\",\"url\":\"https:\/\/curiosidadesedicas.com\/loja\/wp-content\/uploads\/2022\/06\/lampada-solar-antimosquitos-para-jardim-garlam-innovagoods_339499.jpg\",\"contentUrl\":\"https:\/\/curiosidadesedicas.com\/loja\/wp-content\/uploads\/2022\/06\/lampada-solar-antimosquitos-para-jardim-garlam-innovagoods_339499.jpg\",\"width\":600,\"height\":600},{\"@type\":\"BreadcrumbList\",\"@id\":\"https:\/\/curiosidadesedicas.com\/loja\/produto\/lampada-solar-antimosquitos-p-jardim-garlam\/#breadcrumb\",\"itemListElement\":[{\"@type\":\"ListItem\",\"position\":1,\"name\":\"In\u00edcio\",\"item\":\"https:\/\/curiosidadesedicas.com\/loja\/\"},{\"@type\":\"ListItem\",\"position\":2,\"name\":\"Produtos\",\"item\":\"https:\/\/curiosidadesedicas.com\/loja\/produtos\/\"},{\"@type\":\"ListItem\",\"position\":3,\"name\":\"L\u00c2MPADA SOLAR ANTIMOSQUITOS P\/ JARDIM GARLAM\"}]},{\"@type\":\"WebSite\",\"@id\":\"https:\/\/curiosidadesedicas.com\/loja\/#website\",\"url\":\"https:\/\/curiosidadesedicas.com\/loja\/\",\"name\":\"Curiosidades &amp; Dicas, Lda\",\"description\":\"Apaixonados Por Inova\u00e7\u00e3o\",\"publisher\":{\"@id\":\"https:\/\/curiosidadesedicas.com\/loja\/#organization\"},\"potentialAction\":[{\"@type\":\"SearchAction\",\"target\":{\"@type\":\"EntryPoint\",\"urlTemplate\":\"https:\/\/curiosidadesedicas.com\/loja\/?s={search_term_string}\"},\"query-input\":{\"@type\":\"PropertyValueSpecification\",\"valueRequired\":true,\"valueName\":\"search_term_string\"}}],\"inLanguage\":\"pt-PT\"},{\"@type\":\"Organization\",\"@id\":\"https:\/\/curiosidadesedicas.com\/loja\/#organization\",\"name\":\"Curiosidades & Dicas\",\"url\":\"https:\/\/curiosidadesedicas.com\/loja\/\",\"logo\":{\"@type\":\"ImageObject\",\"inLanguage\":\"pt-PT\",\"@id\":\"https:\/\/curiosidadesedicas.com\/loja\/#\/schema\/logo\/image\/\",\"url\":\"https:\/\/curiosidadesedicas.com\/loja\/wp-content\/uploads\/2020\/05\/LogoCuriosidadesSimples.png\",\"contentUrl\":\"https:\/\/curiosidadesedicas.com\/loja\/wp-content\/uploads\/2020\/05\/LogoCuriosidadesSimples.png\",\"width\":3528,\"height\":804,\"caption\":\"Curiosidades & Dicas\"},\"image\":{\"@id\":\"https:\/\/curiosidadesedicas.com\/loja\/#\/schema\/logo\/image\/\"}}]}<\/script>\n<!-- \/ Yoast SEO plugin. -->","yoast_head_json":{"title":"L\u00c2MPADA SOLAR ANTIMOSQUITOS P\/ JARDIM GARLAM - Curiosidades &amp; Dicas, Lda","robots":{"index":"index","follow":"follow","max-snippet":"max-snippet:-1","max-image-preview":"max-image-preview:large","max-video-preview":"max-video-preview:-1"},"canonical":"https:\/\/curiosidadesedicas.com\/loja\/produto\/lampada-solar-antimosquitos-p-jardim-garlam\/","og_locale":"pt_PT","og_type":"article","og_title":"L\u00c2MPADA SOLAR ANTIMOSQUITOS P\/ JARDIM GARLAM - Curiosidades &amp; Dicas, Lda","og_description":"Material: ABS  Cor: Preto  Design moderno e elegante: Inovador e funcional  Tipo: Ecol\u00f3gico  Sem produtos qu\u00edmicos nem t\u00f3xicos: Respeita o ambiente  Recarreg\u00e1vel: Carregamento solar  Multifun\u00e7\u00e3o: 2-in-1  L\u00e2mpada solar: Luz branca  Luz UV: Fun\u00e7\u00e3o antimosquitos  Grelha eletrificada mata-insetos: 800 V  Sensor de luz: Sensor solar  Auto on\/off: Ligar e desligar autom\u00e1tico  Resistente \u00e0 \u00e1gua: IP55  Original e port\u00e1til: Utiliza\u00e7\u00e3o em exteriores  F\u00e1cil instala\u00e7\u00e3o: F\u00e1cil de colocar e de remover  Apoio est\u00e1vel: P\u00e9 com ponta para espetar na terra ou areia  Painel solar fotovoltaico: 2 V \/ 60 mA  Bateria solar: 1,2 V \/ Ni-MH 600 mAh  Medidas aprox.: \u00d89,5 x 34,5 cm  &nbsp;  &nbsp;  &nbsp;  &nbsp;  &nbsp;","og_url":"https:\/\/curiosidadesedicas.com\/loja\/produto\/lampada-solar-antimosquitos-p-jardim-garlam\/","og_site_name":"Curiosidades &amp; Dicas, Lda","article_modified_time":"2025-03-12T09:50:59+00:00","og_image":[{"width":600,"height":600,"url":"https:\/\/curiosidadesedicas.com\/loja\/wp-content\/uploads\/2022\/06\/lampada-solar-antimosquitos-para-jardim-garlam-innovagoods_339499.jpg","type":"image\/jpeg"}],"twitter_card":"summary_large_image","twitter_misc":{"Tempo estimado de leitura":"2 minutos"},"schema":{"@context":"https:\/\/schema.org","@graph":[{"@type":"WebPage","@id":"https:\/\/curiosidadesedicas.com\/loja\/produto\/lampada-solar-antimosquitos-p-jardim-garlam\/","url":"https:\/\/curiosidadesedicas.com\/loja\/produto\/lampada-solar-antimosquitos-p-jardim-garlam\/","name":"L\u00c2MPADA SOLAR ANTIMOSQUITOS P\/ JARDIM GARLAM - Curiosidades &amp; Dicas, Lda","isPartOf":{"@id":"https:\/\/curiosidadesedicas.com\/loja\/#website"},"primaryImageOfPage":{"@id":"https:\/\/curiosidadesedicas.com\/loja\/produto\/lampada-solar-antimosquitos-p-jardim-garlam\/#primaryimage"},"image":{"@id":"https:\/\/curiosidadesedicas.com\/loja\/produto\/lampada-solar-antimosquitos-p-jardim-garlam\/#primaryimage"},"thumbnailUrl":"https:\/\/curiosidadesedicas.com\/loja\/wp-content\/uploads\/2022\/06\/lampada-solar-antimosquitos-para-jardim-garlam-innovagoods_339499.jpg","datePublished":"2022-06-24T15:23:56+00:00","dateModified":"2025-03-12T09:50:59+00:00","breadcrumb":{"@id":"https:\/\/curiosidadesedicas.com\/loja\/produto\/lampada-solar-antimosquitos-p-jardim-garlam\/#breadcrumb"},"inLanguage":"pt-PT","potentialAction":[{"@type":"ReadAction","target":["https:\/\/curiosidadesedicas.com\/loja\/produto\/lampada-solar-antimosquitos-p-jardim-garlam\/"]}]},{"@type":"ImageObject","inLanguage":"pt-PT","@id":"https:\/\/curiosidadesedicas.com\/loja\/produto\/lampada-solar-antimosquitos-p-jardim-garlam\/#primaryimage","url":"https:\/\/curiosidadesedicas.com\/loja\/wp-content\/uploads\/2022\/06\/lampada-solar-antimosquitos-para-jardim-garlam-innovagoods_339499.jpg","contentUrl":"https:\/\/curiosidadesedicas.com\/loja\/wp-content\/uploads\/2022\/06\/lampada-solar-antimosquitos-para-jardim-garlam-innovagoods_339499.jpg","width":600,"height":600},{"@type":"BreadcrumbList","@id":"https:\/\/curiosidadesedicas.com\/loja\/produto\/lampada-solar-antimosquitos-p-jardim-garlam\/#breadcrumb","itemListElement":[{"@type":"ListItem","position":1,"name":"In\u00edcio","item":"https:\/\/curiosidadesedicas.com\/loja\/"},{"@type":"ListItem","position":2,"name":"Produtos","item":"https:\/\/curiosidadesedicas.com\/loja\/produtos\/"},{"@type":"ListItem","position":3,"name":"L\u00c2MPADA SOLAR ANTIMOSQUITOS P\/ JARDIM GARLAM"}]},{"@type":"WebSite","@id":"https:\/\/curiosidadesedicas.com\/loja\/#website","url":"https:\/\/curiosidadesedicas.com\/loja\/","name":"Curiosidades &amp; Dicas, Lda","description":"Apaixonados Por Inova\u00e7\u00e3o","publisher":{"@id":"https:\/\/curiosidadesedicas.com\/loja\/#organization"},"potentialAction":[{"@type":"SearchAction","target":{"@type":"EntryPoint","urlTemplate":"https:\/\/curiosidadesedicas.com\/loja\/?s={search_term_string}"},"query-input":{"@type":"PropertyValueSpecification","valueRequired":true,"valueName":"search_term_string"}}],"inLanguage":"pt-PT"},{"@type":"Organization","@id":"https:\/\/curiosidadesedicas.com\/loja\/#organization","name":"Curiosidades & Dicas","url":"https:\/\/curiosidadesedicas.com\/loja\/","logo":{"@type":"ImageObject","inLanguage":"pt-PT","@id":"https:\/\/curiosidadesedicas.com\/loja\/#\/schema\/logo\/image\/","url":"https:\/\/curiosidadesedicas.com\/loja\/wp-content\/uploads\/2020\/05\/LogoCuriosidadesSimples.png","contentUrl":"https:\/\/curiosidadesedicas.com\/loja\/wp-content\/uploads\/2020\/05\/LogoCuriosidadesSimples.png","width":3528,"height":804,"caption":"Curiosidades & Dicas"},"image":{"@id":"https:\/\/curiosidadesedicas.com\/loja\/#\/schema\/logo\/image\/"}}]}},"_links":{"self":[{"href":"https:\/\/curiosidadesedicas.com\/loja\/wp-json\/wp\/v2\/product\/26626","targetHints":{"allow":["GET"]}}],"collection":[{"href":"https:\/\/curiosidadesedicas.com\/loja\/wp-json\/wp\/v2\/product"}],"about":[{"href":"https:\/\/curiosidadesedicas.com\/loja\/wp-json\/wp\/v2\/types\/product"}],"replies":[{"embeddable":true,"href":"https:\/\/curiosidadesedicas.com\/loja\/wp-json\/wp\/v2\/comments?post=26626"}],"wp:featuredmedia":[{"embeddable":true,"href":"https:\/\/curiosidadesedicas.com\/loja\/wp-json\/wp\/v2\/media\/26637"}],"wp:attachment":[{"href":"https:\/\/curiosidadesedicas.com\/loja\/wp-json\/wp\/v2\/media?parent=26626"}],"wp:term":[{"taxonomy":"product_brand","embeddable":true,"href":"https:\/\/curiosidadesedicas.com\/loja\/wp-json\/wp\/v2\/product_brand?post=26626"},{"taxonomy":"product_cat","embeddable":true,"href":"https:\/\/curiosidadesedicas.com\/loja\/wp-json\/wp\/v2\/product_cat?post=26626"},{"taxonomy":"product_tag","embeddable":true,"href":"https:\/\/curiosidadesedicas.com\/loja\/wp-json\/wp\/v2\/product_tag?post=26626"}],"curies":[{"name":"wp","href":"https:\/\/api.w.org\/{rel}","templated":true}]}}