{"id":23097,"date":"2022-01-18T16:40:00","date_gmt":"2022-01-18T16:40:00","guid":{"rendered":"https:\/\/curiosidadesedicas.com\/loja\/?post_type=product&#038;p=23097"},"modified":"2022-02-04T13:01:17","modified_gmt":"2022-02-04T13:01:17","slug":"lareira-de-parede-de-bioetanol-etna","status":"publish","type":"product","link":"https:\/\/curiosidadesedicas.com\/loja\/produto\/lareira-de-parede-de-bioetanol-etna\/","title":{"rendered":"LAREIRA DE PAREDE DE BIOETANOL ETNA"},"content":{"rendered":"<p><strong>Pontos fortes dos aquecedores de Bioetanol<\/strong><\/p>\n<ul>\n<li>Equipamento de f\u00e1cil instala\u00e7\u00e3o;<\/li>\n<li>F\u00e1cil de transportar, podendo a qualquer momento instalar noutra divis\u00e3o da habita\u00e7\u00e3o, escrit\u00f3rio, etc. ;<\/li>\n<li>N\u00e3o necessita de alterar a estrutura das paredes, as lareiras s\u00e3o aparafusadas \u00e0 parede;<\/li>\n<li>N\u00e3o \u00e9 necess\u00e1rio fazer furos para extra\u00e7\u00e3o;<\/li>\n<li>N\u00e3o deita fumo nem cheiro;<\/li>\n<li>Manuten\u00e7\u00e3o f\u00e1cil;<\/li>\n<li>Pode aproveitar o espa\u00e7o de uma lareira inutilizada;<\/li>\n<li>Aquecem e decoram o ambiente;<\/li>\n<li>Independente de outra fonte de energia, como g\u00e1s ou eletricidade<\/li>\n<\/ul>\n<p><strong>Informa\u00e7\u00e3o Importante!<\/strong><\/p>\n<ul>\n<li>Nunca reabastecer o dep\u00f3sito da lareira com a chama acesa, deve aguardar aproximadamente 10 a 15 minutos pelo seu arrefecimento;<\/li>\n<li>Deve proceder \u00e0 leitura do manual de instru\u00e7\u00f5es para a sua utiliza\u00e7\u00e3o segura.<\/li>\n<\/ul>\n<p>&nbsp;<\/p>\n","protected":false},"excerpt":{"rendered":"<p>Lareira panor\u00e2mica de cor preta com grande vidro frontal temperado. Conta ainda com grande poder calor\u00edfico gra\u00e7as aos dois queimadores.<\/p>\n<p>As Lareiras de bioetanol s\u00e3o uma excelente alternativa \u00e0s tradicionais Lareiras e Salamandras, para os clientes que gostam de desfrutar do fogo, com chamas reais e sem necessidade de fazer obras ou instala\u00e7\u00f5es. Funcionam gra\u00e7as a um \u00e1lcool de origem natural e de alto poder calorifico, gra\u00e7as ao qual se consegue uma sensa\u00e7\u00e3o de calor praticamente imediata.<\/p>\n<ul>\n<li>Lareira de parede, panor\u00e2mica e com grande abertura<\/li>\n<li>Dimens\u00f5es (Comprimento x Profundidade x Altura): 90 x 16.5 x 54 cm<\/li>\n<li>Pot\u00eancia calor\u00edfica aproximada: equivalente a 4 kW<\/li>\n<li>Acabamento: a\u00e7o esmaltado em preto, com fundo preto e vidro frontal;<\/li>\n<li>2 dep\u00f3sitos de combust\u00e3o de 1.2 L fabricados em a\u00e7o inoxid\u00e1vel com fibra inclu\u00edda para maior seguran\u00e7a;<\/li>\n<li>Inclui ferramenta para apagar a chama;<\/li>\n<li>Chama Real com sensa\u00e7\u00e3o de calor quase imediata;<\/li>\n<li>Limpa, sem fumo e cinzas, de f\u00e1cil manuten\u00e7\u00e3o;<\/li>\n<li>Independente de outra fonte de energia, como g\u00e1s ou eletricidade;<\/li>\n<li>Inclui ferramenta para apagar a chama;<\/li>\n<li>Acess\u00f3rios de decora\u00e7\u00e3o dispon\u00edveis: pedras, lenhas (os acess\u00f3rios devem ser colocados ao redor do dep\u00f3sito, sem cobrir).<\/li>\n<\/ul>\n<p><strong>Nota<\/strong>: Os acess\u00f3rios n\u00e3o est\u00e3o inclu\u00eddos, podem ser adquiridos \u00e0 parte,\u00a0 que poder\u00e1 encontrar\u00a0<a href=\"https:\/\/curiosidadesedicas.com\/loja\/categoria-produto\/aquecimento\/acessorios-p-bioetanol\/\" target=\"_blank\" rel=\"noopener\"><strong>aqui<\/strong><\/a><\/p>\n<p><strong>Aquecedores de Bioetanol<\/strong><\/p>\n<p>Os aquecedores utilizam um combust\u00edvel de origem vegetal, limpo e que respeita as normas ambientais. O bioetanol \u00e9 obtido atrav\u00e9s de um processo completamente natural, mediante a fermenta\u00e7\u00e3o de plantas, caules, cana de a\u00e7\u00facar, beterraba e pela destila\u00e7\u00e3o do amido de trigo e de milho.<\/p>\n<ul>\n<li>Poder\u00e1 encontrar\u00a0<strong><a href=\"https:\/\/curiosidadesedicas.com\/loja\/categoria-produto\/aquecimento\/acessorios-p-bioetanol\/\" target=\"_blank\" rel=\"noopener\">aqui<\/a>,<\/strong> o Bietanol Biofire para os seus aquecedores.<\/li>\n<\/ul>\n<p><strong>Dispon\u00edvel:\u00a0 entrega em 5 dias<\/strong><\/p>\n<p><img decoding=\"async\" src=\"https:\/\/curiosidadesedicas.com\/loja\/wp-content\/uploads\/2022\/01\/Etna_amb3.jpg\" \/><\/p>\n","protected":false},"featured_media":23102,"comment_status":"open","ping_status":"closed","template":"","meta":{"_glsr_average":0,"_glsr_ranking":0,"_glsr_reviews":0},"product_brand":[],"product_cat":[368,477,495],"product_tag":[],"class_list":{"0":"post-23097","1":"product","2":"type-product","3":"status-publish","4":"has-post-thumbnail","6":"product_cat-aquecimento","7":"product_cat-lareira-bioetanol","8":"product_cat-lareiras-de-parede","10":"first","11":"instock","12":"taxable","13":"shipping-taxable","14":"purchasable","15":"product-type-simple"},"yoast_head":"<!-- This site is optimized with the Yoast SEO plugin v26.8 - https:\/\/yoast.com\/product\/yoast-seo-wordpress\/ -->\n<title>LAREIRA DE PAREDE DE BIOETANOL ETNA - Curiosidades &amp; Dicas, Lda<\/title>\n<meta name=\"robots\" content=\"index, follow, max-snippet:-1, max-image-preview:large, max-video-preview:-1\" \/>\n<link rel=\"canonical\" href=\"https:\/\/curiosidadesedicas.com\/loja\/produto\/lareira-de-parede-de-bioetanol-etna\/\" \/>\n<meta property=\"og:locale\" content=\"pt_PT\" \/>\n<meta property=\"og:type\" content=\"article\" \/>\n<meta property=\"og:title\" content=\"LAREIRA DE PAREDE DE BIOETANOL ETNA - Curiosidades &amp; Dicas, Lda\" \/>\n<meta property=\"og:description\" content=\"Lareira panor\u00e2mica de cor preta com grande vidro frontal temperado. Conta ainda com grande poder calor\u00edfico gra\u00e7as aos dois queimadores.  As Lareiras de bioetanol s\u00e3o uma excelente alternativa \u00e0s tradicionais Lareiras e Salamandras, para os clientes que gostam de desfrutar do fogo, com chamas reais e sem necessidade de fazer obras ou instala\u00e7\u00f5es. Funcionam gra\u00e7as a um \u00e1lcool de origem natural e de alto poder calorifico, gra\u00e7as ao qual se consegue uma sensa\u00e7\u00e3o de calor praticamente imediata.   Lareira de parede, panor\u00e2mica e com grande abertura  Dimens\u00f5es (Comprimento x Profundidade x Altura): 90 x 16.5 x 54 cm  Pot\u00eancia calor\u00edfica aproximada: equivalente a 4 kW  Acabamento: a\u00e7o esmaltado em preto, com fundo preto e vidro frontal;  2 dep\u00f3sitos de combust\u00e3o de 1.2 L fabricados em a\u00e7o inoxid\u00e1vel com fibra inclu\u00edda para maior seguran\u00e7a;  Inclui ferramenta para apagar a chama;  Chama Real com sensa\u00e7\u00e3o de calor quase imediata;  Limpa, sem fumo e cinzas, de f\u00e1cil manuten\u00e7\u00e3o;  Independente de outra fonte de energia, como g\u00e1s ou eletricidade;  Inclui ferramenta para apagar a chama;  Acess\u00f3rios de decora\u00e7\u00e3o dispon\u00edveis: pedras, lenhas (os acess\u00f3rios devem ser colocados ao redor do dep\u00f3sito, sem cobrir).  Nota: Os acess\u00f3rios n\u00e3o est\u00e3o inclu\u00eddos, podem ser adquiridos \u00e0 parte,\u00a0 que poder\u00e1 encontrar\u00a0aqui  Aquecedores de Bioetanol  Os aquecedores utilizam um combust\u00edvel de origem vegetal, limpo e que respeita as normas ambientais. O bioetanol \u00e9 obtido atrav\u00e9s de um processo completamente natural, mediante a fermenta\u00e7\u00e3o de plantas, caules, cana de a\u00e7\u00facar, beterraba e pela destila\u00e7\u00e3o do amido de trigo e de milho.   Poder\u00e1 encontrar\u00a0aqui, o Bietanol Biofire para os seus aquecedores.  Dispon\u00edvel:\u00a0 entrega em 5 dias\" \/>\n<meta property=\"og:url\" content=\"https:\/\/curiosidadesedicas.com\/loja\/produto\/lareira-de-parede-de-bioetanol-etna\/\" \/>\n<meta property=\"og:site_name\" content=\"Curiosidades &amp; Dicas, Lda\" \/>\n<meta property=\"article:modified_time\" content=\"2022-02-04T13:01:17+00:00\" \/>\n<meta property=\"og:image\" content=\"https:\/\/curiosidadesedicas.com\/loja\/wp-content\/uploads\/2022\/01\/Capturar-12.png\" \/>\n\t<meta property=\"og:image:width\" content=\"585\" \/>\n\t<meta property=\"og:image:height\" content=\"620\" \/>\n\t<meta property=\"og:image:type\" content=\"image\/png\" \/>\n<meta name=\"twitter:card\" content=\"summary_large_image\" \/>\n<meta name=\"twitter:label1\" content=\"Tempo estimado de leitura\" \/>\n\t<meta name=\"twitter:data1\" content=\"1 minuto\" \/>\n<script type=\"application\/ld+json\" class=\"yoast-schema-graph\">{\"@context\":\"https:\/\/schema.org\",\"@graph\":[{\"@type\":\"WebPage\",\"@id\":\"https:\/\/curiosidadesedicas.com\/loja\/produto\/lareira-de-parede-de-bioetanol-etna\/\",\"url\":\"https:\/\/curiosidadesedicas.com\/loja\/produto\/lareira-de-parede-de-bioetanol-etna\/\",\"name\":\"LAREIRA DE PAREDE DE BIOETANOL ETNA - Curiosidades &amp; Dicas, Lda\",\"isPartOf\":{\"@id\":\"https:\/\/curiosidadesedicas.com\/loja\/#website\"},\"primaryImageOfPage\":{\"@id\":\"https:\/\/curiosidadesedicas.com\/loja\/produto\/lareira-de-parede-de-bioetanol-etna\/#primaryimage\"},\"image\":{\"@id\":\"https:\/\/curiosidadesedicas.com\/loja\/produto\/lareira-de-parede-de-bioetanol-etna\/#primaryimage\"},\"thumbnailUrl\":\"https:\/\/curiosidadesedicas.com\/loja\/wp-content\/uploads\/2022\/01\/Capturar-12.png\",\"datePublished\":\"2022-01-18T16:40:00+00:00\",\"dateModified\":\"2022-02-04T13:01:17+00:00\",\"breadcrumb\":{\"@id\":\"https:\/\/curiosidadesedicas.com\/loja\/produto\/lareira-de-parede-de-bioetanol-etna\/#breadcrumb\"},\"inLanguage\":\"pt-PT\",\"potentialAction\":[{\"@type\":\"ReadAction\",\"target\":[\"https:\/\/curiosidadesedicas.com\/loja\/produto\/lareira-de-parede-de-bioetanol-etna\/\"]}]},{\"@type\":\"ImageObject\",\"inLanguage\":\"pt-PT\",\"@id\":\"https:\/\/curiosidadesedicas.com\/loja\/produto\/lareira-de-parede-de-bioetanol-etna\/#primaryimage\",\"url\":\"https:\/\/curiosidadesedicas.com\/loja\/wp-content\/uploads\/2022\/01\/Capturar-12.png\",\"contentUrl\":\"https:\/\/curiosidadesedicas.com\/loja\/wp-content\/uploads\/2022\/01\/Capturar-12.png\",\"width\":585,\"height\":620},{\"@type\":\"BreadcrumbList\",\"@id\":\"https:\/\/curiosidadesedicas.com\/loja\/produto\/lareira-de-parede-de-bioetanol-etna\/#breadcrumb\",\"itemListElement\":[{\"@type\":\"ListItem\",\"position\":1,\"name\":\"In\u00edcio\",\"item\":\"https:\/\/curiosidadesedicas.com\/loja\/\"},{\"@type\":\"ListItem\",\"position\":2,\"name\":\"Produtos\",\"item\":\"https:\/\/curiosidadesedicas.com\/loja\/produtos\/\"},{\"@type\":\"ListItem\",\"position\":3,\"name\":\"LAREIRA DE PAREDE DE BIOETANOL ETNA\"}]},{\"@type\":\"WebSite\",\"@id\":\"https:\/\/curiosidadesedicas.com\/loja\/#website\",\"url\":\"https:\/\/curiosidadesedicas.com\/loja\/\",\"name\":\"Curiosidades &amp; Dicas, Lda\",\"description\":\"Apaixonados Por Inova\u00e7\u00e3o\",\"publisher\":{\"@id\":\"https:\/\/curiosidadesedicas.com\/loja\/#organization\"},\"potentialAction\":[{\"@type\":\"SearchAction\",\"target\":{\"@type\":\"EntryPoint\",\"urlTemplate\":\"https:\/\/curiosidadesedicas.com\/loja\/?s={search_term_string}\"},\"query-input\":{\"@type\":\"PropertyValueSpecification\",\"valueRequired\":true,\"valueName\":\"search_term_string\"}}],\"inLanguage\":\"pt-PT\"},{\"@type\":\"Organization\",\"@id\":\"https:\/\/curiosidadesedicas.com\/loja\/#organization\",\"name\":\"Curiosidades & Dicas\",\"url\":\"https:\/\/curiosidadesedicas.com\/loja\/\",\"logo\":{\"@type\":\"ImageObject\",\"inLanguage\":\"pt-PT\",\"@id\":\"https:\/\/curiosidadesedicas.com\/loja\/#\/schema\/logo\/image\/\",\"url\":\"https:\/\/curiosidadesedicas.com\/loja\/wp-content\/uploads\/2020\/05\/LogoCuriosidadesSimples.png\",\"contentUrl\":\"https:\/\/curiosidadesedicas.com\/loja\/wp-content\/uploads\/2020\/05\/LogoCuriosidadesSimples.png\",\"width\":3528,\"height\":804,\"caption\":\"Curiosidades & Dicas\"},\"image\":{\"@id\":\"https:\/\/curiosidadesedicas.com\/loja\/#\/schema\/logo\/image\/\"}}]}<\/script>\n<!-- \/ Yoast SEO plugin. -->","yoast_head_json":{"title":"LAREIRA DE PAREDE DE BIOETANOL ETNA - Curiosidades &amp; Dicas, Lda","robots":{"index":"index","follow":"follow","max-snippet":"max-snippet:-1","max-image-preview":"max-image-preview:large","max-video-preview":"max-video-preview:-1"},"canonical":"https:\/\/curiosidadesedicas.com\/loja\/produto\/lareira-de-parede-de-bioetanol-etna\/","og_locale":"pt_PT","og_type":"article","og_title":"LAREIRA DE PAREDE DE BIOETANOL ETNA - Curiosidades &amp; Dicas, Lda","og_description":"Lareira panor\u00e2mica de cor preta com grande vidro frontal temperado. Conta ainda com grande poder calor\u00edfico gra\u00e7as aos dois queimadores.  As Lareiras de bioetanol s\u00e3o uma excelente alternativa \u00e0s tradicionais Lareiras e Salamandras, para os clientes que gostam de desfrutar do fogo, com chamas reais e sem necessidade de fazer obras ou instala\u00e7\u00f5es. Funcionam gra\u00e7as a um \u00e1lcool de origem natural e de alto poder calorifico, gra\u00e7as ao qual se consegue uma sensa\u00e7\u00e3o de calor praticamente imediata.   Lareira de parede, panor\u00e2mica e com grande abertura  Dimens\u00f5es (Comprimento x Profundidade x Altura): 90 x 16.5 x 54 cm  Pot\u00eancia calor\u00edfica aproximada: equivalente a 4 kW  Acabamento: a\u00e7o esmaltado em preto, com fundo preto e vidro frontal;  2 dep\u00f3sitos de combust\u00e3o de 1.2 L fabricados em a\u00e7o inoxid\u00e1vel com fibra inclu\u00edda para maior seguran\u00e7a;  Inclui ferramenta para apagar a chama;  Chama Real com sensa\u00e7\u00e3o de calor quase imediata;  Limpa, sem fumo e cinzas, de f\u00e1cil manuten\u00e7\u00e3o;  Independente de outra fonte de energia, como g\u00e1s ou eletricidade;  Inclui ferramenta para apagar a chama;  Acess\u00f3rios de decora\u00e7\u00e3o dispon\u00edveis: pedras, lenhas (os acess\u00f3rios devem ser colocados ao redor do dep\u00f3sito, sem cobrir).  Nota: Os acess\u00f3rios n\u00e3o est\u00e3o inclu\u00eddos, podem ser adquiridos \u00e0 parte,\u00a0 que poder\u00e1 encontrar\u00a0aqui  Aquecedores de Bioetanol  Os aquecedores utilizam um combust\u00edvel de origem vegetal, limpo e que respeita as normas ambientais. O bioetanol \u00e9 obtido atrav\u00e9s de um processo completamente natural, mediante a fermenta\u00e7\u00e3o de plantas, caules, cana de a\u00e7\u00facar, beterraba e pela destila\u00e7\u00e3o do amido de trigo e de milho.   Poder\u00e1 encontrar\u00a0aqui, o Bietanol Biofire para os seus aquecedores.  Dispon\u00edvel:\u00a0 entrega em 5 dias","og_url":"https:\/\/curiosidadesedicas.com\/loja\/produto\/lareira-de-parede-de-bioetanol-etna\/","og_site_name":"Curiosidades &amp; Dicas, Lda","article_modified_time":"2022-02-04T13:01:17+00:00","og_image":[{"width":585,"height":620,"url":"https:\/\/curiosidadesedicas.com\/loja\/wp-content\/uploads\/2022\/01\/Capturar-12.png","type":"image\/png"}],"twitter_card":"summary_large_image","twitter_misc":{"Tempo estimado de leitura":"1 minuto"},"schema":{"@context":"https:\/\/schema.org","@graph":[{"@type":"WebPage","@id":"https:\/\/curiosidadesedicas.com\/loja\/produto\/lareira-de-parede-de-bioetanol-etna\/","url":"https:\/\/curiosidadesedicas.com\/loja\/produto\/lareira-de-parede-de-bioetanol-etna\/","name":"LAREIRA DE PAREDE DE BIOETANOL ETNA - Curiosidades &amp; Dicas, Lda","isPartOf":{"@id":"https:\/\/curiosidadesedicas.com\/loja\/#website"},"primaryImageOfPage":{"@id":"https:\/\/curiosidadesedicas.com\/loja\/produto\/lareira-de-parede-de-bioetanol-etna\/#primaryimage"},"image":{"@id":"https:\/\/curiosidadesedicas.com\/loja\/produto\/lareira-de-parede-de-bioetanol-etna\/#primaryimage"},"thumbnailUrl":"https:\/\/curiosidadesedicas.com\/loja\/wp-content\/uploads\/2022\/01\/Capturar-12.png","datePublished":"2022-01-18T16:40:00+00:00","dateModified":"2022-02-04T13:01:17+00:00","breadcrumb":{"@id":"https:\/\/curiosidadesedicas.com\/loja\/produto\/lareira-de-parede-de-bioetanol-etna\/#breadcrumb"},"inLanguage":"pt-PT","potentialAction":[{"@type":"ReadAction","target":["https:\/\/curiosidadesedicas.com\/loja\/produto\/lareira-de-parede-de-bioetanol-etna\/"]}]},{"@type":"ImageObject","inLanguage":"pt-PT","@id":"https:\/\/curiosidadesedicas.com\/loja\/produto\/lareira-de-parede-de-bioetanol-etna\/#primaryimage","url":"https:\/\/curiosidadesedicas.com\/loja\/wp-content\/uploads\/2022\/01\/Capturar-12.png","contentUrl":"https:\/\/curiosidadesedicas.com\/loja\/wp-content\/uploads\/2022\/01\/Capturar-12.png","width":585,"height":620},{"@type":"BreadcrumbList","@id":"https:\/\/curiosidadesedicas.com\/loja\/produto\/lareira-de-parede-de-bioetanol-etna\/#breadcrumb","itemListElement":[{"@type":"ListItem","position":1,"name":"In\u00edcio","item":"https:\/\/curiosidadesedicas.com\/loja\/"},{"@type":"ListItem","position":2,"name":"Produtos","item":"https:\/\/curiosidadesedicas.com\/loja\/produtos\/"},{"@type":"ListItem","position":3,"name":"LAREIRA DE PAREDE DE BIOETANOL ETNA"}]},{"@type":"WebSite","@id":"https:\/\/curiosidadesedicas.com\/loja\/#website","url":"https:\/\/curiosidadesedicas.com\/loja\/","name":"Curiosidades &amp; Dicas, Lda","description":"Apaixonados Por Inova\u00e7\u00e3o","publisher":{"@id":"https:\/\/curiosidadesedicas.com\/loja\/#organization"},"potentialAction":[{"@type":"SearchAction","target":{"@type":"EntryPoint","urlTemplate":"https:\/\/curiosidadesedicas.com\/loja\/?s={search_term_string}"},"query-input":{"@type":"PropertyValueSpecification","valueRequired":true,"valueName":"search_term_string"}}],"inLanguage":"pt-PT"},{"@type":"Organization","@id":"https:\/\/curiosidadesedicas.com\/loja\/#organization","name":"Curiosidades & Dicas","url":"https:\/\/curiosidadesedicas.com\/loja\/","logo":{"@type":"ImageObject","inLanguage":"pt-PT","@id":"https:\/\/curiosidadesedicas.com\/loja\/#\/schema\/logo\/image\/","url":"https:\/\/curiosidadesedicas.com\/loja\/wp-content\/uploads\/2020\/05\/LogoCuriosidadesSimples.png","contentUrl":"https:\/\/curiosidadesedicas.com\/loja\/wp-content\/uploads\/2020\/05\/LogoCuriosidadesSimples.png","width":3528,"height":804,"caption":"Curiosidades & Dicas"},"image":{"@id":"https:\/\/curiosidadesedicas.com\/loja\/#\/schema\/logo\/image\/"}}]}},"_links":{"self":[{"href":"https:\/\/curiosidadesedicas.com\/loja\/wp-json\/wp\/v2\/product\/23097","targetHints":{"allow":["GET"]}}],"collection":[{"href":"https:\/\/curiosidadesedicas.com\/loja\/wp-json\/wp\/v2\/product"}],"about":[{"href":"https:\/\/curiosidadesedicas.com\/loja\/wp-json\/wp\/v2\/types\/product"}],"replies":[{"embeddable":true,"href":"https:\/\/curiosidadesedicas.com\/loja\/wp-json\/wp\/v2\/comments?post=23097"}],"wp:featuredmedia":[{"embeddable":true,"href":"https:\/\/curiosidadesedicas.com\/loja\/wp-json\/wp\/v2\/media\/23102"}],"wp:attachment":[{"href":"https:\/\/curiosidadesedicas.com\/loja\/wp-json\/wp\/v2\/media?parent=23097"}],"wp:term":[{"taxonomy":"product_brand","embeddable":true,"href":"https:\/\/curiosidadesedicas.com\/loja\/wp-json\/wp\/v2\/product_brand?post=23097"},{"taxonomy":"product_cat","embeddable":true,"href":"https:\/\/curiosidadesedicas.com\/loja\/wp-json\/wp\/v2\/product_cat?post=23097"},{"taxonomy":"product_tag","embeddable":true,"href":"https:\/\/curiosidadesedicas.com\/loja\/wp-json\/wp\/v2\/product_tag?post=23097"}],"curies":[{"name":"wp","href":"https:\/\/api.w.org\/{rel}","templated":true}]}}