{"id":22058,"date":"2021-11-03T12:51:36","date_gmt":"2021-11-03T12:51:36","guid":{"rendered":"https:\/\/curiosidadesedicas.com\/loja\/?post_type=product&#038;p=22058"},"modified":"2024-12-18T12:38:12","modified_gmt":"2024-12-18T12:38:12","slug":"saco-de-agua-quente-eletrico","status":"publish","type":"product","link":"https:\/\/curiosidadesedicas.com\/loja\/produto\/saco-de-agua-quente-eletrico\/","title":{"rendered":"SACO DE \u00c1GUA QUENTE EL\u00c9TRICO"},"content":{"rendered":"<p>O saco de \u00e1gua quente el\u00e9trico \u00e9 perfeito para\u00a0aliviar dores musculares e deixar entrar o calor no inverno.\u00a0Um\u00a0saco de \u00e1gua el\u00e9trico\u00a0t\u00e3o suave e confort\u00e1vel como uma almofada ou travesseiro de toque aveludado. Al\u00e9m disso, o seu funcionamento \u00e9 muito simples, basta lig\u00e1-lo \u00e0 eletricidade uns minutos.<\/p>\n","protected":false},"excerpt":{"rendered":"<p>O saco de \u00e1gua quente el\u00e9trico \u00e9 perfeito para\u00a0aliviar dores musculares e deixar entrar o calor no inverno.\u00a0Um\u00a0saco de \u00e1gua el\u00e9trico\u00a0t\u00e3o suave e confort\u00e1vel como uma almofada ou travesseiro de toque aveludado. Al\u00e9m disso, o seu funcionamento \u00e9 muito simples, basta lig\u00e1-lo \u00e0 eletricidade uns minutos.<\/p>\n<ul>\n<li>Fabricado em poli\u00e9ster, borracha e PP<\/li>\n<li>Enche-se de \u00e1gua (n\u00e3o \u00e9 necess\u00e1rio substituir a \u00e1gua a cada utiliza\u00e7\u00e3o)<\/li>\n<li>Mant\u00e9m a temperatura at\u00e9 2 horas<\/li>\n<li>Temperatura m\u00e1xima: 75 \u00baC<\/li>\n<li>Tempo de carga aprox.: 8 minutos<\/li>\n<li>Prote\u00e7\u00e3o contra sobreaquecimento<\/li>\n<li>Inclui cabo extra\u00edvel de carga (aprox. 140 cm)<\/li>\n<li>Pot\u00eancia: 600W<\/li>\n<li>Tens\u00e3o: 220-240V<\/li>\n<li>Frequ\u00eancia: 50 Hz<\/li>\n<li>Medidas aprox.: 18 x 23 x 4cm<\/li>\n<\/ul>\n<p>https:\/\/youtu.be\/81j_NnzE8oY<\/p>\n<p>&nbsp;<\/p>\n","protected":false},"featured_media":22064,"comment_status":"open","ping_status":"closed","template":"","meta":{"_glsr_average":0,"_glsr_ranking":0,"_glsr_reviews":0},"product_brand":[],"product_cat":[357,358,368,479],"product_tag":[],"class_list":{"0":"post-22058","1":"product","2":"type-product","3":"status-publish","4":"has-post-thumbnail","6":"product_cat-bem-estar","7":"product_cat-saude-e-higiene","8":"product_cat-aquecimento","9":"product_cat-casa","11":"first","12":"instock","13":"taxable","14":"shipping-taxable","15":"purchasable","16":"product-type-simple"},"yoast_head":"<!-- This site is optimized with the Yoast SEO plugin v26.8 - https:\/\/yoast.com\/product\/yoast-seo-wordpress\/ -->\n<title>SACO DE \u00c1GUA QUENTE EL\u00c9TRICO - Curiosidades &amp; Dicas, Lda<\/title>\n<meta name=\"robots\" content=\"index, follow, max-snippet:-1, max-image-preview:large, max-video-preview:-1\" \/>\n<link rel=\"canonical\" href=\"https:\/\/curiosidadesedicas.com\/loja\/produto\/saco-de-agua-quente-eletrico\/\" \/>\n<meta property=\"og:locale\" content=\"pt_PT\" \/>\n<meta property=\"og:type\" content=\"article\" \/>\n<meta property=\"og:title\" content=\"SACO DE \u00c1GUA QUENTE EL\u00c9TRICO - Curiosidades &amp; Dicas, Lda\" \/>\n<meta property=\"og:description\" content=\"O saco de \u00e1gua quente el\u00e9trico \u00e9 perfeito para\u00a0aliviar dores musculares e deixar entrar o calor no inverno.\u00a0Um\u00a0saco de \u00e1gua el\u00e9trico\u00a0t\u00e3o suave e confort\u00e1vel como uma almofada ou travesseiro de toque aveludado. Al\u00e9m disso, o seu funcionamento \u00e9 muito simples, basta lig\u00e1-lo \u00e0 eletricidade uns minutos.   Fabricado em poli\u00e9ster, borracha e PP  Enche-se de \u00e1gua (n\u00e3o \u00e9 necess\u00e1rio substituir a \u00e1gua a cada utiliza\u00e7\u00e3o)  Mant\u00e9m a temperatura at\u00e9 2 horas  Temperatura m\u00e1xima: 75 \u00baC  Tempo de carga aprox.: 8 minutos  Prote\u00e7\u00e3o contra sobreaquecimento  Inclui cabo extra\u00edvel de carga (aprox. 140 cm)  Pot\u00eancia: 600W  Tens\u00e3o: 220-240V  Frequ\u00eancia: 50 Hz  Medidas aprox.: 18 x 23 x 4cm  https:\/\/youtu.be\/81j_NnzE8oY  &nbsp;\" \/>\n<meta property=\"og:url\" content=\"https:\/\/curiosidadesedicas.com\/loja\/produto\/saco-de-agua-quente-eletrico\/\" \/>\n<meta property=\"og:site_name\" content=\"Curiosidades &amp; Dicas, Lda\" \/>\n<meta property=\"article:modified_time\" content=\"2024-12-18T12:38:12+00:00\" \/>\n<meta property=\"og:image\" content=\"https:\/\/curiosidadesedicas.com\/loja\/wp-content\/uploads\/2021\/11\/saco-de-agua-quente-eletrico-innovagoods.jpg\" \/>\n\t<meta property=\"og:image:width\" content=\"600\" \/>\n\t<meta property=\"og:image:height\" content=\"600\" \/>\n\t<meta property=\"og:image:type\" content=\"image\/jpeg\" \/>\n<meta name=\"twitter:card\" content=\"summary_large_image\" \/>\n<meta name=\"twitter:label1\" content=\"Tempo estimado de leitura\" \/>\n\t<meta name=\"twitter:data1\" content=\"1 minuto\" \/>\n<script type=\"application\/ld+json\" class=\"yoast-schema-graph\">{\"@context\":\"https:\/\/schema.org\",\"@graph\":[{\"@type\":\"WebPage\",\"@id\":\"https:\/\/curiosidadesedicas.com\/loja\/produto\/saco-de-agua-quente-eletrico\/\",\"url\":\"https:\/\/curiosidadesedicas.com\/loja\/produto\/saco-de-agua-quente-eletrico\/\",\"name\":\"SACO DE \u00c1GUA QUENTE EL\u00c9TRICO - Curiosidades &amp; Dicas, Lda\",\"isPartOf\":{\"@id\":\"https:\/\/curiosidadesedicas.com\/loja\/#website\"},\"primaryImageOfPage\":{\"@id\":\"https:\/\/curiosidadesedicas.com\/loja\/produto\/saco-de-agua-quente-eletrico\/#primaryimage\"},\"image\":{\"@id\":\"https:\/\/curiosidadesedicas.com\/loja\/produto\/saco-de-agua-quente-eletrico\/#primaryimage\"},\"thumbnailUrl\":\"https:\/\/curiosidadesedicas.com\/loja\/wp-content\/uploads\/2021\/11\/saco-de-agua-quente-eletrico-innovagoods.jpg\",\"datePublished\":\"2021-11-03T12:51:36+00:00\",\"dateModified\":\"2024-12-18T12:38:12+00:00\",\"breadcrumb\":{\"@id\":\"https:\/\/curiosidadesedicas.com\/loja\/produto\/saco-de-agua-quente-eletrico\/#breadcrumb\"},\"inLanguage\":\"pt-PT\",\"potentialAction\":[{\"@type\":\"ReadAction\",\"target\":[\"https:\/\/curiosidadesedicas.com\/loja\/produto\/saco-de-agua-quente-eletrico\/\"]}]},{\"@type\":\"ImageObject\",\"inLanguage\":\"pt-PT\",\"@id\":\"https:\/\/curiosidadesedicas.com\/loja\/produto\/saco-de-agua-quente-eletrico\/#primaryimage\",\"url\":\"https:\/\/curiosidadesedicas.com\/loja\/wp-content\/uploads\/2021\/11\/saco-de-agua-quente-eletrico-innovagoods.jpg\",\"contentUrl\":\"https:\/\/curiosidadesedicas.com\/loja\/wp-content\/uploads\/2021\/11\/saco-de-agua-quente-eletrico-innovagoods.jpg\",\"width\":600,\"height\":600},{\"@type\":\"BreadcrumbList\",\"@id\":\"https:\/\/curiosidadesedicas.com\/loja\/produto\/saco-de-agua-quente-eletrico\/#breadcrumb\",\"itemListElement\":[{\"@type\":\"ListItem\",\"position\":1,\"name\":\"In\u00edcio\",\"item\":\"https:\/\/curiosidadesedicas.com\/loja\/\"},{\"@type\":\"ListItem\",\"position\":2,\"name\":\"Produtos\",\"item\":\"https:\/\/curiosidadesedicas.com\/loja\/produtos\/\"},{\"@type\":\"ListItem\",\"position\":3,\"name\":\"SACO DE \u00c1GUA QUENTE EL\u00c9TRICO\"}]},{\"@type\":\"WebSite\",\"@id\":\"https:\/\/curiosidadesedicas.com\/loja\/#website\",\"url\":\"https:\/\/curiosidadesedicas.com\/loja\/\",\"name\":\"Curiosidades &amp; Dicas, Lda\",\"description\":\"Apaixonados Por Inova\u00e7\u00e3o\",\"publisher\":{\"@id\":\"https:\/\/curiosidadesedicas.com\/loja\/#organization\"},\"potentialAction\":[{\"@type\":\"SearchAction\",\"target\":{\"@type\":\"EntryPoint\",\"urlTemplate\":\"https:\/\/curiosidadesedicas.com\/loja\/?s={search_term_string}\"},\"query-input\":{\"@type\":\"PropertyValueSpecification\",\"valueRequired\":true,\"valueName\":\"search_term_string\"}}],\"inLanguage\":\"pt-PT\"},{\"@type\":\"Organization\",\"@id\":\"https:\/\/curiosidadesedicas.com\/loja\/#organization\",\"name\":\"Curiosidades & Dicas\",\"url\":\"https:\/\/curiosidadesedicas.com\/loja\/\",\"logo\":{\"@type\":\"ImageObject\",\"inLanguage\":\"pt-PT\",\"@id\":\"https:\/\/curiosidadesedicas.com\/loja\/#\/schema\/logo\/image\/\",\"url\":\"https:\/\/curiosidadesedicas.com\/loja\/wp-content\/uploads\/2020\/05\/LogoCuriosidadesSimples.png\",\"contentUrl\":\"https:\/\/curiosidadesedicas.com\/loja\/wp-content\/uploads\/2020\/05\/LogoCuriosidadesSimples.png\",\"width\":3528,\"height\":804,\"caption\":\"Curiosidades & Dicas\"},\"image\":{\"@id\":\"https:\/\/curiosidadesedicas.com\/loja\/#\/schema\/logo\/image\/\"}}]}<\/script>\n<!-- \/ Yoast SEO plugin. -->","yoast_head_json":{"title":"SACO DE \u00c1GUA QUENTE EL\u00c9TRICO - Curiosidades &amp; Dicas, Lda","robots":{"index":"index","follow":"follow","max-snippet":"max-snippet:-1","max-image-preview":"max-image-preview:large","max-video-preview":"max-video-preview:-1"},"canonical":"https:\/\/curiosidadesedicas.com\/loja\/produto\/saco-de-agua-quente-eletrico\/","og_locale":"pt_PT","og_type":"article","og_title":"SACO DE \u00c1GUA QUENTE EL\u00c9TRICO - Curiosidades &amp; Dicas, Lda","og_description":"O saco de \u00e1gua quente el\u00e9trico \u00e9 perfeito para\u00a0aliviar dores musculares e deixar entrar o calor no inverno.\u00a0Um\u00a0saco de \u00e1gua el\u00e9trico\u00a0t\u00e3o suave e confort\u00e1vel como uma almofada ou travesseiro de toque aveludado. Al\u00e9m disso, o seu funcionamento \u00e9 muito simples, basta lig\u00e1-lo \u00e0 eletricidade uns minutos.   Fabricado em poli\u00e9ster, borracha e PP  Enche-se de \u00e1gua (n\u00e3o \u00e9 necess\u00e1rio substituir a \u00e1gua a cada utiliza\u00e7\u00e3o)  Mant\u00e9m a temperatura at\u00e9 2 horas  Temperatura m\u00e1xima: 75 \u00baC  Tempo de carga aprox.: 8 minutos  Prote\u00e7\u00e3o contra sobreaquecimento  Inclui cabo extra\u00edvel de carga (aprox. 140 cm)  Pot\u00eancia: 600W  Tens\u00e3o: 220-240V  Frequ\u00eancia: 50 Hz  Medidas aprox.: 18 x 23 x 4cm  https:\/\/youtu.be\/81j_NnzE8oY  &nbsp;","og_url":"https:\/\/curiosidadesedicas.com\/loja\/produto\/saco-de-agua-quente-eletrico\/","og_site_name":"Curiosidades &amp; Dicas, Lda","article_modified_time":"2024-12-18T12:38:12+00:00","og_image":[{"width":600,"height":600,"url":"https:\/\/curiosidadesedicas.com\/loja\/wp-content\/uploads\/2021\/11\/saco-de-agua-quente-eletrico-innovagoods.jpg","type":"image\/jpeg"}],"twitter_card":"summary_large_image","twitter_misc":{"Tempo estimado de leitura":"1 minuto"},"schema":{"@context":"https:\/\/schema.org","@graph":[{"@type":"WebPage","@id":"https:\/\/curiosidadesedicas.com\/loja\/produto\/saco-de-agua-quente-eletrico\/","url":"https:\/\/curiosidadesedicas.com\/loja\/produto\/saco-de-agua-quente-eletrico\/","name":"SACO DE \u00c1GUA QUENTE EL\u00c9TRICO - Curiosidades &amp; Dicas, Lda","isPartOf":{"@id":"https:\/\/curiosidadesedicas.com\/loja\/#website"},"primaryImageOfPage":{"@id":"https:\/\/curiosidadesedicas.com\/loja\/produto\/saco-de-agua-quente-eletrico\/#primaryimage"},"image":{"@id":"https:\/\/curiosidadesedicas.com\/loja\/produto\/saco-de-agua-quente-eletrico\/#primaryimage"},"thumbnailUrl":"https:\/\/curiosidadesedicas.com\/loja\/wp-content\/uploads\/2021\/11\/saco-de-agua-quente-eletrico-innovagoods.jpg","datePublished":"2021-11-03T12:51:36+00:00","dateModified":"2024-12-18T12:38:12+00:00","breadcrumb":{"@id":"https:\/\/curiosidadesedicas.com\/loja\/produto\/saco-de-agua-quente-eletrico\/#breadcrumb"},"inLanguage":"pt-PT","potentialAction":[{"@type":"ReadAction","target":["https:\/\/curiosidadesedicas.com\/loja\/produto\/saco-de-agua-quente-eletrico\/"]}]},{"@type":"ImageObject","inLanguage":"pt-PT","@id":"https:\/\/curiosidadesedicas.com\/loja\/produto\/saco-de-agua-quente-eletrico\/#primaryimage","url":"https:\/\/curiosidadesedicas.com\/loja\/wp-content\/uploads\/2021\/11\/saco-de-agua-quente-eletrico-innovagoods.jpg","contentUrl":"https:\/\/curiosidadesedicas.com\/loja\/wp-content\/uploads\/2021\/11\/saco-de-agua-quente-eletrico-innovagoods.jpg","width":600,"height":600},{"@type":"BreadcrumbList","@id":"https:\/\/curiosidadesedicas.com\/loja\/produto\/saco-de-agua-quente-eletrico\/#breadcrumb","itemListElement":[{"@type":"ListItem","position":1,"name":"In\u00edcio","item":"https:\/\/curiosidadesedicas.com\/loja\/"},{"@type":"ListItem","position":2,"name":"Produtos","item":"https:\/\/curiosidadesedicas.com\/loja\/produtos\/"},{"@type":"ListItem","position":3,"name":"SACO DE \u00c1GUA QUENTE EL\u00c9TRICO"}]},{"@type":"WebSite","@id":"https:\/\/curiosidadesedicas.com\/loja\/#website","url":"https:\/\/curiosidadesedicas.com\/loja\/","name":"Curiosidades &amp; Dicas, Lda","description":"Apaixonados Por Inova\u00e7\u00e3o","publisher":{"@id":"https:\/\/curiosidadesedicas.com\/loja\/#organization"},"potentialAction":[{"@type":"SearchAction","target":{"@type":"EntryPoint","urlTemplate":"https:\/\/curiosidadesedicas.com\/loja\/?s={search_term_string}"},"query-input":{"@type":"PropertyValueSpecification","valueRequired":true,"valueName":"search_term_string"}}],"inLanguage":"pt-PT"},{"@type":"Organization","@id":"https:\/\/curiosidadesedicas.com\/loja\/#organization","name":"Curiosidades & Dicas","url":"https:\/\/curiosidadesedicas.com\/loja\/","logo":{"@type":"ImageObject","inLanguage":"pt-PT","@id":"https:\/\/curiosidadesedicas.com\/loja\/#\/schema\/logo\/image\/","url":"https:\/\/curiosidadesedicas.com\/loja\/wp-content\/uploads\/2020\/05\/LogoCuriosidadesSimples.png","contentUrl":"https:\/\/curiosidadesedicas.com\/loja\/wp-content\/uploads\/2020\/05\/LogoCuriosidadesSimples.png","width":3528,"height":804,"caption":"Curiosidades & Dicas"},"image":{"@id":"https:\/\/curiosidadesedicas.com\/loja\/#\/schema\/logo\/image\/"}}]}},"_links":{"self":[{"href":"https:\/\/curiosidadesedicas.com\/loja\/wp-json\/wp\/v2\/product\/22058","targetHints":{"allow":["GET"]}}],"collection":[{"href":"https:\/\/curiosidadesedicas.com\/loja\/wp-json\/wp\/v2\/product"}],"about":[{"href":"https:\/\/curiosidadesedicas.com\/loja\/wp-json\/wp\/v2\/types\/product"}],"replies":[{"embeddable":true,"href":"https:\/\/curiosidadesedicas.com\/loja\/wp-json\/wp\/v2\/comments?post=22058"}],"wp:featuredmedia":[{"embeddable":true,"href":"https:\/\/curiosidadesedicas.com\/loja\/wp-json\/wp\/v2\/media\/22064"}],"wp:attachment":[{"href":"https:\/\/curiosidadesedicas.com\/loja\/wp-json\/wp\/v2\/media?parent=22058"}],"wp:term":[{"taxonomy":"product_brand","embeddable":true,"href":"https:\/\/curiosidadesedicas.com\/loja\/wp-json\/wp\/v2\/product_brand?post=22058"},{"taxonomy":"product_cat","embeddable":true,"href":"https:\/\/curiosidadesedicas.com\/loja\/wp-json\/wp\/v2\/product_cat?post=22058"},{"taxonomy":"product_tag","embeddable":true,"href":"https:\/\/curiosidadesedicas.com\/loja\/wp-json\/wp\/v2\/product_tag?post=22058"}],"curies":[{"name":"wp","href":"https:\/\/api.w.org\/{rel}","templated":true}]}}