{"id":21808,"date":"2021-08-16T12:12:17","date_gmt":"2021-08-16T12:12:17","guid":{"rendered":"https:\/\/curiosidadesedicas.com\/loja\/?post_type=product&#038;p=21808"},"modified":"2022-08-29T17:30:26","modified_gmt":"2022-08-29T17:30:26","slug":"projetor-de-estrelas-led","status":"publish","type":"product","link":"https:\/\/curiosidadesedicas.com\/loja\/produto\/projetor-de-estrelas-led\/","title":{"rendered":"PROJETOR DE ESTRELAS LED"},"content":{"rendered":"<table class=\"c-product-deco__table\">\n<tbody class=\"c-product-deco__table__tbody\">\n<tr class=\"row c-product-deco__table__row\">\n<td class=\"c-product-deco__table__label\">POT\u00caNCIA:<\/td>\n<td class=\"c-product-deco__table__value\">5 W<\/td>\n<\/tr>\n<tr class=\"row c-product-deco__table__row\">\n<td class=\"c-product-deco__table__label\">ALIMENTA\u00c7\u00c3O:<\/td>\n<td class=\"c-product-deco__table__value\">220-240V AC<\/td>\n<\/tr>\n<tr class=\"row c-product-deco__table__row\">\n<td class=\"c-product-deco__table__label\">MULTIVOLTAGEM:<\/td>\n<td class=\"c-product-deco__table__value\">100-240V AC<\/td>\n<\/tr>\n<tr class=\"row c-product-deco__table__row\">\n<td class=\"c-product-deco__table__label\">FREQU\u00caNCIA:<\/td>\n<td class=\"c-product-deco__table__value\">50-60 Hz<\/td>\n<\/tr>\n<tr class=\"row c-product-deco__table__row\">\n<td class=\"c-product-deco__table__label\">SA\u00cdDA:<\/td>\n<td class=\"c-product-deco__table__value\">150 mA<\/td>\n<\/tr>\n<tr class=\"row c-product-deco__table__row\">\n<td class=\"c-product-deco__table__label\">COR DA LUZ:<\/td>\n<td class=\"c-product-deco__table__value\">RGB<\/td>\n<\/tr>\n<tr class=\"row c-product-deco__table__row\">\n<td class=\"c-product-deco__table__label\">\u00c2NGULO DE ABERTURA:<\/td>\n<td class=\"c-product-deco__table__value\">360\u00ba<\/td>\n<\/tr>\n<tr class=\"row c-product-deco__table__row\">\n<td class=\"c-product-deco__table__label\">USO:<\/td>\n<td class=\"c-product-deco__table__value\">Interior<\/td>\n<\/tr>\n<tr class=\"row c-product-deco__table__row\">\n<td class=\"c-product-deco__table__label\">PROTE\u00c7\u00c3O IP:<\/td>\n<td class=\"c-product-deco__table__value\">IP20<\/td>\n<\/tr>\n<tr class=\"row c-product-deco__table__row\">\n<td class=\"c-product-deco__table__label\">MATERIAL:<\/td>\n<td class=\"c-product-deco__table__value\">PC<\/td>\n<\/tr>\n<tr class=\"row c-product-deco__table__row\">\n<td class=\"c-product-deco__table__label\">INCLU\u00cdDO:<\/td>\n<td class=\"c-product-deco__table__value\">Controle Remoto<\/td>\n<\/tr>\n<tr class=\"row c-product-deco__table__row\">\n<td class=\"c-product-deco__table__label\">GARANTIA:<\/td>\n<td class=\"c-product-deco__table__value\">2 Anos<\/td>\n<\/tr>\n<tr class=\"row c-product-deco__table__row\">\n<td class=\"c-product-deco__table__label\">CERTIFICADOS:<\/td>\n<td class=\"c-product-deco__table__value\">CE &amp; RoHS<\/td>\n<\/tr>\n<\/tbody>\n<\/table>\n","protected":false},"excerpt":{"rendered":"<p align=\"justify\"><strong>O Projetor de Estrelas\u00a0<\/strong><strong>LED<\/strong>\u00a0tem um modo de proje\u00e7\u00e3o nebuloso e ondulado com 6 cores \u2013 vermelho, verde, azul e 3 cores mistas que podem ser combinadas como quiser, com 3 n\u00edveis de brilho (30%, 60% ou 100%), ideal para criar uma atmosfera relaxante ou rom\u00e2ntica. O modo de proje\u00e7\u00e3o pode ajustar a velocidade do movimento em 3 modos.<\/p>\n<p align=\"justify\">O Projetor de Estrela LED trabalha com controle remoto para facilitar a montagem das luzes. Pode ser projetado no teto ou na parede gra\u00e7as ao seu design.<\/p>\n<p align=\"justify\">\u00c9 ideal tanto para crian\u00e7as como para adultos. \u00c9 adequado para anivers\u00e1rios, festas, casamentos ou decora\u00e7\u00e3o de quartos.<\/p>\n<p align=\"justify\"><img loading=\"lazy\" decoding=\"async\" class=\"alignnone wp-image-21812 size-large\" src=\"https:\/\/curiosidadesedicas.com\/loja\/wp-content\/uploads\/2021\/08\/proyector-de-estrellas-led-3-1024x1024.jpg\" alt=\"\" width=\"780\" height=\"780\" srcset=\"https:\/\/curiosidadesedicas.com\/loja\/wp-content\/uploads\/2021\/08\/proyector-de-estrellas-led-3-1024x1024.jpg 1024w, https:\/\/curiosidadesedicas.com\/loja\/wp-content\/uploads\/2021\/08\/proyector-de-estrellas-led-3-300x300.jpg 300w, https:\/\/curiosidadesedicas.com\/loja\/wp-content\/uploads\/2021\/08\/proyector-de-estrellas-led-3-150x150.jpg 150w, https:\/\/curiosidadesedicas.com\/loja\/wp-content\/uploads\/2021\/08\/proyector-de-estrellas-led-3-768x768.jpg 768w, https:\/\/curiosidadesedicas.com\/loja\/wp-content\/uploads\/2021\/08\/proyector-de-estrellas-led-3-200x200.jpg 200w, https:\/\/curiosidadesedicas.com\/loja\/wp-content\/uploads\/2021\/08\/proyector-de-estrellas-led-3-600x600.jpg 600w, https:\/\/curiosidadesedicas.com\/loja\/wp-content\/uploads\/2021\/08\/proyector-de-estrellas-led-3-100x100.jpg 100w, https:\/\/curiosidadesedicas.com\/loja\/wp-content\/uploads\/2021\/08\/proyector-de-estrellas-led-3.jpg 1500w\" sizes=\"auto, (max-width: 780px) 100vw, 780px\" \/><\/p>\n","protected":false},"featured_media":21809,"comment_status":"open","ping_status":"closed","template":"","meta":{"_glsr_average":0,"_glsr_ranking":0,"_glsr_reviews":0},"product_brand":[],"product_cat":[345,348,454,446],"product_tag":[],"class_list":{"0":"post-21808","1":"product","2":"type-product","3":"status-publish","4":"has-post-thumbnail","6":"product_cat-gadgets-led","7":"product_cat-decoracao-led","8":"product_cat-natal","9":"product_cat-projetores","11":"first","12":"outofstock","13":"taxable","14":"shipping-taxable","15":"purchasable","16":"product-type-simple"},"yoast_head":"<!-- This site is optimized with the Yoast SEO plugin v26.8 - https:\/\/yoast.com\/product\/yoast-seo-wordpress\/ -->\n<title>PROJETOR DE ESTRELAS LED - Curiosidades &amp; Dicas, Lda<\/title>\n<meta name=\"robots\" content=\"index, follow, max-snippet:-1, max-image-preview:large, max-video-preview:-1\" \/>\n<link rel=\"canonical\" href=\"https:\/\/curiosidadesedicas.com\/loja\/produto\/projetor-de-estrelas-led\/\" \/>\n<meta property=\"og:locale\" content=\"pt_PT\" \/>\n<meta property=\"og:type\" content=\"article\" \/>\n<meta property=\"og:title\" content=\"PROJETOR DE ESTRELAS LED - Curiosidades &amp; Dicas, Lda\" \/>\n<meta property=\"og:description\" content=\"O Projetor de Estrelas\u00a0LED\u00a0tem um modo de proje\u00e7\u00e3o nebuloso e ondulado com 6 cores \u2013 vermelho, verde, azul e 3 cores mistas que podem ser combinadas como quiser, com 3 n\u00edveis de brilho (30%, 60% ou 100%), ideal para criar uma atmosfera relaxante ou rom\u00e2ntica. O modo de proje\u00e7\u00e3o pode ajustar a velocidade do movimento em 3 modos. O Projetor de Estrela LED trabalha com controle remoto para facilitar a montagem das luzes. Pode ser projetado no teto ou na parede gra\u00e7as ao seu design. \u00c9 ideal tanto para crian\u00e7as como para adultos. \u00c9 adequado para anivers\u00e1rios, festas, casamentos ou decora\u00e7\u00e3o de quartos.\" \/>\n<meta property=\"og:url\" content=\"https:\/\/curiosidadesedicas.com\/loja\/produto\/projetor-de-estrelas-led\/\" \/>\n<meta property=\"og:site_name\" content=\"Curiosidades &amp; Dicas, Lda\" \/>\n<meta property=\"article:modified_time\" content=\"2022-08-29T17:30:26+00:00\" \/>\n<meta property=\"og:image\" content=\"https:\/\/curiosidadesedicas.com\/loja\/wp-content\/uploads\/2021\/08\/proyector-de-estrellas-led.jpg\" \/>\n\t<meta property=\"og:image:width\" content=\"1500\" \/>\n\t<meta property=\"og:image:height\" content=\"1500\" \/>\n\t<meta property=\"og:image:type\" content=\"image\/jpeg\" \/>\n<meta name=\"twitter:card\" content=\"summary_large_image\" \/>\n<meta name=\"twitter:label1\" content=\"Tempo estimado de leitura\" \/>\n\t<meta name=\"twitter:data1\" content=\"1 minuto\" \/>\n<script type=\"application\/ld+json\" class=\"yoast-schema-graph\">{\"@context\":\"https:\/\/schema.org\",\"@graph\":[{\"@type\":\"WebPage\",\"@id\":\"https:\/\/curiosidadesedicas.com\/loja\/produto\/projetor-de-estrelas-led\/\",\"url\":\"https:\/\/curiosidadesedicas.com\/loja\/produto\/projetor-de-estrelas-led\/\",\"name\":\"PROJETOR DE ESTRELAS LED - Curiosidades &amp; Dicas, Lda\",\"isPartOf\":{\"@id\":\"https:\/\/curiosidadesedicas.com\/loja\/#website\"},\"primaryImageOfPage\":{\"@id\":\"https:\/\/curiosidadesedicas.com\/loja\/produto\/projetor-de-estrelas-led\/#primaryimage\"},\"image\":{\"@id\":\"https:\/\/curiosidadesedicas.com\/loja\/produto\/projetor-de-estrelas-led\/#primaryimage\"},\"thumbnailUrl\":\"https:\/\/curiosidadesedicas.com\/loja\/wp-content\/uploads\/2021\/08\/proyector-de-estrellas-led.jpg\",\"datePublished\":\"2021-08-16T12:12:17+00:00\",\"dateModified\":\"2022-08-29T17:30:26+00:00\",\"breadcrumb\":{\"@id\":\"https:\/\/curiosidadesedicas.com\/loja\/produto\/projetor-de-estrelas-led\/#breadcrumb\"},\"inLanguage\":\"pt-PT\",\"potentialAction\":[{\"@type\":\"ReadAction\",\"target\":[\"https:\/\/curiosidadesedicas.com\/loja\/produto\/projetor-de-estrelas-led\/\"]}]},{\"@type\":\"ImageObject\",\"inLanguage\":\"pt-PT\",\"@id\":\"https:\/\/curiosidadesedicas.com\/loja\/produto\/projetor-de-estrelas-led\/#primaryimage\",\"url\":\"https:\/\/curiosidadesedicas.com\/loja\/wp-content\/uploads\/2021\/08\/proyector-de-estrellas-led.jpg\",\"contentUrl\":\"https:\/\/curiosidadesedicas.com\/loja\/wp-content\/uploads\/2021\/08\/proyector-de-estrellas-led.jpg\",\"width\":1500,\"height\":1500},{\"@type\":\"BreadcrumbList\",\"@id\":\"https:\/\/curiosidadesedicas.com\/loja\/produto\/projetor-de-estrelas-led\/#breadcrumb\",\"itemListElement\":[{\"@type\":\"ListItem\",\"position\":1,\"name\":\"In\u00edcio\",\"item\":\"https:\/\/curiosidadesedicas.com\/loja\/\"},{\"@type\":\"ListItem\",\"position\":2,\"name\":\"Produtos\",\"item\":\"https:\/\/curiosidadesedicas.com\/loja\/produtos\/\"},{\"@type\":\"ListItem\",\"position\":3,\"name\":\"PROJETOR DE ESTRELAS LED\"}]},{\"@type\":\"WebSite\",\"@id\":\"https:\/\/curiosidadesedicas.com\/loja\/#website\",\"url\":\"https:\/\/curiosidadesedicas.com\/loja\/\",\"name\":\"Curiosidades &amp; Dicas, Lda\",\"description\":\"Apaixonados Por Inova\u00e7\u00e3o\",\"publisher\":{\"@id\":\"https:\/\/curiosidadesedicas.com\/loja\/#organization\"},\"potentialAction\":[{\"@type\":\"SearchAction\",\"target\":{\"@type\":\"EntryPoint\",\"urlTemplate\":\"https:\/\/curiosidadesedicas.com\/loja\/?s={search_term_string}\"},\"query-input\":{\"@type\":\"PropertyValueSpecification\",\"valueRequired\":true,\"valueName\":\"search_term_string\"}}],\"inLanguage\":\"pt-PT\"},{\"@type\":\"Organization\",\"@id\":\"https:\/\/curiosidadesedicas.com\/loja\/#organization\",\"name\":\"Curiosidades & Dicas\",\"url\":\"https:\/\/curiosidadesedicas.com\/loja\/\",\"logo\":{\"@type\":\"ImageObject\",\"inLanguage\":\"pt-PT\",\"@id\":\"https:\/\/curiosidadesedicas.com\/loja\/#\/schema\/logo\/image\/\",\"url\":\"https:\/\/curiosidadesedicas.com\/loja\/wp-content\/uploads\/2020\/05\/LogoCuriosidadesSimples.png\",\"contentUrl\":\"https:\/\/curiosidadesedicas.com\/loja\/wp-content\/uploads\/2020\/05\/LogoCuriosidadesSimples.png\",\"width\":3528,\"height\":804,\"caption\":\"Curiosidades & Dicas\"},\"image\":{\"@id\":\"https:\/\/curiosidadesedicas.com\/loja\/#\/schema\/logo\/image\/\"}}]}<\/script>\n<!-- \/ Yoast SEO plugin. -->","yoast_head_json":{"title":"PROJETOR DE ESTRELAS LED - Curiosidades &amp; Dicas, Lda","robots":{"index":"index","follow":"follow","max-snippet":"max-snippet:-1","max-image-preview":"max-image-preview:large","max-video-preview":"max-video-preview:-1"},"canonical":"https:\/\/curiosidadesedicas.com\/loja\/produto\/projetor-de-estrelas-led\/","og_locale":"pt_PT","og_type":"article","og_title":"PROJETOR DE ESTRELAS LED - Curiosidades &amp; Dicas, Lda","og_description":"O Projetor de Estrelas\u00a0LED\u00a0tem um modo de proje\u00e7\u00e3o nebuloso e ondulado com 6 cores \u2013 vermelho, verde, azul e 3 cores mistas que podem ser combinadas como quiser, com 3 n\u00edveis de brilho (30%, 60% ou 100%), ideal para criar uma atmosfera relaxante ou rom\u00e2ntica. O modo de proje\u00e7\u00e3o pode ajustar a velocidade do movimento em 3 modos. O Projetor de Estrela LED trabalha com controle remoto para facilitar a montagem das luzes. Pode ser projetado no teto ou na parede gra\u00e7as ao seu design. \u00c9 ideal tanto para crian\u00e7as como para adultos. \u00c9 adequado para anivers\u00e1rios, festas, casamentos ou decora\u00e7\u00e3o de quartos.","og_url":"https:\/\/curiosidadesedicas.com\/loja\/produto\/projetor-de-estrelas-led\/","og_site_name":"Curiosidades &amp; Dicas, Lda","article_modified_time":"2022-08-29T17:30:26+00:00","og_image":[{"width":1500,"height":1500,"url":"https:\/\/curiosidadesedicas.com\/loja\/wp-content\/uploads\/2021\/08\/proyector-de-estrellas-led.jpg","type":"image\/jpeg"}],"twitter_card":"summary_large_image","twitter_misc":{"Tempo estimado de leitura":"1 minuto"},"schema":{"@context":"https:\/\/schema.org","@graph":[{"@type":"WebPage","@id":"https:\/\/curiosidadesedicas.com\/loja\/produto\/projetor-de-estrelas-led\/","url":"https:\/\/curiosidadesedicas.com\/loja\/produto\/projetor-de-estrelas-led\/","name":"PROJETOR DE ESTRELAS LED - Curiosidades &amp; Dicas, Lda","isPartOf":{"@id":"https:\/\/curiosidadesedicas.com\/loja\/#website"},"primaryImageOfPage":{"@id":"https:\/\/curiosidadesedicas.com\/loja\/produto\/projetor-de-estrelas-led\/#primaryimage"},"image":{"@id":"https:\/\/curiosidadesedicas.com\/loja\/produto\/projetor-de-estrelas-led\/#primaryimage"},"thumbnailUrl":"https:\/\/curiosidadesedicas.com\/loja\/wp-content\/uploads\/2021\/08\/proyector-de-estrellas-led.jpg","datePublished":"2021-08-16T12:12:17+00:00","dateModified":"2022-08-29T17:30:26+00:00","breadcrumb":{"@id":"https:\/\/curiosidadesedicas.com\/loja\/produto\/projetor-de-estrelas-led\/#breadcrumb"},"inLanguage":"pt-PT","potentialAction":[{"@type":"ReadAction","target":["https:\/\/curiosidadesedicas.com\/loja\/produto\/projetor-de-estrelas-led\/"]}]},{"@type":"ImageObject","inLanguage":"pt-PT","@id":"https:\/\/curiosidadesedicas.com\/loja\/produto\/projetor-de-estrelas-led\/#primaryimage","url":"https:\/\/curiosidadesedicas.com\/loja\/wp-content\/uploads\/2021\/08\/proyector-de-estrellas-led.jpg","contentUrl":"https:\/\/curiosidadesedicas.com\/loja\/wp-content\/uploads\/2021\/08\/proyector-de-estrellas-led.jpg","width":1500,"height":1500},{"@type":"BreadcrumbList","@id":"https:\/\/curiosidadesedicas.com\/loja\/produto\/projetor-de-estrelas-led\/#breadcrumb","itemListElement":[{"@type":"ListItem","position":1,"name":"In\u00edcio","item":"https:\/\/curiosidadesedicas.com\/loja\/"},{"@type":"ListItem","position":2,"name":"Produtos","item":"https:\/\/curiosidadesedicas.com\/loja\/produtos\/"},{"@type":"ListItem","position":3,"name":"PROJETOR DE ESTRELAS LED"}]},{"@type":"WebSite","@id":"https:\/\/curiosidadesedicas.com\/loja\/#website","url":"https:\/\/curiosidadesedicas.com\/loja\/","name":"Curiosidades &amp; Dicas, Lda","description":"Apaixonados Por Inova\u00e7\u00e3o","publisher":{"@id":"https:\/\/curiosidadesedicas.com\/loja\/#organization"},"potentialAction":[{"@type":"SearchAction","target":{"@type":"EntryPoint","urlTemplate":"https:\/\/curiosidadesedicas.com\/loja\/?s={search_term_string}"},"query-input":{"@type":"PropertyValueSpecification","valueRequired":true,"valueName":"search_term_string"}}],"inLanguage":"pt-PT"},{"@type":"Organization","@id":"https:\/\/curiosidadesedicas.com\/loja\/#organization","name":"Curiosidades & Dicas","url":"https:\/\/curiosidadesedicas.com\/loja\/","logo":{"@type":"ImageObject","inLanguage":"pt-PT","@id":"https:\/\/curiosidadesedicas.com\/loja\/#\/schema\/logo\/image\/","url":"https:\/\/curiosidadesedicas.com\/loja\/wp-content\/uploads\/2020\/05\/LogoCuriosidadesSimples.png","contentUrl":"https:\/\/curiosidadesedicas.com\/loja\/wp-content\/uploads\/2020\/05\/LogoCuriosidadesSimples.png","width":3528,"height":804,"caption":"Curiosidades & Dicas"},"image":{"@id":"https:\/\/curiosidadesedicas.com\/loja\/#\/schema\/logo\/image\/"}}]}},"_links":{"self":[{"href":"https:\/\/curiosidadesedicas.com\/loja\/wp-json\/wp\/v2\/product\/21808","targetHints":{"allow":["GET"]}}],"collection":[{"href":"https:\/\/curiosidadesedicas.com\/loja\/wp-json\/wp\/v2\/product"}],"about":[{"href":"https:\/\/curiosidadesedicas.com\/loja\/wp-json\/wp\/v2\/types\/product"}],"replies":[{"embeddable":true,"href":"https:\/\/curiosidadesedicas.com\/loja\/wp-json\/wp\/v2\/comments?post=21808"}],"wp:featuredmedia":[{"embeddable":true,"href":"https:\/\/curiosidadesedicas.com\/loja\/wp-json\/wp\/v2\/media\/21809"}],"wp:attachment":[{"href":"https:\/\/curiosidadesedicas.com\/loja\/wp-json\/wp\/v2\/media?parent=21808"}],"wp:term":[{"taxonomy":"product_brand","embeddable":true,"href":"https:\/\/curiosidadesedicas.com\/loja\/wp-json\/wp\/v2\/product_brand?post=21808"},{"taxonomy":"product_cat","embeddable":true,"href":"https:\/\/curiosidadesedicas.com\/loja\/wp-json\/wp\/v2\/product_cat?post=21808"},{"taxonomy":"product_tag","embeddable":true,"href":"https:\/\/curiosidadesedicas.com\/loja\/wp-json\/wp\/v2\/product_tag?post=21808"}],"curies":[{"name":"wp","href":"https:\/\/api.w.org\/{rel}","templated":true}]}}