{"id":21326,"date":"2021-06-01T14:42:30","date_gmt":"2021-06-01T14:42:30","guid":{"rendered":"https:\/\/curiosidadesedicas.com\/loja\/?post_type=product&#038;p=21326"},"modified":"2021-06-01T15:11:02","modified_gmt":"2021-06-01T15:11:02","slug":"corretor-de-postura","status":"publish","type":"product","link":"https:\/\/curiosidadesedicas.com\/loja\/produto\/corretor-de-postura\/","title":{"rendered":"CORRETOR DE POSTURA"},"content":{"rendered":"<p>Corretor de Postura, corrige, auxilia e trata a corre\u00e7\u00e3o da postura.\u00a0Ajuda com problemas ortop\u00e9dicos: m\u00e1 postura, dor no pesco\u00e7o ou ombro, dor nas costas, escoliose, etc.<\/p>\n<ul>\n<li>Al\u00e7a de ombro em forma de 8, ajuste de ombro e cintura.<\/li>\n<li>Design ergon\u00f4mico.<\/li>\n<li>Algod\u00e3o fino e el\u00e1stico, malha respir\u00e1vel e acolchoamento macio que protege os ombros.<\/li>\n<li>Velcro com alta ader\u00eancia e f\u00e1cil de ajustar<\/li>\n<li>Encosto elegante e leve com 2 apoios<\/li>\n<li>Tamanhos: M (55-71cm), L (74-81cm) e XL (84-99cm)<\/li>\n<li>Peso bruto: 11,5 kg<\/li>\n<li>Peso l\u00edquido: 10,2 kg<\/li>\n<li>Dimens\u00f5es: 715 * 320 * 495 mm<\/li>\n<\/ul>\n","protected":false},"excerpt":{"rendered":"<p>Corretor de Postura, corrige, auxilia e trata a corre\u00e7\u00e3o da postura.\u00a0Ajuda com problemas ortop\u00e9dicos: m\u00e1 postura, dor no pesco\u00e7o ou ombro, dor nas costas, escoliose, etc.<\/p>\n<ul>\n<li>Al\u00e7a de ombro em forma de 8, ajuste de ombro e cintura.<\/li>\n<li>Design ergon\u00f4mico.<\/li>\n<li>Algod\u00e3o fino e el\u00e1stico, malha respir\u00e1vel e acolchoamento macio que protege os ombros.<\/li>\n<li>Velcro com alta ader\u00eancia e f\u00e1cil de ajustar<\/li>\n<li>Encosto elegante e leve com 2 apoios<\/li>\n<li>Tamanhos: M (55-71cm), L (74-81cm) e XL (84-99cm)<\/li>\n<li>Peso bruto: 11,5 kg<\/li>\n<li>Peso l\u00edquido: 10,2 kg<\/li>\n<li>Dimens\u00f5es: 715 * 320 * 495 mm<\/li>\n<\/ul>\n","protected":false},"featured_media":21332,"comment_status":"open","ping_status":"closed","template":"","meta":{"_glsr_average":0,"_glsr_ranking":0,"_glsr_reviews":0},"product_brand":[],"product_cat":[357,358,344],"product_tag":[],"class_list":{"0":"post-21326","1":"product","2":"type-product","3":"status-publish","4":"has-post-thumbnail","6":"product_cat-bem-estar","7":"product_cat-saude-e-higiene","8":"product_cat-vistos-na-tv","10":"first","11":"instock","12":"taxable","13":"shipping-taxable","14":"purchasable","15":"product-type-variable"},"yoast_head":"<!-- This site is optimized with the Yoast SEO plugin v26.8 - https:\/\/yoast.com\/product\/yoast-seo-wordpress\/ -->\n<title>CORRETOR DE POSTURA - Curiosidades &amp; Dicas, Lda<\/title>\n<meta name=\"robots\" content=\"index, follow, max-snippet:-1, max-image-preview:large, max-video-preview:-1\" \/>\n<link rel=\"canonical\" href=\"https:\/\/curiosidadesedicas.com\/loja\/produto\/corretor-de-postura\/\" \/>\n<meta property=\"og:locale\" content=\"pt_PT\" \/>\n<meta property=\"og:type\" content=\"article\" \/>\n<meta property=\"og:title\" content=\"CORRETOR DE POSTURA - Curiosidades &amp; Dicas, Lda\" \/>\n<meta property=\"og:description\" content=\"Corretor de Postura, corrige, auxilia e trata a corre\u00e7\u00e3o da postura.\u00a0Ajuda com problemas ortop\u00e9dicos: m\u00e1 postura, dor no pesco\u00e7o ou ombro, dor nas costas, escoliose, etc.   Al\u00e7a de ombro em forma de 8, ajuste de ombro e cintura.  Design ergon\u00f4mico.  Algod\u00e3o fino e el\u00e1stico, malha respir\u00e1vel e acolchoamento macio que protege os ombros.  Velcro com alta ader\u00eancia e f\u00e1cil de ajustar  Encosto elegante e leve com 2 apoios  Tamanhos: M (55-71cm), L (74-81cm) e XL (84-99cm)  Peso bruto: 11,5 kg  Peso l\u00edquido: 10,2 kg  Dimens\u00f5es: 715 * 320 * 495 mm\" \/>\n<meta property=\"og:url\" content=\"https:\/\/curiosidadesedicas.com\/loja\/produto\/corretor-de-postura\/\" \/>\n<meta property=\"og:site_name\" content=\"Curiosidades &amp; Dicas, Lda\" \/>\n<meta property=\"article:modified_time\" content=\"2021-06-01T15:11:02+00:00\" \/>\n<meta property=\"og:image\" content=\"https:\/\/curiosidadesedicas.com\/loja\/wp-content\/uploads\/2021\/06\/th-by03-corrector-de-postura-3-tallas-m-l-y-xl-thulos-th-by03-corrige-asiste-y-trata-la-correccion-de-la-postura-ayuda-con-probl.jpg\" \/>\n\t<meta property=\"og:image:width\" content=\"800\" \/>\n\t<meta property=\"og:image:height\" content=\"800\" \/>\n\t<meta property=\"og:image:type\" content=\"image\/jpeg\" \/>\n<meta name=\"twitter:card\" content=\"summary_large_image\" \/>\n<meta name=\"twitter:label1\" content=\"Tempo estimado de leitura\" \/>\n\t<meta name=\"twitter:data1\" content=\"1 minuto\" \/>\n<script type=\"application\/ld+json\" class=\"yoast-schema-graph\">{\"@context\":\"https:\/\/schema.org\",\"@graph\":[{\"@type\":\"WebPage\",\"@id\":\"https:\/\/curiosidadesedicas.com\/loja\/produto\/corretor-de-postura\/\",\"url\":\"https:\/\/curiosidadesedicas.com\/loja\/produto\/corretor-de-postura\/\",\"name\":\"CORRETOR DE POSTURA - Curiosidades &amp; Dicas, Lda\",\"isPartOf\":{\"@id\":\"https:\/\/curiosidadesedicas.com\/loja\/#website\"},\"primaryImageOfPage\":{\"@id\":\"https:\/\/curiosidadesedicas.com\/loja\/produto\/corretor-de-postura\/#primaryimage\"},\"image\":{\"@id\":\"https:\/\/curiosidadesedicas.com\/loja\/produto\/corretor-de-postura\/#primaryimage\"},\"thumbnailUrl\":\"https:\/\/curiosidadesedicas.com\/loja\/wp-content\/uploads\/2021\/06\/th-by03-corrector-de-postura-3-tallas-m-l-y-xl-thulos-th-by03-corrige-asiste-y-trata-la-correccion-de-la-postura-ayuda-con-probl.jpg\",\"datePublished\":\"2021-06-01T14:42:30+00:00\",\"dateModified\":\"2021-06-01T15:11:02+00:00\",\"breadcrumb\":{\"@id\":\"https:\/\/curiosidadesedicas.com\/loja\/produto\/corretor-de-postura\/#breadcrumb\"},\"inLanguage\":\"pt-PT\",\"potentialAction\":[{\"@type\":\"ReadAction\",\"target\":[\"https:\/\/curiosidadesedicas.com\/loja\/produto\/corretor-de-postura\/\"]}]},{\"@type\":\"ImageObject\",\"inLanguage\":\"pt-PT\",\"@id\":\"https:\/\/curiosidadesedicas.com\/loja\/produto\/corretor-de-postura\/#primaryimage\",\"url\":\"https:\/\/curiosidadesedicas.com\/loja\/wp-content\/uploads\/2021\/06\/th-by03-corrector-de-postura-3-tallas-m-l-y-xl-thulos-th-by03-corrige-asiste-y-trata-la-correccion-de-la-postura-ayuda-con-probl.jpg\",\"contentUrl\":\"https:\/\/curiosidadesedicas.com\/loja\/wp-content\/uploads\/2021\/06\/th-by03-corrector-de-postura-3-tallas-m-l-y-xl-thulos-th-by03-corrige-asiste-y-trata-la-correccion-de-la-postura-ayuda-con-probl.jpg\",\"width\":800,\"height\":800},{\"@type\":\"BreadcrumbList\",\"@id\":\"https:\/\/curiosidadesedicas.com\/loja\/produto\/corretor-de-postura\/#breadcrumb\",\"itemListElement\":[{\"@type\":\"ListItem\",\"position\":1,\"name\":\"In\u00edcio\",\"item\":\"https:\/\/curiosidadesedicas.com\/loja\/\"},{\"@type\":\"ListItem\",\"position\":2,\"name\":\"Produtos\",\"item\":\"https:\/\/curiosidadesedicas.com\/loja\/produtos\/\"},{\"@type\":\"ListItem\",\"position\":3,\"name\":\"CORRETOR DE POSTURA\"}]},{\"@type\":\"WebSite\",\"@id\":\"https:\/\/curiosidadesedicas.com\/loja\/#website\",\"url\":\"https:\/\/curiosidadesedicas.com\/loja\/\",\"name\":\"Curiosidades &amp; Dicas, Lda\",\"description\":\"Apaixonados Por Inova\u00e7\u00e3o\",\"publisher\":{\"@id\":\"https:\/\/curiosidadesedicas.com\/loja\/#organization\"},\"potentialAction\":[{\"@type\":\"SearchAction\",\"target\":{\"@type\":\"EntryPoint\",\"urlTemplate\":\"https:\/\/curiosidadesedicas.com\/loja\/?s={search_term_string}\"},\"query-input\":{\"@type\":\"PropertyValueSpecification\",\"valueRequired\":true,\"valueName\":\"search_term_string\"}}],\"inLanguage\":\"pt-PT\"},{\"@type\":\"Organization\",\"@id\":\"https:\/\/curiosidadesedicas.com\/loja\/#organization\",\"name\":\"Curiosidades & Dicas\",\"url\":\"https:\/\/curiosidadesedicas.com\/loja\/\",\"logo\":{\"@type\":\"ImageObject\",\"inLanguage\":\"pt-PT\",\"@id\":\"https:\/\/curiosidadesedicas.com\/loja\/#\/schema\/logo\/image\/\",\"url\":\"https:\/\/curiosidadesedicas.com\/loja\/wp-content\/uploads\/2020\/05\/LogoCuriosidadesSimples.png\",\"contentUrl\":\"https:\/\/curiosidadesedicas.com\/loja\/wp-content\/uploads\/2020\/05\/LogoCuriosidadesSimples.png\",\"width\":3528,\"height\":804,\"caption\":\"Curiosidades & Dicas\"},\"image\":{\"@id\":\"https:\/\/curiosidadesedicas.com\/loja\/#\/schema\/logo\/image\/\"}}]}<\/script>\n<!-- \/ Yoast SEO plugin. -->","yoast_head_json":{"title":"CORRETOR DE POSTURA - Curiosidades &amp; Dicas, Lda","robots":{"index":"index","follow":"follow","max-snippet":"max-snippet:-1","max-image-preview":"max-image-preview:large","max-video-preview":"max-video-preview:-1"},"canonical":"https:\/\/curiosidadesedicas.com\/loja\/produto\/corretor-de-postura\/","og_locale":"pt_PT","og_type":"article","og_title":"CORRETOR DE POSTURA - Curiosidades &amp; Dicas, Lda","og_description":"Corretor de Postura, corrige, auxilia e trata a corre\u00e7\u00e3o da postura.\u00a0Ajuda com problemas ortop\u00e9dicos: m\u00e1 postura, dor no pesco\u00e7o ou ombro, dor nas costas, escoliose, etc.   Al\u00e7a de ombro em forma de 8, ajuste de ombro e cintura.  Design ergon\u00f4mico.  Algod\u00e3o fino e el\u00e1stico, malha respir\u00e1vel e acolchoamento macio que protege os ombros.  Velcro com alta ader\u00eancia e f\u00e1cil de ajustar  Encosto elegante e leve com 2 apoios  Tamanhos: M (55-71cm), L (74-81cm) e XL (84-99cm)  Peso bruto: 11,5 kg  Peso l\u00edquido: 10,2 kg  Dimens\u00f5es: 715 * 320 * 495 mm","og_url":"https:\/\/curiosidadesedicas.com\/loja\/produto\/corretor-de-postura\/","og_site_name":"Curiosidades &amp; Dicas, Lda","article_modified_time":"2021-06-01T15:11:02+00:00","og_image":[{"width":800,"height":800,"url":"https:\/\/curiosidadesedicas.com\/loja\/wp-content\/uploads\/2021\/06\/th-by03-corrector-de-postura-3-tallas-m-l-y-xl-thulos-th-by03-corrige-asiste-y-trata-la-correccion-de-la-postura-ayuda-con-probl.jpg","type":"image\/jpeg"}],"twitter_card":"summary_large_image","twitter_misc":{"Tempo estimado de leitura":"1 minuto"},"schema":{"@context":"https:\/\/schema.org","@graph":[{"@type":"WebPage","@id":"https:\/\/curiosidadesedicas.com\/loja\/produto\/corretor-de-postura\/","url":"https:\/\/curiosidadesedicas.com\/loja\/produto\/corretor-de-postura\/","name":"CORRETOR DE POSTURA - Curiosidades &amp; Dicas, Lda","isPartOf":{"@id":"https:\/\/curiosidadesedicas.com\/loja\/#website"},"primaryImageOfPage":{"@id":"https:\/\/curiosidadesedicas.com\/loja\/produto\/corretor-de-postura\/#primaryimage"},"image":{"@id":"https:\/\/curiosidadesedicas.com\/loja\/produto\/corretor-de-postura\/#primaryimage"},"thumbnailUrl":"https:\/\/curiosidadesedicas.com\/loja\/wp-content\/uploads\/2021\/06\/th-by03-corrector-de-postura-3-tallas-m-l-y-xl-thulos-th-by03-corrige-asiste-y-trata-la-correccion-de-la-postura-ayuda-con-probl.jpg","datePublished":"2021-06-01T14:42:30+00:00","dateModified":"2021-06-01T15:11:02+00:00","breadcrumb":{"@id":"https:\/\/curiosidadesedicas.com\/loja\/produto\/corretor-de-postura\/#breadcrumb"},"inLanguage":"pt-PT","potentialAction":[{"@type":"ReadAction","target":["https:\/\/curiosidadesedicas.com\/loja\/produto\/corretor-de-postura\/"]}]},{"@type":"ImageObject","inLanguage":"pt-PT","@id":"https:\/\/curiosidadesedicas.com\/loja\/produto\/corretor-de-postura\/#primaryimage","url":"https:\/\/curiosidadesedicas.com\/loja\/wp-content\/uploads\/2021\/06\/th-by03-corrector-de-postura-3-tallas-m-l-y-xl-thulos-th-by03-corrige-asiste-y-trata-la-correccion-de-la-postura-ayuda-con-probl.jpg","contentUrl":"https:\/\/curiosidadesedicas.com\/loja\/wp-content\/uploads\/2021\/06\/th-by03-corrector-de-postura-3-tallas-m-l-y-xl-thulos-th-by03-corrige-asiste-y-trata-la-correccion-de-la-postura-ayuda-con-probl.jpg","width":800,"height":800},{"@type":"BreadcrumbList","@id":"https:\/\/curiosidadesedicas.com\/loja\/produto\/corretor-de-postura\/#breadcrumb","itemListElement":[{"@type":"ListItem","position":1,"name":"In\u00edcio","item":"https:\/\/curiosidadesedicas.com\/loja\/"},{"@type":"ListItem","position":2,"name":"Produtos","item":"https:\/\/curiosidadesedicas.com\/loja\/produtos\/"},{"@type":"ListItem","position":3,"name":"CORRETOR DE POSTURA"}]},{"@type":"WebSite","@id":"https:\/\/curiosidadesedicas.com\/loja\/#website","url":"https:\/\/curiosidadesedicas.com\/loja\/","name":"Curiosidades &amp; Dicas, Lda","description":"Apaixonados Por Inova\u00e7\u00e3o","publisher":{"@id":"https:\/\/curiosidadesedicas.com\/loja\/#organization"},"potentialAction":[{"@type":"SearchAction","target":{"@type":"EntryPoint","urlTemplate":"https:\/\/curiosidadesedicas.com\/loja\/?s={search_term_string}"},"query-input":{"@type":"PropertyValueSpecification","valueRequired":true,"valueName":"search_term_string"}}],"inLanguage":"pt-PT"},{"@type":"Organization","@id":"https:\/\/curiosidadesedicas.com\/loja\/#organization","name":"Curiosidades & Dicas","url":"https:\/\/curiosidadesedicas.com\/loja\/","logo":{"@type":"ImageObject","inLanguage":"pt-PT","@id":"https:\/\/curiosidadesedicas.com\/loja\/#\/schema\/logo\/image\/","url":"https:\/\/curiosidadesedicas.com\/loja\/wp-content\/uploads\/2020\/05\/LogoCuriosidadesSimples.png","contentUrl":"https:\/\/curiosidadesedicas.com\/loja\/wp-content\/uploads\/2020\/05\/LogoCuriosidadesSimples.png","width":3528,"height":804,"caption":"Curiosidades & Dicas"},"image":{"@id":"https:\/\/curiosidadesedicas.com\/loja\/#\/schema\/logo\/image\/"}}]}},"_links":{"self":[{"href":"https:\/\/curiosidadesedicas.com\/loja\/wp-json\/wp\/v2\/product\/21326","targetHints":{"allow":["GET"]}}],"collection":[{"href":"https:\/\/curiosidadesedicas.com\/loja\/wp-json\/wp\/v2\/product"}],"about":[{"href":"https:\/\/curiosidadesedicas.com\/loja\/wp-json\/wp\/v2\/types\/product"}],"replies":[{"embeddable":true,"href":"https:\/\/curiosidadesedicas.com\/loja\/wp-json\/wp\/v2\/comments?post=21326"}],"wp:featuredmedia":[{"embeddable":true,"href":"https:\/\/curiosidadesedicas.com\/loja\/wp-json\/wp\/v2\/media\/21332"}],"wp:attachment":[{"href":"https:\/\/curiosidadesedicas.com\/loja\/wp-json\/wp\/v2\/media?parent=21326"}],"wp:term":[{"taxonomy":"product_brand","embeddable":true,"href":"https:\/\/curiosidadesedicas.com\/loja\/wp-json\/wp\/v2\/product_brand?post=21326"},{"taxonomy":"product_cat","embeddable":true,"href":"https:\/\/curiosidadesedicas.com\/loja\/wp-json\/wp\/v2\/product_cat?post=21326"},{"taxonomy":"product_tag","embeddable":true,"href":"https:\/\/curiosidadesedicas.com\/loja\/wp-json\/wp\/v2\/product_tag?post=21326"}],"curies":[{"name":"wp","href":"https:\/\/api.w.org\/{rel}","templated":true}]}}