{"id":18981,"date":"2020-11-18T09:20:31","date_gmt":"2020-11-18T09:20:31","guid":{"rendered":"https:\/\/curiosidadesedicas.com\/loja\/?post_type=product&#038;p=18981"},"modified":"2025-03-14T15:42:05","modified_gmt":"2025-03-14T15:42:05","slug":"projetor-com-rotacao-e-6-diapositivas","status":"publish","type":"product","link":"https:\/\/curiosidadesedicas.com\/loja\/produto\/projetor-com-rotacao-e-6-diapositivas\/","title":{"rendered":"PROJETOR C\/ROTA\u00c7\u00c3O E 6 DIAPOSITIVAS"},"content":{"rendered":"<p class=\"small_desc\">Projetor com rota\u00e7\u00e3o e 6 diapositivas, \u00e9 ideal para criar um ambiente diferente e atrativo, de uma forma divertida e original.<\/p>\n","protected":false},"excerpt":{"rendered":"<p>Projetor com rota\u00e7\u00e3o e 6 diapositivas, \u00e9 ideal para criar um ambiente diferente e atrativo, de uma forma divertida e original.<\/p>\n<ul>\n<li>Rota\u00e7\u00e3o e 6 fun\u00e7\u00f5es<\/li>\n<li>Base e pe\u00e7a para fixar ao ch\u00e3o<\/li>\n<li>Apto para uso em interior e exterior IP 44<\/li>\n<li>Cabo alimenta\u00e7\u00e3o 5m<\/li>\n<li>Alcance: 10 &#8211; 15 m<\/li>\n<li>Superf\u00edcie 50m2<\/li>\n<li>6 diapositivas diferentes<\/li>\n<li>L\u00e2mpadas n\u00e3o substitu\u00edveis<\/li>\n<li>Material: Polipropileno<\/li>\n<li>Cor: Preto<\/li>\n<li>Medida: 16,8 x 10,7 x 40 cm<\/li>\n<\/ul>\n<p>&nbsp;<\/p>\n","protected":false},"featured_media":18982,"comment_status":"open","ping_status":"closed","template":"","meta":{"_glsr_average":0,"_glsr_ranking":0,"_glsr_reviews":0},"product_brand":[],"product_cat":[345,348,454,446],"product_tag":[],"class_list":{"0":"post-18981","1":"product","2":"type-product","3":"status-publish","4":"has-post-thumbnail","6":"product_cat-gadgets-led","7":"product_cat-decoracao-led","8":"product_cat-natal","9":"product_cat-projetores","11":"first","12":"instock","13":"taxable","14":"shipping-taxable","15":"purchasable","16":"product-type-simple"},"yoast_head":"<!-- This site is optimized with the Yoast SEO plugin v26.8 - https:\/\/yoast.com\/product\/yoast-seo-wordpress\/ -->\n<title>PROJETOR C\/ROTA\u00c7\u00c3O E 6 DIAPOSITIVAS - Curiosidades &amp; Dicas, Lda<\/title>\n<meta name=\"robots\" content=\"index, follow, max-snippet:-1, max-image-preview:large, max-video-preview:-1\" \/>\n<link rel=\"canonical\" href=\"https:\/\/curiosidadesedicas.com\/loja\/produto\/projetor-com-rotacao-e-6-diapositivas\/\" \/>\n<meta property=\"og:locale\" content=\"pt_PT\" \/>\n<meta property=\"og:type\" content=\"article\" \/>\n<meta property=\"og:title\" content=\"PROJETOR C\/ROTA\u00c7\u00c3O E 6 DIAPOSITIVAS - Curiosidades &amp; Dicas, Lda\" \/>\n<meta property=\"og:description\" content=\"Projetor com rota\u00e7\u00e3o e 6 diapositivas, \u00e9 ideal para criar um ambiente diferente e atrativo, de uma forma divertida e original.   Rota\u00e7\u00e3o e 6 fun\u00e7\u00f5es  Base e pe\u00e7a para fixar ao ch\u00e3o  Apto para uso em interior e exterior IP 44  Cabo alimenta\u00e7\u00e3o 5m  Alcance: 10 - 15 m  Superf\u00edcie 50m2  6 diapositivas diferentes  L\u00e2mpadas n\u00e3o substitu\u00edveis  Material: Polipropileno  Cor: Preto  Medida: 16,8 x 10,7 x 40 cm  &nbsp;\" \/>\n<meta property=\"og:url\" content=\"https:\/\/curiosidadesedicas.com\/loja\/produto\/projetor-com-rotacao-e-6-diapositivas\/\" \/>\n<meta property=\"og:site_name\" content=\"Curiosidades &amp; Dicas, Lda\" \/>\n<meta property=\"article:modified_time\" content=\"2025-03-14T15:42:05+00:00\" \/>\n<meta property=\"og:image\" content=\"https:\/\/curiosidadesedicas.com\/loja\/wp-content\/uploads\/2020\/11\/PROJETOR-COM-ROTACAO-E-6-DIAPOSITIVAS-ref.-71631.png\" \/>\n\t<meta property=\"og:image:width\" content=\"858\" \/>\n\t<meta property=\"og:image:height\" content=\"688\" \/>\n\t<meta property=\"og:image:type\" content=\"image\/png\" \/>\n<meta name=\"twitter:card\" content=\"summary_large_image\" \/>\n<script type=\"application\/ld+json\" class=\"yoast-schema-graph\">{\"@context\":\"https:\/\/schema.org\",\"@graph\":[{\"@type\":\"WebPage\",\"@id\":\"https:\/\/curiosidadesedicas.com\/loja\/produto\/projetor-com-rotacao-e-6-diapositivas\/\",\"url\":\"https:\/\/curiosidadesedicas.com\/loja\/produto\/projetor-com-rotacao-e-6-diapositivas\/\",\"name\":\"PROJETOR C\/ROTA\u00c7\u00c3O E 6 DIAPOSITIVAS - Curiosidades &amp; Dicas, Lda\",\"isPartOf\":{\"@id\":\"https:\/\/curiosidadesedicas.com\/loja\/#website\"},\"primaryImageOfPage\":{\"@id\":\"https:\/\/curiosidadesedicas.com\/loja\/produto\/projetor-com-rotacao-e-6-diapositivas\/#primaryimage\"},\"image\":{\"@id\":\"https:\/\/curiosidadesedicas.com\/loja\/produto\/projetor-com-rotacao-e-6-diapositivas\/#primaryimage\"},\"thumbnailUrl\":\"https:\/\/curiosidadesedicas.com\/loja\/wp-content\/uploads\/2020\/11\/PROJETOR-COM-ROTACAO-E-6-DIAPOSITIVAS-ref.-71631.png\",\"datePublished\":\"2020-11-18T09:20:31+00:00\",\"dateModified\":\"2025-03-14T15:42:05+00:00\",\"breadcrumb\":{\"@id\":\"https:\/\/curiosidadesedicas.com\/loja\/produto\/projetor-com-rotacao-e-6-diapositivas\/#breadcrumb\"},\"inLanguage\":\"pt-PT\",\"potentialAction\":[{\"@type\":\"ReadAction\",\"target\":[\"https:\/\/curiosidadesedicas.com\/loja\/produto\/projetor-com-rotacao-e-6-diapositivas\/\"]}]},{\"@type\":\"ImageObject\",\"inLanguage\":\"pt-PT\",\"@id\":\"https:\/\/curiosidadesedicas.com\/loja\/produto\/projetor-com-rotacao-e-6-diapositivas\/#primaryimage\",\"url\":\"https:\/\/curiosidadesedicas.com\/loja\/wp-content\/uploads\/2020\/11\/PROJETOR-COM-ROTACAO-E-6-DIAPOSITIVAS-ref.-71631.png\",\"contentUrl\":\"https:\/\/curiosidadesedicas.com\/loja\/wp-content\/uploads\/2020\/11\/PROJETOR-COM-ROTACAO-E-6-DIAPOSITIVAS-ref.-71631.png\",\"width\":858,\"height\":688},{\"@type\":\"BreadcrumbList\",\"@id\":\"https:\/\/curiosidadesedicas.com\/loja\/produto\/projetor-com-rotacao-e-6-diapositivas\/#breadcrumb\",\"itemListElement\":[{\"@type\":\"ListItem\",\"position\":1,\"name\":\"In\u00edcio\",\"item\":\"https:\/\/curiosidadesedicas.com\/loja\/\"},{\"@type\":\"ListItem\",\"position\":2,\"name\":\"Produtos\",\"item\":\"https:\/\/curiosidadesedicas.com\/loja\/produtos\/\"},{\"@type\":\"ListItem\",\"position\":3,\"name\":\"PROJETOR C\/ROTA\u00c7\u00c3O E 6 DIAPOSITIVAS\"}]},{\"@type\":\"WebSite\",\"@id\":\"https:\/\/curiosidadesedicas.com\/loja\/#website\",\"url\":\"https:\/\/curiosidadesedicas.com\/loja\/\",\"name\":\"Curiosidades &amp; Dicas, Lda\",\"description\":\"Apaixonados Por Inova\u00e7\u00e3o\",\"publisher\":{\"@id\":\"https:\/\/curiosidadesedicas.com\/loja\/#organization\"},\"potentialAction\":[{\"@type\":\"SearchAction\",\"target\":{\"@type\":\"EntryPoint\",\"urlTemplate\":\"https:\/\/curiosidadesedicas.com\/loja\/?s={search_term_string}\"},\"query-input\":{\"@type\":\"PropertyValueSpecification\",\"valueRequired\":true,\"valueName\":\"search_term_string\"}}],\"inLanguage\":\"pt-PT\"},{\"@type\":\"Organization\",\"@id\":\"https:\/\/curiosidadesedicas.com\/loja\/#organization\",\"name\":\"Curiosidades & Dicas\",\"url\":\"https:\/\/curiosidadesedicas.com\/loja\/\",\"logo\":{\"@type\":\"ImageObject\",\"inLanguage\":\"pt-PT\",\"@id\":\"https:\/\/curiosidadesedicas.com\/loja\/#\/schema\/logo\/image\/\",\"url\":\"https:\/\/curiosidadesedicas.com\/loja\/wp-content\/uploads\/2020\/05\/LogoCuriosidadesSimples.png\",\"contentUrl\":\"https:\/\/curiosidadesedicas.com\/loja\/wp-content\/uploads\/2020\/05\/LogoCuriosidadesSimples.png\",\"width\":3528,\"height\":804,\"caption\":\"Curiosidades & Dicas\"},\"image\":{\"@id\":\"https:\/\/curiosidadesedicas.com\/loja\/#\/schema\/logo\/image\/\"}}]}<\/script>\n<!-- \/ Yoast SEO plugin. -->","yoast_head_json":{"title":"PROJETOR C\/ROTA\u00c7\u00c3O E 6 DIAPOSITIVAS - Curiosidades &amp; Dicas, Lda","robots":{"index":"index","follow":"follow","max-snippet":"max-snippet:-1","max-image-preview":"max-image-preview:large","max-video-preview":"max-video-preview:-1"},"canonical":"https:\/\/curiosidadesedicas.com\/loja\/produto\/projetor-com-rotacao-e-6-diapositivas\/","og_locale":"pt_PT","og_type":"article","og_title":"PROJETOR C\/ROTA\u00c7\u00c3O E 6 DIAPOSITIVAS - Curiosidades &amp; Dicas, Lda","og_description":"Projetor com rota\u00e7\u00e3o e 6 diapositivas, \u00e9 ideal para criar um ambiente diferente e atrativo, de uma forma divertida e original.   Rota\u00e7\u00e3o e 6 fun\u00e7\u00f5es  Base e pe\u00e7a para fixar ao ch\u00e3o  Apto para uso em interior e exterior IP 44  Cabo alimenta\u00e7\u00e3o 5m  Alcance: 10 - 15 m  Superf\u00edcie 50m2  6 diapositivas diferentes  L\u00e2mpadas n\u00e3o substitu\u00edveis  Material: Polipropileno  Cor: Preto  Medida: 16,8 x 10,7 x 40 cm  &nbsp;","og_url":"https:\/\/curiosidadesedicas.com\/loja\/produto\/projetor-com-rotacao-e-6-diapositivas\/","og_site_name":"Curiosidades &amp; Dicas, Lda","article_modified_time":"2025-03-14T15:42:05+00:00","og_image":[{"width":858,"height":688,"url":"https:\/\/curiosidadesedicas.com\/loja\/wp-content\/uploads\/2020\/11\/PROJETOR-COM-ROTACAO-E-6-DIAPOSITIVAS-ref.-71631.png","type":"image\/png"}],"twitter_card":"summary_large_image","schema":{"@context":"https:\/\/schema.org","@graph":[{"@type":"WebPage","@id":"https:\/\/curiosidadesedicas.com\/loja\/produto\/projetor-com-rotacao-e-6-diapositivas\/","url":"https:\/\/curiosidadesedicas.com\/loja\/produto\/projetor-com-rotacao-e-6-diapositivas\/","name":"PROJETOR C\/ROTA\u00c7\u00c3O E 6 DIAPOSITIVAS - Curiosidades &amp; Dicas, Lda","isPartOf":{"@id":"https:\/\/curiosidadesedicas.com\/loja\/#website"},"primaryImageOfPage":{"@id":"https:\/\/curiosidadesedicas.com\/loja\/produto\/projetor-com-rotacao-e-6-diapositivas\/#primaryimage"},"image":{"@id":"https:\/\/curiosidadesedicas.com\/loja\/produto\/projetor-com-rotacao-e-6-diapositivas\/#primaryimage"},"thumbnailUrl":"https:\/\/curiosidadesedicas.com\/loja\/wp-content\/uploads\/2020\/11\/PROJETOR-COM-ROTACAO-E-6-DIAPOSITIVAS-ref.-71631.png","datePublished":"2020-11-18T09:20:31+00:00","dateModified":"2025-03-14T15:42:05+00:00","breadcrumb":{"@id":"https:\/\/curiosidadesedicas.com\/loja\/produto\/projetor-com-rotacao-e-6-diapositivas\/#breadcrumb"},"inLanguage":"pt-PT","potentialAction":[{"@type":"ReadAction","target":["https:\/\/curiosidadesedicas.com\/loja\/produto\/projetor-com-rotacao-e-6-diapositivas\/"]}]},{"@type":"ImageObject","inLanguage":"pt-PT","@id":"https:\/\/curiosidadesedicas.com\/loja\/produto\/projetor-com-rotacao-e-6-diapositivas\/#primaryimage","url":"https:\/\/curiosidadesedicas.com\/loja\/wp-content\/uploads\/2020\/11\/PROJETOR-COM-ROTACAO-E-6-DIAPOSITIVAS-ref.-71631.png","contentUrl":"https:\/\/curiosidadesedicas.com\/loja\/wp-content\/uploads\/2020\/11\/PROJETOR-COM-ROTACAO-E-6-DIAPOSITIVAS-ref.-71631.png","width":858,"height":688},{"@type":"BreadcrumbList","@id":"https:\/\/curiosidadesedicas.com\/loja\/produto\/projetor-com-rotacao-e-6-diapositivas\/#breadcrumb","itemListElement":[{"@type":"ListItem","position":1,"name":"In\u00edcio","item":"https:\/\/curiosidadesedicas.com\/loja\/"},{"@type":"ListItem","position":2,"name":"Produtos","item":"https:\/\/curiosidadesedicas.com\/loja\/produtos\/"},{"@type":"ListItem","position":3,"name":"PROJETOR C\/ROTA\u00c7\u00c3O E 6 DIAPOSITIVAS"}]},{"@type":"WebSite","@id":"https:\/\/curiosidadesedicas.com\/loja\/#website","url":"https:\/\/curiosidadesedicas.com\/loja\/","name":"Curiosidades &amp; Dicas, Lda","description":"Apaixonados Por Inova\u00e7\u00e3o","publisher":{"@id":"https:\/\/curiosidadesedicas.com\/loja\/#organization"},"potentialAction":[{"@type":"SearchAction","target":{"@type":"EntryPoint","urlTemplate":"https:\/\/curiosidadesedicas.com\/loja\/?s={search_term_string}"},"query-input":{"@type":"PropertyValueSpecification","valueRequired":true,"valueName":"search_term_string"}}],"inLanguage":"pt-PT"},{"@type":"Organization","@id":"https:\/\/curiosidadesedicas.com\/loja\/#organization","name":"Curiosidades & Dicas","url":"https:\/\/curiosidadesedicas.com\/loja\/","logo":{"@type":"ImageObject","inLanguage":"pt-PT","@id":"https:\/\/curiosidadesedicas.com\/loja\/#\/schema\/logo\/image\/","url":"https:\/\/curiosidadesedicas.com\/loja\/wp-content\/uploads\/2020\/05\/LogoCuriosidadesSimples.png","contentUrl":"https:\/\/curiosidadesedicas.com\/loja\/wp-content\/uploads\/2020\/05\/LogoCuriosidadesSimples.png","width":3528,"height":804,"caption":"Curiosidades & Dicas"},"image":{"@id":"https:\/\/curiosidadesedicas.com\/loja\/#\/schema\/logo\/image\/"}}]}},"_links":{"self":[{"href":"https:\/\/curiosidadesedicas.com\/loja\/wp-json\/wp\/v2\/product\/18981","targetHints":{"allow":["GET"]}}],"collection":[{"href":"https:\/\/curiosidadesedicas.com\/loja\/wp-json\/wp\/v2\/product"}],"about":[{"href":"https:\/\/curiosidadesedicas.com\/loja\/wp-json\/wp\/v2\/types\/product"}],"replies":[{"embeddable":true,"href":"https:\/\/curiosidadesedicas.com\/loja\/wp-json\/wp\/v2\/comments?post=18981"}],"wp:featuredmedia":[{"embeddable":true,"href":"https:\/\/curiosidadesedicas.com\/loja\/wp-json\/wp\/v2\/media\/18982"}],"wp:attachment":[{"href":"https:\/\/curiosidadesedicas.com\/loja\/wp-json\/wp\/v2\/media?parent=18981"}],"wp:term":[{"taxonomy":"product_brand","embeddable":true,"href":"https:\/\/curiosidadesedicas.com\/loja\/wp-json\/wp\/v2\/product_brand?post=18981"},{"taxonomy":"product_cat","embeddable":true,"href":"https:\/\/curiosidadesedicas.com\/loja\/wp-json\/wp\/v2\/product_cat?post=18981"},{"taxonomy":"product_tag","embeddable":true,"href":"https:\/\/curiosidadesedicas.com\/loja\/wp-json\/wp\/v2\/product_tag?post=18981"}],"curies":[{"name":"wp","href":"https:\/\/api.w.org\/{rel}","templated":true}]}}