{"id":17231,"date":"2020-07-09T12:38:51","date_gmt":"2020-07-09T12:38:51","guid":{"rendered":"https:\/\/curiosidadesedicas.com\/loja\/?post_type=product&#038;p=17231"},"modified":"2020-07-09T12:41:31","modified_gmt":"2020-07-09T12:41:31","slug":"caderno-de-notas-c-power-bank-4000-mah-16-gb-20-folhas","status":"publish","type":"product","link":"https:\/\/curiosidadesedicas.com\/loja\/produto\/caderno-de-notas-c-power-bank-4000-mah-16-gb-20-folhas\/","title":{"rendered":"CADERNO DE NOTAS C\/ POWER BANK 4000 MAH 16 GB (20 FOLHAS)"},"content":{"rendered":"<ul>\n<li>Conex\u00e3o: Micro USB<\/li>\n<li>Tipo de fecho: Magn\u00e9tico<\/li>\n<li>Suporte para Telem\u00f3vel ou T\u00e1blete<\/li>\n<li>Cont\u00e9m: Compartimentos<\/li>\n<li>Inclui:\n<ul>\n<li>Cabo<\/li>\n<li>Pendrive<\/li>\n<\/ul>\n<\/li>\n<li>Medidas aprox.: 17,5 x 22,2 x 3 cm<\/li>\n<\/ul>\n","protected":false},"excerpt":{"rendered":"<ul>\n<li>Composi\u00e7\u00e3o: Poli\u00e9ster 300D<\/li>\n<li>Capacidade:\n<ul>\n<li>4000 mAh<\/li>\n<li>16 GB<\/li>\n<\/ul>\n<\/li>\n<li>Quantidade: 20 Folhas<\/li>\n<li>Tecnologia: Qi<\/li>\n<\/ul>\n","protected":false},"featured_media":17232,"comment_status":"open","ping_status":"closed","template":"","meta":{"_glsr_average":0,"_glsr_ranking":0,"_glsr_reviews":0},"product_brand":[],"product_cat":[350,407],"product_tag":[],"class_list":{"0":"post-17231","1":"product","2":"type-product","3":"status-publish","4":"has-post-thumbnail","6":"product_cat-gadgets","7":"product_cat-power-banks","9":"first","10":"instock","11":"taxable","12":"shipping-taxable","13":"purchasable","14":"product-type-simple"},"yoast_head":"<!-- This site is optimized with the Yoast SEO plugin v26.8 - https:\/\/yoast.com\/product\/yoast-seo-wordpress\/ -->\n<title>CADERNO DE NOTAS C\/ POWER BANK 4000 MAH 16 GB (20 FOLHAS) - Curiosidades &amp; Dicas, Lda<\/title>\n<meta name=\"robots\" content=\"index, follow, max-snippet:-1, max-image-preview:large, max-video-preview:-1\" \/>\n<link rel=\"canonical\" href=\"https:\/\/curiosidadesedicas.com\/loja\/produto\/caderno-de-notas-c-power-bank-4000-mah-16-gb-20-folhas\/\" \/>\n<meta property=\"og:locale\" content=\"pt_PT\" \/>\n<meta property=\"og:type\" content=\"article\" \/>\n<meta property=\"og:title\" content=\"CADERNO DE NOTAS C\/ POWER BANK 4000 MAH 16 GB (20 FOLHAS) - Curiosidades &amp; Dicas, Lda\" \/>\n<meta property=\"og:description\" content=\"Composi\u00e7\u00e3o: Poli\u00e9ster 300D  Capacidade:   4000 mAh  16 GB    Quantidade: 20 Folhas  Tecnologia: Qi\" \/>\n<meta property=\"og:url\" content=\"https:\/\/curiosidadesedicas.com\/loja\/produto\/caderno-de-notas-c-power-bank-4000-mah-16-gb-20-folhas\/\" \/>\n<meta property=\"og:site_name\" content=\"Curiosidades &amp; Dicas, Lda\" \/>\n<meta property=\"article:modified_time\" content=\"2020-07-09T12:41:31+00:00\" \/>\n<meta property=\"og:image\" content=\"https:\/\/curiosidadesedicas.com\/loja\/wp-content\/uploads\/2020\/07\/caderno-de-notas-com-power-bank-4000-mah-16-gb-20-folhas-146025.jpg\" \/>\n\t<meta property=\"og:image:width\" content=\"600\" \/>\n\t<meta property=\"og:image:height\" content=\"600\" \/>\n\t<meta property=\"og:image:type\" content=\"image\/jpeg\" \/>\n<meta name=\"twitter:card\" content=\"summary_large_image\" \/>\n<script type=\"application\/ld+json\" class=\"yoast-schema-graph\">{\"@context\":\"https:\/\/schema.org\",\"@graph\":[{\"@type\":\"WebPage\",\"@id\":\"https:\/\/curiosidadesedicas.com\/loja\/produto\/caderno-de-notas-c-power-bank-4000-mah-16-gb-20-folhas\/\",\"url\":\"https:\/\/curiosidadesedicas.com\/loja\/produto\/caderno-de-notas-c-power-bank-4000-mah-16-gb-20-folhas\/\",\"name\":\"CADERNO DE NOTAS C\/ POWER BANK 4000 MAH 16 GB (20 FOLHAS) - Curiosidades &amp; Dicas, Lda\",\"isPartOf\":{\"@id\":\"https:\/\/curiosidadesedicas.com\/loja\/#website\"},\"primaryImageOfPage\":{\"@id\":\"https:\/\/curiosidadesedicas.com\/loja\/produto\/caderno-de-notas-c-power-bank-4000-mah-16-gb-20-folhas\/#primaryimage\"},\"image\":{\"@id\":\"https:\/\/curiosidadesedicas.com\/loja\/produto\/caderno-de-notas-c-power-bank-4000-mah-16-gb-20-folhas\/#primaryimage\"},\"thumbnailUrl\":\"https:\/\/curiosidadesedicas.com\/loja\/wp-content\/uploads\/2020\/07\/caderno-de-notas-com-power-bank-4000-mah-16-gb-20-folhas-146025.jpg\",\"datePublished\":\"2020-07-09T12:38:51+00:00\",\"dateModified\":\"2020-07-09T12:41:31+00:00\",\"breadcrumb\":{\"@id\":\"https:\/\/curiosidadesedicas.com\/loja\/produto\/caderno-de-notas-c-power-bank-4000-mah-16-gb-20-folhas\/#breadcrumb\"},\"inLanguage\":\"pt-PT\",\"potentialAction\":[{\"@type\":\"ReadAction\",\"target\":[\"https:\/\/curiosidadesedicas.com\/loja\/produto\/caderno-de-notas-c-power-bank-4000-mah-16-gb-20-folhas\/\"]}]},{\"@type\":\"ImageObject\",\"inLanguage\":\"pt-PT\",\"@id\":\"https:\/\/curiosidadesedicas.com\/loja\/produto\/caderno-de-notas-c-power-bank-4000-mah-16-gb-20-folhas\/#primaryimage\",\"url\":\"https:\/\/curiosidadesedicas.com\/loja\/wp-content\/uploads\/2020\/07\/caderno-de-notas-com-power-bank-4000-mah-16-gb-20-folhas-146025.jpg\",\"contentUrl\":\"https:\/\/curiosidadesedicas.com\/loja\/wp-content\/uploads\/2020\/07\/caderno-de-notas-com-power-bank-4000-mah-16-gb-20-folhas-146025.jpg\",\"width\":600,\"height\":600},{\"@type\":\"BreadcrumbList\",\"@id\":\"https:\/\/curiosidadesedicas.com\/loja\/produto\/caderno-de-notas-c-power-bank-4000-mah-16-gb-20-folhas\/#breadcrumb\",\"itemListElement\":[{\"@type\":\"ListItem\",\"position\":1,\"name\":\"In\u00edcio\",\"item\":\"https:\/\/curiosidadesedicas.com\/loja\/\"},{\"@type\":\"ListItem\",\"position\":2,\"name\":\"Produtos\",\"item\":\"https:\/\/curiosidadesedicas.com\/loja\/produtos\/\"},{\"@type\":\"ListItem\",\"position\":3,\"name\":\"CADERNO DE NOTAS C\/ POWER BANK 4000 MAH 16 GB (20 FOLHAS)\"}]},{\"@type\":\"WebSite\",\"@id\":\"https:\/\/curiosidadesedicas.com\/loja\/#website\",\"url\":\"https:\/\/curiosidadesedicas.com\/loja\/\",\"name\":\"Curiosidades &amp; Dicas, Lda\",\"description\":\"Apaixonados Por Inova\u00e7\u00e3o\",\"publisher\":{\"@id\":\"https:\/\/curiosidadesedicas.com\/loja\/#organization\"},\"potentialAction\":[{\"@type\":\"SearchAction\",\"target\":{\"@type\":\"EntryPoint\",\"urlTemplate\":\"https:\/\/curiosidadesedicas.com\/loja\/?s={search_term_string}\"},\"query-input\":{\"@type\":\"PropertyValueSpecification\",\"valueRequired\":true,\"valueName\":\"search_term_string\"}}],\"inLanguage\":\"pt-PT\"},{\"@type\":\"Organization\",\"@id\":\"https:\/\/curiosidadesedicas.com\/loja\/#organization\",\"name\":\"Curiosidades & Dicas\",\"url\":\"https:\/\/curiosidadesedicas.com\/loja\/\",\"logo\":{\"@type\":\"ImageObject\",\"inLanguage\":\"pt-PT\",\"@id\":\"https:\/\/curiosidadesedicas.com\/loja\/#\/schema\/logo\/image\/\",\"url\":\"https:\/\/curiosidadesedicas.com\/loja\/wp-content\/uploads\/2020\/05\/LogoCuriosidadesSimples.png\",\"contentUrl\":\"https:\/\/curiosidadesedicas.com\/loja\/wp-content\/uploads\/2020\/05\/LogoCuriosidadesSimples.png\",\"width\":3528,\"height\":804,\"caption\":\"Curiosidades & Dicas\"},\"image\":{\"@id\":\"https:\/\/curiosidadesedicas.com\/loja\/#\/schema\/logo\/image\/\"}}]}<\/script>\n<!-- \/ Yoast SEO plugin. -->","yoast_head_json":{"title":"CADERNO DE NOTAS C\/ POWER BANK 4000 MAH 16 GB (20 FOLHAS) - Curiosidades &amp; Dicas, Lda","robots":{"index":"index","follow":"follow","max-snippet":"max-snippet:-1","max-image-preview":"max-image-preview:large","max-video-preview":"max-video-preview:-1"},"canonical":"https:\/\/curiosidadesedicas.com\/loja\/produto\/caderno-de-notas-c-power-bank-4000-mah-16-gb-20-folhas\/","og_locale":"pt_PT","og_type":"article","og_title":"CADERNO DE NOTAS C\/ POWER BANK 4000 MAH 16 GB (20 FOLHAS) - Curiosidades &amp; Dicas, Lda","og_description":"Composi\u00e7\u00e3o: Poli\u00e9ster 300D  Capacidade:   4000 mAh  16 GB    Quantidade: 20 Folhas  Tecnologia: Qi","og_url":"https:\/\/curiosidadesedicas.com\/loja\/produto\/caderno-de-notas-c-power-bank-4000-mah-16-gb-20-folhas\/","og_site_name":"Curiosidades &amp; Dicas, Lda","article_modified_time":"2020-07-09T12:41:31+00:00","og_image":[{"width":600,"height":600,"url":"https:\/\/curiosidadesedicas.com\/loja\/wp-content\/uploads\/2020\/07\/caderno-de-notas-com-power-bank-4000-mah-16-gb-20-folhas-146025.jpg","type":"image\/jpeg"}],"twitter_card":"summary_large_image","schema":{"@context":"https:\/\/schema.org","@graph":[{"@type":"WebPage","@id":"https:\/\/curiosidadesedicas.com\/loja\/produto\/caderno-de-notas-c-power-bank-4000-mah-16-gb-20-folhas\/","url":"https:\/\/curiosidadesedicas.com\/loja\/produto\/caderno-de-notas-c-power-bank-4000-mah-16-gb-20-folhas\/","name":"CADERNO DE NOTAS C\/ POWER BANK 4000 MAH 16 GB (20 FOLHAS) - Curiosidades &amp; Dicas, Lda","isPartOf":{"@id":"https:\/\/curiosidadesedicas.com\/loja\/#website"},"primaryImageOfPage":{"@id":"https:\/\/curiosidadesedicas.com\/loja\/produto\/caderno-de-notas-c-power-bank-4000-mah-16-gb-20-folhas\/#primaryimage"},"image":{"@id":"https:\/\/curiosidadesedicas.com\/loja\/produto\/caderno-de-notas-c-power-bank-4000-mah-16-gb-20-folhas\/#primaryimage"},"thumbnailUrl":"https:\/\/curiosidadesedicas.com\/loja\/wp-content\/uploads\/2020\/07\/caderno-de-notas-com-power-bank-4000-mah-16-gb-20-folhas-146025.jpg","datePublished":"2020-07-09T12:38:51+00:00","dateModified":"2020-07-09T12:41:31+00:00","breadcrumb":{"@id":"https:\/\/curiosidadesedicas.com\/loja\/produto\/caderno-de-notas-c-power-bank-4000-mah-16-gb-20-folhas\/#breadcrumb"},"inLanguage":"pt-PT","potentialAction":[{"@type":"ReadAction","target":["https:\/\/curiosidadesedicas.com\/loja\/produto\/caderno-de-notas-c-power-bank-4000-mah-16-gb-20-folhas\/"]}]},{"@type":"ImageObject","inLanguage":"pt-PT","@id":"https:\/\/curiosidadesedicas.com\/loja\/produto\/caderno-de-notas-c-power-bank-4000-mah-16-gb-20-folhas\/#primaryimage","url":"https:\/\/curiosidadesedicas.com\/loja\/wp-content\/uploads\/2020\/07\/caderno-de-notas-com-power-bank-4000-mah-16-gb-20-folhas-146025.jpg","contentUrl":"https:\/\/curiosidadesedicas.com\/loja\/wp-content\/uploads\/2020\/07\/caderno-de-notas-com-power-bank-4000-mah-16-gb-20-folhas-146025.jpg","width":600,"height":600},{"@type":"BreadcrumbList","@id":"https:\/\/curiosidadesedicas.com\/loja\/produto\/caderno-de-notas-c-power-bank-4000-mah-16-gb-20-folhas\/#breadcrumb","itemListElement":[{"@type":"ListItem","position":1,"name":"In\u00edcio","item":"https:\/\/curiosidadesedicas.com\/loja\/"},{"@type":"ListItem","position":2,"name":"Produtos","item":"https:\/\/curiosidadesedicas.com\/loja\/produtos\/"},{"@type":"ListItem","position":3,"name":"CADERNO DE NOTAS C\/ POWER BANK 4000 MAH 16 GB (20 FOLHAS)"}]},{"@type":"WebSite","@id":"https:\/\/curiosidadesedicas.com\/loja\/#website","url":"https:\/\/curiosidadesedicas.com\/loja\/","name":"Curiosidades &amp; Dicas, Lda","description":"Apaixonados Por Inova\u00e7\u00e3o","publisher":{"@id":"https:\/\/curiosidadesedicas.com\/loja\/#organization"},"potentialAction":[{"@type":"SearchAction","target":{"@type":"EntryPoint","urlTemplate":"https:\/\/curiosidadesedicas.com\/loja\/?s={search_term_string}"},"query-input":{"@type":"PropertyValueSpecification","valueRequired":true,"valueName":"search_term_string"}}],"inLanguage":"pt-PT"},{"@type":"Organization","@id":"https:\/\/curiosidadesedicas.com\/loja\/#organization","name":"Curiosidades & Dicas","url":"https:\/\/curiosidadesedicas.com\/loja\/","logo":{"@type":"ImageObject","inLanguage":"pt-PT","@id":"https:\/\/curiosidadesedicas.com\/loja\/#\/schema\/logo\/image\/","url":"https:\/\/curiosidadesedicas.com\/loja\/wp-content\/uploads\/2020\/05\/LogoCuriosidadesSimples.png","contentUrl":"https:\/\/curiosidadesedicas.com\/loja\/wp-content\/uploads\/2020\/05\/LogoCuriosidadesSimples.png","width":3528,"height":804,"caption":"Curiosidades & Dicas"},"image":{"@id":"https:\/\/curiosidadesedicas.com\/loja\/#\/schema\/logo\/image\/"}}]}},"_links":{"self":[{"href":"https:\/\/curiosidadesedicas.com\/loja\/wp-json\/wp\/v2\/product\/17231","targetHints":{"allow":["GET"]}}],"collection":[{"href":"https:\/\/curiosidadesedicas.com\/loja\/wp-json\/wp\/v2\/product"}],"about":[{"href":"https:\/\/curiosidadesedicas.com\/loja\/wp-json\/wp\/v2\/types\/product"}],"replies":[{"embeddable":true,"href":"https:\/\/curiosidadesedicas.com\/loja\/wp-json\/wp\/v2\/comments?post=17231"}],"wp:featuredmedia":[{"embeddable":true,"href":"https:\/\/curiosidadesedicas.com\/loja\/wp-json\/wp\/v2\/media\/17232"}],"wp:attachment":[{"href":"https:\/\/curiosidadesedicas.com\/loja\/wp-json\/wp\/v2\/media?parent=17231"}],"wp:term":[{"taxonomy":"product_brand","embeddable":true,"href":"https:\/\/curiosidadesedicas.com\/loja\/wp-json\/wp\/v2\/product_brand?post=17231"},{"taxonomy":"product_cat","embeddable":true,"href":"https:\/\/curiosidadesedicas.com\/loja\/wp-json\/wp\/v2\/product_cat?post=17231"},{"taxonomy":"product_tag","embeddable":true,"href":"https:\/\/curiosidadesedicas.com\/loja\/wp-json\/wp\/v2\/product_tag?post=17231"}],"curies":[{"name":"wp","href":"https:\/\/api.w.org\/{rel}","templated":true}]}}