{"id":15974,"date":"2020-06-25T08:32:54","date_gmt":"2020-06-25T08:32:54","guid":{"rendered":"https:\/\/curiosidadesedicas.com\/loja\/?post_type=product&#038;p=15974"},"modified":"2020-06-25T08:43:58","modified_gmt":"2020-06-25T08:43:58","slug":"tomada-protetora-contra-sobrecargas-3500w-16a-c-fichas-tv-e-telefone","status":"publish","type":"product","link":"https:\/\/curiosidadesedicas.com\/loja\/produto\/tomada-protetora-contra-sobrecargas-3500w-16a-c-fichas-tv-e-telefone\/","title":{"rendered":"TOMADA PROTETORA CONTRA SOBRECARGAS 3500W 16A C\/ FICHAS TV E TELEFONE"},"content":{"rendered":"<p class=\"prod-detail-name\">Tomada Protectora Contra Sobrecargas 3500W 16A c\/ Fichas TV e Telefone.<\/p>\n","protected":false},"excerpt":{"rendered":"<ul>\n<li>Condensadores de alta frequ\u00eancia para eliminar parasitas e ru\u00eddos el\u00e9ctricos<\/li>\n<li>Varistores para absorver grandes altas de tens\u00e3o<\/li>\n<li>Protec\u00e7\u00e3o infantil na tomada<\/li>\n<li>Corrente: 16A<\/li>\n<li>Tens\u00e3o: AC 250V<\/li>\n<li>Protec\u00e7\u00e3o completa (L-N, L-T, N-T): 714J<\/li>\n<li>Corrente m\u00e1x. descarga: 19500A<\/li>\n<li>Tens\u00e3o suportada: 6kV<\/li>\n<li>Tempo resposta: &lt; 1ns<\/li>\n<li>Frequ\u00eancia filtro EMI\/RFI: 150kHz &#8211; 100MHz<\/li>\n<li>Atenua\u00e7\u00e3o e ru\u00eddo: at\u00e9 40dB<\/li>\n<\/ul>\n","protected":false},"featured_media":15976,"comment_status":"open","ping_status":"closed","template":"","meta":{"_glsr_average":0,"_glsr_ranking":0,"_glsr_reviews":0},"product_brand":[],"product_cat":[390],"product_tag":[],"class_list":{"0":"post-15974","1":"product","2":"type-product","3":"status-publish","4":"has-post-thumbnail","6":"product_cat-poupanca-de-energia","8":"first","9":"instock","10":"taxable","11":"shipping-taxable","12":"purchasable","13":"product-type-simple"},"yoast_head":"<!-- This site is optimized with the Yoast SEO plugin v26.8 - https:\/\/yoast.com\/product\/yoast-seo-wordpress\/ -->\n<title>TOMADA PROTETORA CONTRA SOBRECARGAS 3500W 16A C\/ FICHAS TV E TELEFONE - Curiosidades &amp; Dicas, Lda<\/title>\n<meta name=\"robots\" content=\"index, follow, max-snippet:-1, max-image-preview:large, max-video-preview:-1\" \/>\n<link rel=\"canonical\" href=\"https:\/\/curiosidadesedicas.com\/loja\/produto\/tomada-protetora-contra-sobrecargas-3500w-16a-c-fichas-tv-e-telefone\/\" \/>\n<meta property=\"og:locale\" content=\"pt_PT\" \/>\n<meta property=\"og:type\" content=\"article\" \/>\n<meta property=\"og:title\" content=\"TOMADA PROTETORA CONTRA SOBRECARGAS 3500W 16A C\/ FICHAS TV E TELEFONE - Curiosidades &amp; Dicas, Lda\" \/>\n<meta property=\"og:description\" content=\"Condensadores de alta frequ\u00eancia para eliminar parasitas e ru\u00eddos el\u00e9ctricos  Varistores para absorver grandes altas de tens\u00e3o  Protec\u00e7\u00e3o infantil na tomada  Corrente: 16A  Tens\u00e3o: AC 250V  Protec\u00e7\u00e3o completa (L-N, L-T, N-T): 714J  Corrente m\u00e1x. descarga: 19500A  Tens\u00e3o suportada: 6kV  Tempo resposta: &lt; 1ns  Frequ\u00eancia filtro EMI\/RFI: 150kHz - 100MHz  Atenua\u00e7\u00e3o e ru\u00eddo: at\u00e9 40dB\" \/>\n<meta property=\"og:url\" content=\"https:\/\/curiosidadesedicas.com\/loja\/produto\/tomada-protetora-contra-sobrecargas-3500w-16a-c-fichas-tv-e-telefone\/\" \/>\n<meta property=\"og:site_name\" content=\"Curiosidades &amp; Dicas, Lda\" \/>\n<meta property=\"article:modified_time\" content=\"2020-06-25T08:43:58+00:00\" \/>\n<meta property=\"og:image\" content=\"https:\/\/curiosidadesedicas.com\/loja\/wp-content\/uploads\/2020\/06\/Screenshot-48.png\" \/>\n\t<meta property=\"og:image:width\" content=\"458\" \/>\n\t<meta property=\"og:image:height\" content=\"547\" \/>\n\t<meta property=\"og:image:type\" content=\"image\/png\" \/>\n<meta name=\"twitter:card\" content=\"summary_large_image\" \/>\n<script type=\"application\/ld+json\" class=\"yoast-schema-graph\">{\"@context\":\"https:\/\/schema.org\",\"@graph\":[{\"@type\":\"WebPage\",\"@id\":\"https:\/\/curiosidadesedicas.com\/loja\/produto\/tomada-protetora-contra-sobrecargas-3500w-16a-c-fichas-tv-e-telefone\/\",\"url\":\"https:\/\/curiosidadesedicas.com\/loja\/produto\/tomada-protetora-contra-sobrecargas-3500w-16a-c-fichas-tv-e-telefone\/\",\"name\":\"TOMADA PROTETORA CONTRA SOBRECARGAS 3500W 16A C\/ FICHAS TV E TELEFONE - Curiosidades &amp; Dicas, Lda\",\"isPartOf\":{\"@id\":\"https:\/\/curiosidadesedicas.com\/loja\/#website\"},\"primaryImageOfPage\":{\"@id\":\"https:\/\/curiosidadesedicas.com\/loja\/produto\/tomada-protetora-contra-sobrecargas-3500w-16a-c-fichas-tv-e-telefone\/#primaryimage\"},\"image\":{\"@id\":\"https:\/\/curiosidadesedicas.com\/loja\/produto\/tomada-protetora-contra-sobrecargas-3500w-16a-c-fichas-tv-e-telefone\/#primaryimage\"},\"thumbnailUrl\":\"https:\/\/curiosidadesedicas.com\/loja\/wp-content\/uploads\/2020\/06\/Screenshot-48.png\",\"datePublished\":\"2020-06-25T08:32:54+00:00\",\"dateModified\":\"2020-06-25T08:43:58+00:00\",\"breadcrumb\":{\"@id\":\"https:\/\/curiosidadesedicas.com\/loja\/produto\/tomada-protetora-contra-sobrecargas-3500w-16a-c-fichas-tv-e-telefone\/#breadcrumb\"},\"inLanguage\":\"pt-PT\",\"potentialAction\":[{\"@type\":\"ReadAction\",\"target\":[\"https:\/\/curiosidadesedicas.com\/loja\/produto\/tomada-protetora-contra-sobrecargas-3500w-16a-c-fichas-tv-e-telefone\/\"]}]},{\"@type\":\"ImageObject\",\"inLanguage\":\"pt-PT\",\"@id\":\"https:\/\/curiosidadesedicas.com\/loja\/produto\/tomada-protetora-contra-sobrecargas-3500w-16a-c-fichas-tv-e-telefone\/#primaryimage\",\"url\":\"https:\/\/curiosidadesedicas.com\/loja\/wp-content\/uploads\/2020\/06\/Screenshot-48.png\",\"contentUrl\":\"https:\/\/curiosidadesedicas.com\/loja\/wp-content\/uploads\/2020\/06\/Screenshot-48.png\",\"width\":458,\"height\":547},{\"@type\":\"BreadcrumbList\",\"@id\":\"https:\/\/curiosidadesedicas.com\/loja\/produto\/tomada-protetora-contra-sobrecargas-3500w-16a-c-fichas-tv-e-telefone\/#breadcrumb\",\"itemListElement\":[{\"@type\":\"ListItem\",\"position\":1,\"name\":\"In\u00edcio\",\"item\":\"https:\/\/curiosidadesedicas.com\/loja\/\"},{\"@type\":\"ListItem\",\"position\":2,\"name\":\"Produtos\",\"item\":\"https:\/\/curiosidadesedicas.com\/loja\/produtos\/\"},{\"@type\":\"ListItem\",\"position\":3,\"name\":\"TOMADA PROTETORA CONTRA SOBRECARGAS 3500W 16A C\/ FICHAS TV E TELEFONE\"}]},{\"@type\":\"WebSite\",\"@id\":\"https:\/\/curiosidadesedicas.com\/loja\/#website\",\"url\":\"https:\/\/curiosidadesedicas.com\/loja\/\",\"name\":\"Curiosidades &amp; Dicas, Lda\",\"description\":\"Apaixonados Por Inova\u00e7\u00e3o\",\"publisher\":{\"@id\":\"https:\/\/curiosidadesedicas.com\/loja\/#organization\"},\"potentialAction\":[{\"@type\":\"SearchAction\",\"target\":{\"@type\":\"EntryPoint\",\"urlTemplate\":\"https:\/\/curiosidadesedicas.com\/loja\/?s={search_term_string}\"},\"query-input\":{\"@type\":\"PropertyValueSpecification\",\"valueRequired\":true,\"valueName\":\"search_term_string\"}}],\"inLanguage\":\"pt-PT\"},{\"@type\":\"Organization\",\"@id\":\"https:\/\/curiosidadesedicas.com\/loja\/#organization\",\"name\":\"Curiosidades & Dicas\",\"url\":\"https:\/\/curiosidadesedicas.com\/loja\/\",\"logo\":{\"@type\":\"ImageObject\",\"inLanguage\":\"pt-PT\",\"@id\":\"https:\/\/curiosidadesedicas.com\/loja\/#\/schema\/logo\/image\/\",\"url\":\"https:\/\/curiosidadesedicas.com\/loja\/wp-content\/uploads\/2020\/05\/LogoCuriosidadesSimples.png\",\"contentUrl\":\"https:\/\/curiosidadesedicas.com\/loja\/wp-content\/uploads\/2020\/05\/LogoCuriosidadesSimples.png\",\"width\":3528,\"height\":804,\"caption\":\"Curiosidades & Dicas\"},\"image\":{\"@id\":\"https:\/\/curiosidadesedicas.com\/loja\/#\/schema\/logo\/image\/\"}}]}<\/script>\n<!-- \/ Yoast SEO plugin. -->","yoast_head_json":{"title":"TOMADA PROTETORA CONTRA SOBRECARGAS 3500W 16A C\/ FICHAS TV E TELEFONE - Curiosidades &amp; Dicas, Lda","robots":{"index":"index","follow":"follow","max-snippet":"max-snippet:-1","max-image-preview":"max-image-preview:large","max-video-preview":"max-video-preview:-1"},"canonical":"https:\/\/curiosidadesedicas.com\/loja\/produto\/tomada-protetora-contra-sobrecargas-3500w-16a-c-fichas-tv-e-telefone\/","og_locale":"pt_PT","og_type":"article","og_title":"TOMADA PROTETORA CONTRA SOBRECARGAS 3500W 16A C\/ FICHAS TV E TELEFONE - Curiosidades &amp; Dicas, Lda","og_description":"Condensadores de alta frequ\u00eancia para eliminar parasitas e ru\u00eddos el\u00e9ctricos  Varistores para absorver grandes altas de tens\u00e3o  Protec\u00e7\u00e3o infantil na tomada  Corrente: 16A  Tens\u00e3o: AC 250V  Protec\u00e7\u00e3o completa (L-N, L-T, N-T): 714J  Corrente m\u00e1x. descarga: 19500A  Tens\u00e3o suportada: 6kV  Tempo resposta: &lt; 1ns  Frequ\u00eancia filtro EMI\/RFI: 150kHz - 100MHz  Atenua\u00e7\u00e3o e ru\u00eddo: at\u00e9 40dB","og_url":"https:\/\/curiosidadesedicas.com\/loja\/produto\/tomada-protetora-contra-sobrecargas-3500w-16a-c-fichas-tv-e-telefone\/","og_site_name":"Curiosidades &amp; Dicas, Lda","article_modified_time":"2020-06-25T08:43:58+00:00","og_image":[{"width":458,"height":547,"url":"https:\/\/curiosidadesedicas.com\/loja\/wp-content\/uploads\/2020\/06\/Screenshot-48.png","type":"image\/png"}],"twitter_card":"summary_large_image","schema":{"@context":"https:\/\/schema.org","@graph":[{"@type":"WebPage","@id":"https:\/\/curiosidadesedicas.com\/loja\/produto\/tomada-protetora-contra-sobrecargas-3500w-16a-c-fichas-tv-e-telefone\/","url":"https:\/\/curiosidadesedicas.com\/loja\/produto\/tomada-protetora-contra-sobrecargas-3500w-16a-c-fichas-tv-e-telefone\/","name":"TOMADA PROTETORA CONTRA SOBRECARGAS 3500W 16A C\/ FICHAS TV E TELEFONE - Curiosidades &amp; Dicas, Lda","isPartOf":{"@id":"https:\/\/curiosidadesedicas.com\/loja\/#website"},"primaryImageOfPage":{"@id":"https:\/\/curiosidadesedicas.com\/loja\/produto\/tomada-protetora-contra-sobrecargas-3500w-16a-c-fichas-tv-e-telefone\/#primaryimage"},"image":{"@id":"https:\/\/curiosidadesedicas.com\/loja\/produto\/tomada-protetora-contra-sobrecargas-3500w-16a-c-fichas-tv-e-telefone\/#primaryimage"},"thumbnailUrl":"https:\/\/curiosidadesedicas.com\/loja\/wp-content\/uploads\/2020\/06\/Screenshot-48.png","datePublished":"2020-06-25T08:32:54+00:00","dateModified":"2020-06-25T08:43:58+00:00","breadcrumb":{"@id":"https:\/\/curiosidadesedicas.com\/loja\/produto\/tomada-protetora-contra-sobrecargas-3500w-16a-c-fichas-tv-e-telefone\/#breadcrumb"},"inLanguage":"pt-PT","potentialAction":[{"@type":"ReadAction","target":["https:\/\/curiosidadesedicas.com\/loja\/produto\/tomada-protetora-contra-sobrecargas-3500w-16a-c-fichas-tv-e-telefone\/"]}]},{"@type":"ImageObject","inLanguage":"pt-PT","@id":"https:\/\/curiosidadesedicas.com\/loja\/produto\/tomada-protetora-contra-sobrecargas-3500w-16a-c-fichas-tv-e-telefone\/#primaryimage","url":"https:\/\/curiosidadesedicas.com\/loja\/wp-content\/uploads\/2020\/06\/Screenshot-48.png","contentUrl":"https:\/\/curiosidadesedicas.com\/loja\/wp-content\/uploads\/2020\/06\/Screenshot-48.png","width":458,"height":547},{"@type":"BreadcrumbList","@id":"https:\/\/curiosidadesedicas.com\/loja\/produto\/tomada-protetora-contra-sobrecargas-3500w-16a-c-fichas-tv-e-telefone\/#breadcrumb","itemListElement":[{"@type":"ListItem","position":1,"name":"In\u00edcio","item":"https:\/\/curiosidadesedicas.com\/loja\/"},{"@type":"ListItem","position":2,"name":"Produtos","item":"https:\/\/curiosidadesedicas.com\/loja\/produtos\/"},{"@type":"ListItem","position":3,"name":"TOMADA PROTETORA CONTRA SOBRECARGAS 3500W 16A C\/ FICHAS TV E TELEFONE"}]},{"@type":"WebSite","@id":"https:\/\/curiosidadesedicas.com\/loja\/#website","url":"https:\/\/curiosidadesedicas.com\/loja\/","name":"Curiosidades &amp; Dicas, Lda","description":"Apaixonados Por Inova\u00e7\u00e3o","publisher":{"@id":"https:\/\/curiosidadesedicas.com\/loja\/#organization"},"potentialAction":[{"@type":"SearchAction","target":{"@type":"EntryPoint","urlTemplate":"https:\/\/curiosidadesedicas.com\/loja\/?s={search_term_string}"},"query-input":{"@type":"PropertyValueSpecification","valueRequired":true,"valueName":"search_term_string"}}],"inLanguage":"pt-PT"},{"@type":"Organization","@id":"https:\/\/curiosidadesedicas.com\/loja\/#organization","name":"Curiosidades & Dicas","url":"https:\/\/curiosidadesedicas.com\/loja\/","logo":{"@type":"ImageObject","inLanguage":"pt-PT","@id":"https:\/\/curiosidadesedicas.com\/loja\/#\/schema\/logo\/image\/","url":"https:\/\/curiosidadesedicas.com\/loja\/wp-content\/uploads\/2020\/05\/LogoCuriosidadesSimples.png","contentUrl":"https:\/\/curiosidadesedicas.com\/loja\/wp-content\/uploads\/2020\/05\/LogoCuriosidadesSimples.png","width":3528,"height":804,"caption":"Curiosidades & Dicas"},"image":{"@id":"https:\/\/curiosidadesedicas.com\/loja\/#\/schema\/logo\/image\/"}}]}},"_links":{"self":[{"href":"https:\/\/curiosidadesedicas.com\/loja\/wp-json\/wp\/v2\/product\/15974","targetHints":{"allow":["GET"]}}],"collection":[{"href":"https:\/\/curiosidadesedicas.com\/loja\/wp-json\/wp\/v2\/product"}],"about":[{"href":"https:\/\/curiosidadesedicas.com\/loja\/wp-json\/wp\/v2\/types\/product"}],"replies":[{"embeddable":true,"href":"https:\/\/curiosidadesedicas.com\/loja\/wp-json\/wp\/v2\/comments?post=15974"}],"wp:featuredmedia":[{"embeddable":true,"href":"https:\/\/curiosidadesedicas.com\/loja\/wp-json\/wp\/v2\/media\/15976"}],"wp:attachment":[{"href":"https:\/\/curiosidadesedicas.com\/loja\/wp-json\/wp\/v2\/media?parent=15974"}],"wp:term":[{"taxonomy":"product_brand","embeddable":true,"href":"https:\/\/curiosidadesedicas.com\/loja\/wp-json\/wp\/v2\/product_brand?post=15974"},{"taxonomy":"product_cat","embeddable":true,"href":"https:\/\/curiosidadesedicas.com\/loja\/wp-json\/wp\/v2\/product_cat?post=15974"},{"taxonomy":"product_tag","embeddable":true,"href":"https:\/\/curiosidadesedicas.com\/loja\/wp-json\/wp\/v2\/product_tag?post=15974"}],"curies":[{"name":"wp","href":"https:\/\/api.w.org\/{rel}","templated":true}]}}