{"id":12697,"date":"2020-05-25T11:39:02","date_gmt":"2020-05-25T11:39:02","guid":{"rendered":"https:\/\/curiosidadesedicas.com\/loja\/?post_type=product&#038;p=12697"},"modified":"2025-03-20T12:14:22","modified_gmt":"2025-03-20T12:14:22","slug":"cabo-flexivel-efeito-neon-3m","status":"publish","type":"product","link":"https:\/\/curiosidadesedicas.com\/loja\/produto\/cabo-flexivel-efeito-neon-3m\/","title":{"rendered":"CABO FLEX\u00cdVEL EFEITO NEON 3M"},"content":{"rendered":"<p>3 metros de fio eletroluminescente flex\u00edvel com efeito neon pronto a funcionar com pilhas.<\/p>\n","protected":false},"excerpt":{"rendered":"<ul>\n<li>Ideal para decora\u00e7\u00e3o<\/li>\n<li>Produto de \u00faltima gera\u00e7\u00e3o, constitu\u00eddo por um cabo flex\u00edvel que emite uma luz de neon subtil em v\u00e1rias cores<\/li>\n<li>Consumo de energia extremamente baixo<\/li>\n<li>Muito f\u00e1cil de usar, moldar e instalar<\/li>\n<li>360\u00ba de brilho luminoso<\/li>\n<li>Flex\u00edvel e resistente \u00e0 \u00e1gua<\/li>\n<li>Pode ser dobrado em qualquer forma<\/li>\n<li>3 modos de luz: constante, flash lento, flash r\u00e1pido<\/li>\n<li>Peso: 0,12 kg<\/li>\n<li>Dimens\u00f5es 14 \u00d7 11 \u00d7 4,5 cm<\/li>\n<\/ul>\n","protected":false},"featured_media":12706,"comment_status":"open","ping_status":"closed","template":"","meta":{"_glsr_average":0,"_glsr_ranking":0,"_glsr_reviews":0},"product_brand":[],"product_cat":[345,348,399],"product_tag":[],"class_list":{"0":"post-12697","1":"product","2":"type-product","3":"status-publish","4":"has-post-thumbnail","6":"product_cat-gadgets-led","7":"product_cat-decoracao-led","8":"product_cat-luz-led","10":"first","11":"instock","12":"taxable","13":"shipping-taxable","14":"purchasable","15":"product-type-variable"},"yoast_head":"<!-- This site is optimized with the Yoast SEO plugin v26.8 - https:\/\/yoast.com\/product\/yoast-seo-wordpress\/ -->\n<title>CABO FLEX\u00cdVEL EFEITO NEON 3M - Curiosidades &amp; Dicas, Lda<\/title>\n<meta name=\"robots\" content=\"index, follow, max-snippet:-1, max-image-preview:large, max-video-preview:-1\" \/>\n<link rel=\"canonical\" href=\"https:\/\/curiosidadesedicas.com\/loja\/produto\/cabo-flexivel-efeito-neon-3m\/\" \/>\n<meta property=\"og:locale\" content=\"pt_PT\" \/>\n<meta property=\"og:type\" content=\"article\" \/>\n<meta property=\"og:title\" content=\"CABO FLEX\u00cdVEL EFEITO NEON 3M - Curiosidades &amp; Dicas, Lda\" \/>\n<meta property=\"og:description\" content=\"Ideal para decora\u00e7\u00e3o  Produto de \u00faltima gera\u00e7\u00e3o, constitu\u00eddo por um cabo flex\u00edvel que emite uma luz de neon subtil em v\u00e1rias cores  Consumo de energia extremamente baixo  Muito f\u00e1cil de usar, moldar e instalar  360\u00ba de brilho luminoso  Flex\u00edvel e resistente \u00e0 \u00e1gua  Pode ser dobrado em qualquer forma  3 modos de luz: constante, flash lento, flash r\u00e1pido  Peso: 0,12 kg  Dimens\u00f5es 14 \u00d7 11 \u00d7 4,5 cm\" \/>\n<meta property=\"og:url\" content=\"https:\/\/curiosidadesedicas.com\/loja\/produto\/cabo-flexivel-efeito-neon-3m\/\" \/>\n<meta property=\"og:site_name\" content=\"Curiosidades &amp; Dicas, Lda\" \/>\n<meta property=\"article:modified_time\" content=\"2025-03-20T12:14:22+00:00\" \/>\n<meta property=\"og:image\" content=\"https:\/\/curiosidadesedicas.com\/loja\/wp-content\/uploads\/2020\/05\/80e093345c2a420aa5b2a1f5250272ce.jpg\" \/>\n\t<meta property=\"og:image:width\" content=\"1367\" \/>\n\t<meta property=\"og:image:height\" content=\"2048\" \/>\n\t<meta property=\"og:image:type\" content=\"image\/jpeg\" \/>\n<meta name=\"twitter:card\" content=\"summary_large_image\" \/>\n<meta name=\"twitter:label1\" content=\"Tempo estimado de leitura\" \/>\n\t<meta name=\"twitter:data1\" content=\"1 minuto\" \/>\n<script type=\"application\/ld+json\" class=\"yoast-schema-graph\">{\"@context\":\"https:\/\/schema.org\",\"@graph\":[{\"@type\":\"WebPage\",\"@id\":\"https:\/\/curiosidadesedicas.com\/loja\/produto\/cabo-flexivel-efeito-neon-3m\/\",\"url\":\"https:\/\/curiosidadesedicas.com\/loja\/produto\/cabo-flexivel-efeito-neon-3m\/\",\"name\":\"CABO FLEX\u00cdVEL EFEITO NEON 3M - Curiosidades &amp; Dicas, Lda\",\"isPartOf\":{\"@id\":\"https:\/\/curiosidadesedicas.com\/loja\/#website\"},\"primaryImageOfPage\":{\"@id\":\"https:\/\/curiosidadesedicas.com\/loja\/produto\/cabo-flexivel-efeito-neon-3m\/#primaryimage\"},\"image\":{\"@id\":\"https:\/\/curiosidadesedicas.com\/loja\/produto\/cabo-flexivel-efeito-neon-3m\/#primaryimage\"},\"thumbnailUrl\":\"https:\/\/curiosidadesedicas.com\/loja\/wp-content\/uploads\/2020\/05\/80e093345c2a420aa5b2a1f5250272ce.jpg\",\"datePublished\":\"2020-05-25T11:39:02+00:00\",\"dateModified\":\"2025-03-20T12:14:22+00:00\",\"breadcrumb\":{\"@id\":\"https:\/\/curiosidadesedicas.com\/loja\/produto\/cabo-flexivel-efeito-neon-3m\/#breadcrumb\"},\"inLanguage\":\"pt-PT\",\"potentialAction\":[{\"@type\":\"ReadAction\",\"target\":[\"https:\/\/curiosidadesedicas.com\/loja\/produto\/cabo-flexivel-efeito-neon-3m\/\"]}]},{\"@type\":\"ImageObject\",\"inLanguage\":\"pt-PT\",\"@id\":\"https:\/\/curiosidadesedicas.com\/loja\/produto\/cabo-flexivel-efeito-neon-3m\/#primaryimage\",\"url\":\"https:\/\/curiosidadesedicas.com\/loja\/wp-content\/uploads\/2020\/05\/80e093345c2a420aa5b2a1f5250272ce.jpg\",\"contentUrl\":\"https:\/\/curiosidadesedicas.com\/loja\/wp-content\/uploads\/2020\/05\/80e093345c2a420aa5b2a1f5250272ce.jpg\",\"width\":1367,\"height\":2048},{\"@type\":\"BreadcrumbList\",\"@id\":\"https:\/\/curiosidadesedicas.com\/loja\/produto\/cabo-flexivel-efeito-neon-3m\/#breadcrumb\",\"itemListElement\":[{\"@type\":\"ListItem\",\"position\":1,\"name\":\"In\u00edcio\",\"item\":\"https:\/\/curiosidadesedicas.com\/loja\/\"},{\"@type\":\"ListItem\",\"position\":2,\"name\":\"Produtos\",\"item\":\"https:\/\/curiosidadesedicas.com\/loja\/produtos\/\"},{\"@type\":\"ListItem\",\"position\":3,\"name\":\"CABO FLEX\u00cdVEL EFEITO NEON 3M\"}]},{\"@type\":\"WebSite\",\"@id\":\"https:\/\/curiosidadesedicas.com\/loja\/#website\",\"url\":\"https:\/\/curiosidadesedicas.com\/loja\/\",\"name\":\"Curiosidades &amp; Dicas, Lda\",\"description\":\"Apaixonados Por Inova\u00e7\u00e3o\",\"publisher\":{\"@id\":\"https:\/\/curiosidadesedicas.com\/loja\/#organization\"},\"potentialAction\":[{\"@type\":\"SearchAction\",\"target\":{\"@type\":\"EntryPoint\",\"urlTemplate\":\"https:\/\/curiosidadesedicas.com\/loja\/?s={search_term_string}\"},\"query-input\":{\"@type\":\"PropertyValueSpecification\",\"valueRequired\":true,\"valueName\":\"search_term_string\"}}],\"inLanguage\":\"pt-PT\"},{\"@type\":\"Organization\",\"@id\":\"https:\/\/curiosidadesedicas.com\/loja\/#organization\",\"name\":\"Curiosidades & Dicas\",\"url\":\"https:\/\/curiosidadesedicas.com\/loja\/\",\"logo\":{\"@type\":\"ImageObject\",\"inLanguage\":\"pt-PT\",\"@id\":\"https:\/\/curiosidadesedicas.com\/loja\/#\/schema\/logo\/image\/\",\"url\":\"https:\/\/curiosidadesedicas.com\/loja\/wp-content\/uploads\/2020\/05\/LogoCuriosidadesSimples.png\",\"contentUrl\":\"https:\/\/curiosidadesedicas.com\/loja\/wp-content\/uploads\/2020\/05\/LogoCuriosidadesSimples.png\",\"width\":3528,\"height\":804,\"caption\":\"Curiosidades & Dicas\"},\"image\":{\"@id\":\"https:\/\/curiosidadesedicas.com\/loja\/#\/schema\/logo\/image\/\"}}]}<\/script>\n<!-- \/ Yoast SEO plugin. -->","yoast_head_json":{"title":"CABO FLEX\u00cdVEL EFEITO NEON 3M - Curiosidades &amp; Dicas, Lda","robots":{"index":"index","follow":"follow","max-snippet":"max-snippet:-1","max-image-preview":"max-image-preview:large","max-video-preview":"max-video-preview:-1"},"canonical":"https:\/\/curiosidadesedicas.com\/loja\/produto\/cabo-flexivel-efeito-neon-3m\/","og_locale":"pt_PT","og_type":"article","og_title":"CABO FLEX\u00cdVEL EFEITO NEON 3M - Curiosidades &amp; Dicas, Lda","og_description":"Ideal para decora\u00e7\u00e3o  Produto de \u00faltima gera\u00e7\u00e3o, constitu\u00eddo por um cabo flex\u00edvel que emite uma luz de neon subtil em v\u00e1rias cores  Consumo de energia extremamente baixo  Muito f\u00e1cil de usar, moldar e instalar  360\u00ba de brilho luminoso  Flex\u00edvel e resistente \u00e0 \u00e1gua  Pode ser dobrado em qualquer forma  3 modos de luz: constante, flash lento, flash r\u00e1pido  Peso: 0,12 kg  Dimens\u00f5es 14 \u00d7 11 \u00d7 4,5 cm","og_url":"https:\/\/curiosidadesedicas.com\/loja\/produto\/cabo-flexivel-efeito-neon-3m\/","og_site_name":"Curiosidades &amp; Dicas, Lda","article_modified_time":"2025-03-20T12:14:22+00:00","og_image":[{"width":1367,"height":2048,"url":"https:\/\/curiosidadesedicas.com\/loja\/wp-content\/uploads\/2020\/05\/80e093345c2a420aa5b2a1f5250272ce.jpg","type":"image\/jpeg"}],"twitter_card":"summary_large_image","twitter_misc":{"Tempo estimado de leitura":"1 minuto"},"schema":{"@context":"https:\/\/schema.org","@graph":[{"@type":"WebPage","@id":"https:\/\/curiosidadesedicas.com\/loja\/produto\/cabo-flexivel-efeito-neon-3m\/","url":"https:\/\/curiosidadesedicas.com\/loja\/produto\/cabo-flexivel-efeito-neon-3m\/","name":"CABO FLEX\u00cdVEL EFEITO NEON 3M - Curiosidades &amp; Dicas, Lda","isPartOf":{"@id":"https:\/\/curiosidadesedicas.com\/loja\/#website"},"primaryImageOfPage":{"@id":"https:\/\/curiosidadesedicas.com\/loja\/produto\/cabo-flexivel-efeito-neon-3m\/#primaryimage"},"image":{"@id":"https:\/\/curiosidadesedicas.com\/loja\/produto\/cabo-flexivel-efeito-neon-3m\/#primaryimage"},"thumbnailUrl":"https:\/\/curiosidadesedicas.com\/loja\/wp-content\/uploads\/2020\/05\/80e093345c2a420aa5b2a1f5250272ce.jpg","datePublished":"2020-05-25T11:39:02+00:00","dateModified":"2025-03-20T12:14:22+00:00","breadcrumb":{"@id":"https:\/\/curiosidadesedicas.com\/loja\/produto\/cabo-flexivel-efeito-neon-3m\/#breadcrumb"},"inLanguage":"pt-PT","potentialAction":[{"@type":"ReadAction","target":["https:\/\/curiosidadesedicas.com\/loja\/produto\/cabo-flexivel-efeito-neon-3m\/"]}]},{"@type":"ImageObject","inLanguage":"pt-PT","@id":"https:\/\/curiosidadesedicas.com\/loja\/produto\/cabo-flexivel-efeito-neon-3m\/#primaryimage","url":"https:\/\/curiosidadesedicas.com\/loja\/wp-content\/uploads\/2020\/05\/80e093345c2a420aa5b2a1f5250272ce.jpg","contentUrl":"https:\/\/curiosidadesedicas.com\/loja\/wp-content\/uploads\/2020\/05\/80e093345c2a420aa5b2a1f5250272ce.jpg","width":1367,"height":2048},{"@type":"BreadcrumbList","@id":"https:\/\/curiosidadesedicas.com\/loja\/produto\/cabo-flexivel-efeito-neon-3m\/#breadcrumb","itemListElement":[{"@type":"ListItem","position":1,"name":"In\u00edcio","item":"https:\/\/curiosidadesedicas.com\/loja\/"},{"@type":"ListItem","position":2,"name":"Produtos","item":"https:\/\/curiosidadesedicas.com\/loja\/produtos\/"},{"@type":"ListItem","position":3,"name":"CABO FLEX\u00cdVEL EFEITO NEON 3M"}]},{"@type":"WebSite","@id":"https:\/\/curiosidadesedicas.com\/loja\/#website","url":"https:\/\/curiosidadesedicas.com\/loja\/","name":"Curiosidades &amp; Dicas, Lda","description":"Apaixonados Por Inova\u00e7\u00e3o","publisher":{"@id":"https:\/\/curiosidadesedicas.com\/loja\/#organization"},"potentialAction":[{"@type":"SearchAction","target":{"@type":"EntryPoint","urlTemplate":"https:\/\/curiosidadesedicas.com\/loja\/?s={search_term_string}"},"query-input":{"@type":"PropertyValueSpecification","valueRequired":true,"valueName":"search_term_string"}}],"inLanguage":"pt-PT"},{"@type":"Organization","@id":"https:\/\/curiosidadesedicas.com\/loja\/#organization","name":"Curiosidades & Dicas","url":"https:\/\/curiosidadesedicas.com\/loja\/","logo":{"@type":"ImageObject","inLanguage":"pt-PT","@id":"https:\/\/curiosidadesedicas.com\/loja\/#\/schema\/logo\/image\/","url":"https:\/\/curiosidadesedicas.com\/loja\/wp-content\/uploads\/2020\/05\/LogoCuriosidadesSimples.png","contentUrl":"https:\/\/curiosidadesedicas.com\/loja\/wp-content\/uploads\/2020\/05\/LogoCuriosidadesSimples.png","width":3528,"height":804,"caption":"Curiosidades & Dicas"},"image":{"@id":"https:\/\/curiosidadesedicas.com\/loja\/#\/schema\/logo\/image\/"}}]}},"_links":{"self":[{"href":"https:\/\/curiosidadesedicas.com\/loja\/wp-json\/wp\/v2\/product\/12697","targetHints":{"allow":["GET"]}}],"collection":[{"href":"https:\/\/curiosidadesedicas.com\/loja\/wp-json\/wp\/v2\/product"}],"about":[{"href":"https:\/\/curiosidadesedicas.com\/loja\/wp-json\/wp\/v2\/types\/product"}],"replies":[{"embeddable":true,"href":"https:\/\/curiosidadesedicas.com\/loja\/wp-json\/wp\/v2\/comments?post=12697"}],"wp:featuredmedia":[{"embeddable":true,"href":"https:\/\/curiosidadesedicas.com\/loja\/wp-json\/wp\/v2\/media\/12706"}],"wp:attachment":[{"href":"https:\/\/curiosidadesedicas.com\/loja\/wp-json\/wp\/v2\/media?parent=12697"}],"wp:term":[{"taxonomy":"product_brand","embeddable":true,"href":"https:\/\/curiosidadesedicas.com\/loja\/wp-json\/wp\/v2\/product_brand?post=12697"},{"taxonomy":"product_cat","embeddable":true,"href":"https:\/\/curiosidadesedicas.com\/loja\/wp-json\/wp\/v2\/product_cat?post=12697"},{"taxonomy":"product_tag","embeddable":true,"href":"https:\/\/curiosidadesedicas.com\/loja\/wp-json\/wp\/v2\/product_tag?post=12697"}],"curies":[{"name":"wp","href":"https:\/\/api.w.org\/{rel}","templated":true}]}}