{"id":12495,"date":"2020-05-22T09:20:50","date_gmt":"2020-05-22T09:20:50","guid":{"rendered":"https:\/\/curiosidadesedicas.com\/loja\/?post_type=product&#038;p=12495"},"modified":"2023-08-31T17:42:13","modified_gmt":"2023-08-31T17:42:13","slug":"lampada-led-c-tripe-p-youtuber","status":"publish","type":"product","link":"https:\/\/curiosidadesedicas.com\/loja\/produto\/lampada-led-c-tripe-p-youtuber\/","title":{"rendered":"L\u00c2MPADA LED C\/ TRIP\u00c9 P\/ YOUTUBER"},"content":{"rendered":"<p>Grave os seus v\u00eddeos para as redes sociais com uma ilumina\u00e7\u00e3o profissional. Com este acess\u00f3rio, pode escolher luz quente, neutra ou fria e ainda regular a intensidade da luz. Acompanha trip\u00e9 e encaixe para c\u00e2mera, telem\u00f3vel e espelho.<\/p>\n<p>*A l\u00e2mpada de 45W vem com suporte para 3 telem\u00f3veis.<\/p>\n<p><iframe loading=\"lazy\" title=\"L\u00e2mpada LED c\/ Trip\u00e9 p\/ Youtuber\" width=\"780\" height=\"439\" src=\"https:\/\/www.youtube.com\/embed\/OMti3Na5NEg?feature=oembed&#038;enablejsapi=1&#038;origin=https:\/\/curiosidadesedicas.com\" frameborder=\"0\" allow=\"accelerometer; autoplay; clipboard-write; encrypted-media; gyroscope; picture-in-picture; web-share\" allowfullscreen><\/iframe><\/p>\n","protected":false},"excerpt":{"rendered":"<p>https:\/\/youtu.be\/U876s9jKnKs<\/p>\n<p>Grave os seus v\u00eddeos para as redes sociais com uma ilumina\u00e7\u00e3o profissional. Com este acess\u00f3rio, pode escolher luz quente, neutra ou fria e ainda regular a intensidade da luz. Acompanha trip\u00e9 e encaixe para c\u00e2mera, telem\u00f3vel e espelho.<\/p>\n<p>*A l\u00e2mpada de 45W vem com suporte para 3 telem\u00f3veis.<\/p>\n","protected":false},"featured_media":12496,"comment_status":"open","ping_status":"closed","template":"","meta":{"_glsr_average":0,"_glsr_ranking":0,"_glsr_reviews":0},"product_brand":[],"product_cat":[345,347,399],"product_tag":[],"class_list":{"0":"post-12495","1":"product","2":"type-product","3":"status-publish","4":"has-post-thumbnail","6":"product_cat-gadgets-led","7":"product_cat-lampadas-led","8":"product_cat-luz-led","10":"first","11":"instock","12":"taxable","13":"shipping-taxable","14":"purchasable","15":"product-type-variable"},"yoast_head":"<!-- This site is optimized with the Yoast SEO plugin v26.8 - https:\/\/yoast.com\/product\/yoast-seo-wordpress\/ -->\n<title>L\u00c2MPADA LED C\/ TRIP\u00c9 P\/ YOUTUBER - Curiosidades &amp; Dicas, Lda<\/title>\n<meta name=\"robots\" content=\"index, follow, max-snippet:-1, max-image-preview:large, max-video-preview:-1\" \/>\n<link rel=\"canonical\" href=\"https:\/\/curiosidadesedicas.com\/loja\/produto\/lampada-led-c-tripe-p-youtuber\/\" \/>\n<meta property=\"og:locale\" content=\"pt_PT\" \/>\n<meta property=\"og:type\" content=\"article\" \/>\n<meta property=\"og:title\" content=\"L\u00c2MPADA LED C\/ TRIP\u00c9 P\/ YOUTUBER - Curiosidades &amp; Dicas, Lda\" \/>\n<meta property=\"og:description\" content=\"https:\/\/youtu.be\/U876s9jKnKs  Grave os seus v\u00eddeos para as redes sociais com uma ilumina\u00e7\u00e3o profissional. Com este acess\u00f3rio, pode escolher luz quente, neutra ou fria e ainda regular a intensidade da luz. Acompanha trip\u00e9 e encaixe para c\u00e2mera, telem\u00f3vel e espelho.  *A l\u00e2mpada de 45W vem com suporte para 3 telem\u00f3veis.\" \/>\n<meta property=\"og:url\" content=\"https:\/\/curiosidadesedicas.com\/loja\/produto\/lampada-led-c-tripe-p-youtuber\/\" \/>\n<meta property=\"og:site_name\" content=\"Curiosidades &amp; Dicas, Lda\" \/>\n<meta property=\"article:modified_time\" content=\"2023-08-31T17:42:13+00:00\" \/>\n<meta property=\"og:image\" content=\"https:\/\/curiosidadesedicas.com\/loja\/wp-content\/uploads\/2020\/05\/camera-photo-video-18-polegadas-anel-de-flash-de-luz-pode-ser-escurecido-l-mpada-fluorescente.jpg\" \/>\n\t<meta property=\"og:image:width\" content=\"1000\" \/>\n\t<meta property=\"og:image:height\" content=\"1000\" \/>\n\t<meta property=\"og:image:type\" content=\"image\/jpeg\" \/>\n<meta name=\"twitter:card\" content=\"summary_large_image\" \/>\n<script type=\"application\/ld+json\" class=\"yoast-schema-graph\">{\"@context\":\"https:\/\/schema.org\",\"@graph\":[{\"@type\":\"WebPage\",\"@id\":\"https:\/\/curiosidadesedicas.com\/loja\/produto\/lampada-led-c-tripe-p-youtuber\/\",\"url\":\"https:\/\/curiosidadesedicas.com\/loja\/produto\/lampada-led-c-tripe-p-youtuber\/\",\"name\":\"L\u00c2MPADA LED C\/ TRIP\u00c9 P\/ YOUTUBER - Curiosidades &amp; Dicas, Lda\",\"isPartOf\":{\"@id\":\"https:\/\/curiosidadesedicas.com\/loja\/#website\"},\"primaryImageOfPage\":{\"@id\":\"https:\/\/curiosidadesedicas.com\/loja\/produto\/lampada-led-c-tripe-p-youtuber\/#primaryimage\"},\"image\":{\"@id\":\"https:\/\/curiosidadesedicas.com\/loja\/produto\/lampada-led-c-tripe-p-youtuber\/#primaryimage\"},\"thumbnailUrl\":\"https:\/\/curiosidadesedicas.com\/loja\/wp-content\/uploads\/2020\/05\/camera-photo-video-18-polegadas-anel-de-flash-de-luz-pode-ser-escurecido-l-mpada-fluorescente.jpg\",\"datePublished\":\"2020-05-22T09:20:50+00:00\",\"dateModified\":\"2023-08-31T17:42:13+00:00\",\"breadcrumb\":{\"@id\":\"https:\/\/curiosidadesedicas.com\/loja\/produto\/lampada-led-c-tripe-p-youtuber\/#breadcrumb\"},\"inLanguage\":\"pt-PT\",\"potentialAction\":[{\"@type\":\"ReadAction\",\"target\":[\"https:\/\/curiosidadesedicas.com\/loja\/produto\/lampada-led-c-tripe-p-youtuber\/\"]}]},{\"@type\":\"ImageObject\",\"inLanguage\":\"pt-PT\",\"@id\":\"https:\/\/curiosidadesedicas.com\/loja\/produto\/lampada-led-c-tripe-p-youtuber\/#primaryimage\",\"url\":\"https:\/\/curiosidadesedicas.com\/loja\/wp-content\/uploads\/2020\/05\/camera-photo-video-18-polegadas-anel-de-flash-de-luz-pode-ser-escurecido-l-mpada-fluorescente.jpg\",\"contentUrl\":\"https:\/\/curiosidadesedicas.com\/loja\/wp-content\/uploads\/2020\/05\/camera-photo-video-18-polegadas-anel-de-flash-de-luz-pode-ser-escurecido-l-mpada-fluorescente.jpg\",\"width\":1000,\"height\":1000},{\"@type\":\"BreadcrumbList\",\"@id\":\"https:\/\/curiosidadesedicas.com\/loja\/produto\/lampada-led-c-tripe-p-youtuber\/#breadcrumb\",\"itemListElement\":[{\"@type\":\"ListItem\",\"position\":1,\"name\":\"In\u00edcio\",\"item\":\"https:\/\/curiosidadesedicas.com\/loja\/\"},{\"@type\":\"ListItem\",\"position\":2,\"name\":\"Produtos\",\"item\":\"https:\/\/curiosidadesedicas.com\/loja\/produtos\/\"},{\"@type\":\"ListItem\",\"position\":3,\"name\":\"L\u00c2MPADA LED C\/ TRIP\u00c9 P\/ YOUTUBER\"}]},{\"@type\":\"WebSite\",\"@id\":\"https:\/\/curiosidadesedicas.com\/loja\/#website\",\"url\":\"https:\/\/curiosidadesedicas.com\/loja\/\",\"name\":\"Curiosidades &amp; Dicas, Lda\",\"description\":\"Apaixonados Por Inova\u00e7\u00e3o\",\"publisher\":{\"@id\":\"https:\/\/curiosidadesedicas.com\/loja\/#organization\"},\"potentialAction\":[{\"@type\":\"SearchAction\",\"target\":{\"@type\":\"EntryPoint\",\"urlTemplate\":\"https:\/\/curiosidadesedicas.com\/loja\/?s={search_term_string}\"},\"query-input\":{\"@type\":\"PropertyValueSpecification\",\"valueRequired\":true,\"valueName\":\"search_term_string\"}}],\"inLanguage\":\"pt-PT\"},{\"@type\":\"Organization\",\"@id\":\"https:\/\/curiosidadesedicas.com\/loja\/#organization\",\"name\":\"Curiosidades & Dicas\",\"url\":\"https:\/\/curiosidadesedicas.com\/loja\/\",\"logo\":{\"@type\":\"ImageObject\",\"inLanguage\":\"pt-PT\",\"@id\":\"https:\/\/curiosidadesedicas.com\/loja\/#\/schema\/logo\/image\/\",\"url\":\"https:\/\/curiosidadesedicas.com\/loja\/wp-content\/uploads\/2020\/05\/LogoCuriosidadesSimples.png\",\"contentUrl\":\"https:\/\/curiosidadesedicas.com\/loja\/wp-content\/uploads\/2020\/05\/LogoCuriosidadesSimples.png\",\"width\":3528,\"height\":804,\"caption\":\"Curiosidades & Dicas\"},\"image\":{\"@id\":\"https:\/\/curiosidadesedicas.com\/loja\/#\/schema\/logo\/image\/\"}}]}<\/script>\n<!-- \/ Yoast SEO plugin. -->","yoast_head_json":{"title":"L\u00c2MPADA LED C\/ TRIP\u00c9 P\/ YOUTUBER - Curiosidades &amp; Dicas, Lda","robots":{"index":"index","follow":"follow","max-snippet":"max-snippet:-1","max-image-preview":"max-image-preview:large","max-video-preview":"max-video-preview:-1"},"canonical":"https:\/\/curiosidadesedicas.com\/loja\/produto\/lampada-led-c-tripe-p-youtuber\/","og_locale":"pt_PT","og_type":"article","og_title":"L\u00c2MPADA LED C\/ TRIP\u00c9 P\/ YOUTUBER - Curiosidades &amp; Dicas, Lda","og_description":"https:\/\/youtu.be\/U876s9jKnKs  Grave os seus v\u00eddeos para as redes sociais com uma ilumina\u00e7\u00e3o profissional. Com este acess\u00f3rio, pode escolher luz quente, neutra ou fria e ainda regular a intensidade da luz. Acompanha trip\u00e9 e encaixe para c\u00e2mera, telem\u00f3vel e espelho.  *A l\u00e2mpada de 45W vem com suporte para 3 telem\u00f3veis.","og_url":"https:\/\/curiosidadesedicas.com\/loja\/produto\/lampada-led-c-tripe-p-youtuber\/","og_site_name":"Curiosidades &amp; Dicas, Lda","article_modified_time":"2023-08-31T17:42:13+00:00","og_image":[{"width":1000,"height":1000,"url":"https:\/\/curiosidadesedicas.com\/loja\/wp-content\/uploads\/2020\/05\/camera-photo-video-18-polegadas-anel-de-flash-de-luz-pode-ser-escurecido-l-mpada-fluorescente.jpg","type":"image\/jpeg"}],"twitter_card":"summary_large_image","schema":{"@context":"https:\/\/schema.org","@graph":[{"@type":"WebPage","@id":"https:\/\/curiosidadesedicas.com\/loja\/produto\/lampada-led-c-tripe-p-youtuber\/","url":"https:\/\/curiosidadesedicas.com\/loja\/produto\/lampada-led-c-tripe-p-youtuber\/","name":"L\u00c2MPADA LED C\/ TRIP\u00c9 P\/ YOUTUBER - Curiosidades &amp; Dicas, Lda","isPartOf":{"@id":"https:\/\/curiosidadesedicas.com\/loja\/#website"},"primaryImageOfPage":{"@id":"https:\/\/curiosidadesedicas.com\/loja\/produto\/lampada-led-c-tripe-p-youtuber\/#primaryimage"},"image":{"@id":"https:\/\/curiosidadesedicas.com\/loja\/produto\/lampada-led-c-tripe-p-youtuber\/#primaryimage"},"thumbnailUrl":"https:\/\/curiosidadesedicas.com\/loja\/wp-content\/uploads\/2020\/05\/camera-photo-video-18-polegadas-anel-de-flash-de-luz-pode-ser-escurecido-l-mpada-fluorescente.jpg","datePublished":"2020-05-22T09:20:50+00:00","dateModified":"2023-08-31T17:42:13+00:00","breadcrumb":{"@id":"https:\/\/curiosidadesedicas.com\/loja\/produto\/lampada-led-c-tripe-p-youtuber\/#breadcrumb"},"inLanguage":"pt-PT","potentialAction":[{"@type":"ReadAction","target":["https:\/\/curiosidadesedicas.com\/loja\/produto\/lampada-led-c-tripe-p-youtuber\/"]}]},{"@type":"ImageObject","inLanguage":"pt-PT","@id":"https:\/\/curiosidadesedicas.com\/loja\/produto\/lampada-led-c-tripe-p-youtuber\/#primaryimage","url":"https:\/\/curiosidadesedicas.com\/loja\/wp-content\/uploads\/2020\/05\/camera-photo-video-18-polegadas-anel-de-flash-de-luz-pode-ser-escurecido-l-mpada-fluorescente.jpg","contentUrl":"https:\/\/curiosidadesedicas.com\/loja\/wp-content\/uploads\/2020\/05\/camera-photo-video-18-polegadas-anel-de-flash-de-luz-pode-ser-escurecido-l-mpada-fluorescente.jpg","width":1000,"height":1000},{"@type":"BreadcrumbList","@id":"https:\/\/curiosidadesedicas.com\/loja\/produto\/lampada-led-c-tripe-p-youtuber\/#breadcrumb","itemListElement":[{"@type":"ListItem","position":1,"name":"In\u00edcio","item":"https:\/\/curiosidadesedicas.com\/loja\/"},{"@type":"ListItem","position":2,"name":"Produtos","item":"https:\/\/curiosidadesedicas.com\/loja\/produtos\/"},{"@type":"ListItem","position":3,"name":"L\u00c2MPADA LED C\/ TRIP\u00c9 P\/ YOUTUBER"}]},{"@type":"WebSite","@id":"https:\/\/curiosidadesedicas.com\/loja\/#website","url":"https:\/\/curiosidadesedicas.com\/loja\/","name":"Curiosidades &amp; Dicas, Lda","description":"Apaixonados Por Inova\u00e7\u00e3o","publisher":{"@id":"https:\/\/curiosidadesedicas.com\/loja\/#organization"},"potentialAction":[{"@type":"SearchAction","target":{"@type":"EntryPoint","urlTemplate":"https:\/\/curiosidadesedicas.com\/loja\/?s={search_term_string}"},"query-input":{"@type":"PropertyValueSpecification","valueRequired":true,"valueName":"search_term_string"}}],"inLanguage":"pt-PT"},{"@type":"Organization","@id":"https:\/\/curiosidadesedicas.com\/loja\/#organization","name":"Curiosidades & Dicas","url":"https:\/\/curiosidadesedicas.com\/loja\/","logo":{"@type":"ImageObject","inLanguage":"pt-PT","@id":"https:\/\/curiosidadesedicas.com\/loja\/#\/schema\/logo\/image\/","url":"https:\/\/curiosidadesedicas.com\/loja\/wp-content\/uploads\/2020\/05\/LogoCuriosidadesSimples.png","contentUrl":"https:\/\/curiosidadesedicas.com\/loja\/wp-content\/uploads\/2020\/05\/LogoCuriosidadesSimples.png","width":3528,"height":804,"caption":"Curiosidades & Dicas"},"image":{"@id":"https:\/\/curiosidadesedicas.com\/loja\/#\/schema\/logo\/image\/"}}]}},"_links":{"self":[{"href":"https:\/\/curiosidadesedicas.com\/loja\/wp-json\/wp\/v2\/product\/12495","targetHints":{"allow":["GET"]}}],"collection":[{"href":"https:\/\/curiosidadesedicas.com\/loja\/wp-json\/wp\/v2\/product"}],"about":[{"href":"https:\/\/curiosidadesedicas.com\/loja\/wp-json\/wp\/v2\/types\/product"}],"replies":[{"embeddable":true,"href":"https:\/\/curiosidadesedicas.com\/loja\/wp-json\/wp\/v2\/comments?post=12495"}],"wp:featuredmedia":[{"embeddable":true,"href":"https:\/\/curiosidadesedicas.com\/loja\/wp-json\/wp\/v2\/media\/12496"}],"wp:attachment":[{"href":"https:\/\/curiosidadesedicas.com\/loja\/wp-json\/wp\/v2\/media?parent=12495"}],"wp:term":[{"taxonomy":"product_brand","embeddable":true,"href":"https:\/\/curiosidadesedicas.com\/loja\/wp-json\/wp\/v2\/product_brand?post=12495"},{"taxonomy":"product_cat","embeddable":true,"href":"https:\/\/curiosidadesedicas.com\/loja\/wp-json\/wp\/v2\/product_cat?post=12495"},{"taxonomy":"product_tag","embeddable":true,"href":"https:\/\/curiosidadesedicas.com\/loja\/wp-json\/wp\/v2\/product_tag?post=12495"}],"curies":[{"name":"wp","href":"https:\/\/api.w.org\/{rel}","templated":true}]}}