{"id":1185,"date":"2016-03-18T06:13:33","date_gmt":"2016-03-18T06:13:33","guid":{"rendered":"http:\/\/demos.famethemes.com\/onepress\/my-account\/"},"modified":"2021-01-12T23:45:41","modified_gmt":"2021-01-12T23:45:41","slug":"conta-curiosidades-e-dicas","status":"publish","type":"page","link":"https:\/\/curiosidadesedicas.com\/loja\/conta-curiosidades-e-dicas\/","title":{"rendered":"Conta Curiosidades &#038; Dicas"},"content":{"rendered":"<div id=\"pl-1185\"  class=\"panel-layout\" ><div id=\"pg-1185-0\"  class=\"panel-grid panel-has-style\" ><div class=\"panel-row-style panel-row-style-for-1185-0\" ><div id=\"pgc-1185-0-0\"  class=\"panel-grid-cell\" ><div id=\"panel-1185-0-0-0\" class=\"so-panel widget widget_sow-editor panel-first-child panel-last-child\" data-index=\"0\" ><div\n\t\t\t\n\t\t\tclass=\"so-widget-sow-editor so-widget-sow-editor-base\"\n\t\t\t\n\t\t>\n<div class=\"siteorigin-widget-tinymce textwidget\">\n\t<p><div class=\"woocommerce\"><\/div><\/p><\/div>\n<\/div><\/div><\/div><\/div><\/div><\/div>","protected":false},"excerpt":{"rendered":"","protected":false},"author":1,"featured_media":0,"parent":0,"menu_order":0,"comment_status":"closed","ping_status":"closed","template":"page-templates\/pagebuilder.php","meta":{"_glsr_average":0,"_glsr_ranking":0,"_glsr_reviews":0,"footnotes":""},"class_list":["post-1185","page","type-page","status-publish","hentry"],"yoast_head":"<!-- This site is optimized with the Yoast SEO plugin v26.8 - https:\/\/yoast.com\/product\/yoast-seo-wordpress\/ -->\n<title>Conta Curiosidades &amp; Dicas - Curiosidades &amp; Dicas, Lda<\/title>\n<meta name=\"description\" content=\"N\u00f3s, da Curiosidades &amp; Dicas, somos apaixonados por inova\u00e7\u00e3o. Por isso, comercializamos artigos Vistos na TV e outros produtos \u00fateis que facilitam o dia a dia dos nossos clientes e, ainda, os ajudam a poupar \u00e1gua e energia. Na loja f\u00edsica, na loja on-line, por telefone ou nas nossas redes sociais, o cliente tem o melhor atendimento e uma p\u00f3s-venda de excel\u00eancia. Da Covilh\u00e3 para o mundo: Curiosidades &amp; Dicas.\" \/>\n<meta name=\"robots\" content=\"index, follow, max-snippet:-1, max-image-preview:large, max-video-preview:-1\" \/>\n<link rel=\"canonical\" href=\"https:\/\/curiosidadesedicas.com\/loja\/conta-curiosidades-e-dicas\/\" \/>\n<meta property=\"og:locale\" content=\"pt_PT\" \/>\n<meta property=\"og:type\" content=\"article\" \/>\n<meta property=\"og:title\" content=\"Conta Curiosidades &amp; Dicas - Curiosidades &amp; Dicas, Lda\" \/>\n<meta property=\"og:description\" content=\"N\u00f3s, da Curiosidades &amp; Dicas, somos apaixonados por inova\u00e7\u00e3o. Por isso, comercializamos artigos Vistos na TV e outros produtos \u00fateis que facilitam o dia a dia dos nossos clientes e, ainda, os ajudam a poupar \u00e1gua e energia. Na loja f\u00edsica, na loja on-line, por telefone ou nas nossas redes sociais, o cliente tem o melhor atendimento e uma p\u00f3s-venda de excel\u00eancia. Da Covilh\u00e3 para o mundo: Curiosidades &amp; Dicas.\" \/>\n<meta property=\"og:url\" content=\"https:\/\/curiosidadesedicas.com\/loja\/conta-curiosidades-e-dicas\/\" \/>\n<meta property=\"og:site_name\" content=\"Curiosidades &amp; Dicas, Lda\" \/>\n<meta property=\"article:modified_time\" content=\"2021-01-12T23:45:41+00:00\" \/>\n<meta name=\"twitter:card\" content=\"summary_large_image\" \/>\n<meta name=\"twitter:label1\" content=\"Tempo estimado de leitura\" \/>\n\t<meta name=\"twitter:data1\" content=\"1 minuto\" \/>\n<script type=\"application\/ld+json\" class=\"yoast-schema-graph\">{\"@context\":\"https:\/\/schema.org\",\"@graph\":[{\"@type\":\"WebPage\",\"@id\":\"https:\/\/curiosidadesedicas.com\/loja\/conta-curiosidades-e-dicas\/\",\"url\":\"https:\/\/curiosidadesedicas.com\/loja\/conta-curiosidades-e-dicas\/\",\"name\":\"Conta Curiosidades & Dicas - Curiosidades &amp; Dicas, Lda\",\"isPartOf\":{\"@id\":\"https:\/\/curiosidadesedicas.com\/loja\/#website\"},\"datePublished\":\"2016-03-18T06:13:33+00:00\",\"dateModified\":\"2021-01-12T23:45:41+00:00\",\"description\":\"N\u00f3s, da Curiosidades & Dicas, somos apaixonados por inova\u00e7\u00e3o. Por isso, comercializamos artigos Vistos na TV e outros produtos \u00fateis que facilitam o dia a dia dos nossos clientes e, ainda, os ajudam a poupar \u00e1gua e energia. Na loja f\u00edsica, na loja on-line, por telefone ou nas nossas redes sociais, o cliente tem o melhor atendimento e uma p\u00f3s-venda de excel\u00eancia. Da Covilh\u00e3 para o mundo: Curiosidades & Dicas.\",\"breadcrumb\":{\"@id\":\"https:\/\/curiosidadesedicas.com\/loja\/conta-curiosidades-e-dicas\/#breadcrumb\"},\"inLanguage\":\"pt-PT\",\"potentialAction\":[{\"@type\":\"ReadAction\",\"target\":[\"https:\/\/curiosidadesedicas.com\/loja\/conta-curiosidades-e-dicas\/\"]}]},{\"@type\":\"BreadcrumbList\",\"@id\":\"https:\/\/curiosidadesedicas.com\/loja\/conta-curiosidades-e-dicas\/#breadcrumb\",\"itemListElement\":[{\"@type\":\"ListItem\",\"position\":1,\"name\":\"In\u00edcio\",\"item\":\"https:\/\/curiosidadesedicas.com\/loja\/\"},{\"@type\":\"ListItem\",\"position\":2,\"name\":\"Conta Curiosidades &#038; Dicas\"}]},{\"@type\":\"WebSite\",\"@id\":\"https:\/\/curiosidadesedicas.com\/loja\/#website\",\"url\":\"https:\/\/curiosidadesedicas.com\/loja\/\",\"name\":\"Curiosidades &amp; Dicas, Lda\",\"description\":\"Apaixonados Por Inova\u00e7\u00e3o\",\"publisher\":{\"@id\":\"https:\/\/curiosidadesedicas.com\/loja\/#organization\"},\"potentialAction\":[{\"@type\":\"SearchAction\",\"target\":{\"@type\":\"EntryPoint\",\"urlTemplate\":\"https:\/\/curiosidadesedicas.com\/loja\/?s={search_term_string}\"},\"query-input\":{\"@type\":\"PropertyValueSpecification\",\"valueRequired\":true,\"valueName\":\"search_term_string\"}}],\"inLanguage\":\"pt-PT\"},{\"@type\":\"Organization\",\"@id\":\"https:\/\/curiosidadesedicas.com\/loja\/#organization\",\"name\":\"Curiosidades & Dicas\",\"url\":\"https:\/\/curiosidadesedicas.com\/loja\/\",\"logo\":{\"@type\":\"ImageObject\",\"inLanguage\":\"pt-PT\",\"@id\":\"https:\/\/curiosidadesedicas.com\/loja\/#\/schema\/logo\/image\/\",\"url\":\"https:\/\/curiosidadesedicas.com\/loja\/wp-content\/uploads\/2020\/05\/LogoCuriosidadesSimples.png\",\"contentUrl\":\"https:\/\/curiosidadesedicas.com\/loja\/wp-content\/uploads\/2020\/05\/LogoCuriosidadesSimples.png\",\"width\":3528,\"height\":804,\"caption\":\"Curiosidades & Dicas\"},\"image\":{\"@id\":\"https:\/\/curiosidadesedicas.com\/loja\/#\/schema\/logo\/image\/\"}}]}<\/script>\n<!-- \/ Yoast SEO plugin. -->","yoast_head_json":{"title":"Conta Curiosidades & Dicas - Curiosidades &amp; Dicas, Lda","description":"N\u00f3s, da Curiosidades & Dicas, somos apaixonados por inova\u00e7\u00e3o. Por isso, comercializamos artigos Vistos na TV e outros produtos \u00fateis que facilitam o dia a dia dos nossos clientes e, ainda, os ajudam a poupar \u00e1gua e energia. Na loja f\u00edsica, na loja on-line, por telefone ou nas nossas redes sociais, o cliente tem o melhor atendimento e uma p\u00f3s-venda de excel\u00eancia. Da Covilh\u00e3 para o mundo: Curiosidades & Dicas.","robots":{"index":"index","follow":"follow","max-snippet":"max-snippet:-1","max-image-preview":"max-image-preview:large","max-video-preview":"max-video-preview:-1"},"canonical":"https:\/\/curiosidadesedicas.com\/loja\/conta-curiosidades-e-dicas\/","og_locale":"pt_PT","og_type":"article","og_title":"Conta Curiosidades & Dicas - Curiosidades &amp; Dicas, Lda","og_description":"N\u00f3s, da Curiosidades & Dicas, somos apaixonados por inova\u00e7\u00e3o. Por isso, comercializamos artigos Vistos na TV e outros produtos \u00fateis que facilitam o dia a dia dos nossos clientes e, ainda, os ajudam a poupar \u00e1gua e energia. Na loja f\u00edsica, na loja on-line, por telefone ou nas nossas redes sociais, o cliente tem o melhor atendimento e uma p\u00f3s-venda de excel\u00eancia. Da Covilh\u00e3 para o mundo: Curiosidades & Dicas.","og_url":"https:\/\/curiosidadesedicas.com\/loja\/conta-curiosidades-e-dicas\/","og_site_name":"Curiosidades &amp; Dicas, Lda","article_modified_time":"2021-01-12T23:45:41+00:00","twitter_card":"summary_large_image","twitter_misc":{"Tempo estimado de leitura":"1 minuto"},"schema":{"@context":"https:\/\/schema.org","@graph":[{"@type":"WebPage","@id":"https:\/\/curiosidadesedicas.com\/loja\/conta-curiosidades-e-dicas\/","url":"https:\/\/curiosidadesedicas.com\/loja\/conta-curiosidades-e-dicas\/","name":"Conta Curiosidades & Dicas - Curiosidades &amp; Dicas, Lda","isPartOf":{"@id":"https:\/\/curiosidadesedicas.com\/loja\/#website"},"datePublished":"2016-03-18T06:13:33+00:00","dateModified":"2021-01-12T23:45:41+00:00","description":"N\u00f3s, da Curiosidades & Dicas, somos apaixonados por inova\u00e7\u00e3o. Por isso, comercializamos artigos Vistos na TV e outros produtos \u00fateis que facilitam o dia a dia dos nossos clientes e, ainda, os ajudam a poupar \u00e1gua e energia. Na loja f\u00edsica, na loja on-line, por telefone ou nas nossas redes sociais, o cliente tem o melhor atendimento e uma p\u00f3s-venda de excel\u00eancia. Da Covilh\u00e3 para o mundo: Curiosidades & Dicas.","breadcrumb":{"@id":"https:\/\/curiosidadesedicas.com\/loja\/conta-curiosidades-e-dicas\/#breadcrumb"},"inLanguage":"pt-PT","potentialAction":[{"@type":"ReadAction","target":["https:\/\/curiosidadesedicas.com\/loja\/conta-curiosidades-e-dicas\/"]}]},{"@type":"BreadcrumbList","@id":"https:\/\/curiosidadesedicas.com\/loja\/conta-curiosidades-e-dicas\/#breadcrumb","itemListElement":[{"@type":"ListItem","position":1,"name":"In\u00edcio","item":"https:\/\/curiosidadesedicas.com\/loja\/"},{"@type":"ListItem","position":2,"name":"Conta Curiosidades &#038; Dicas"}]},{"@type":"WebSite","@id":"https:\/\/curiosidadesedicas.com\/loja\/#website","url":"https:\/\/curiosidadesedicas.com\/loja\/","name":"Curiosidades &amp; Dicas, Lda","description":"Apaixonados Por Inova\u00e7\u00e3o","publisher":{"@id":"https:\/\/curiosidadesedicas.com\/loja\/#organization"},"potentialAction":[{"@type":"SearchAction","target":{"@type":"EntryPoint","urlTemplate":"https:\/\/curiosidadesedicas.com\/loja\/?s={search_term_string}"},"query-input":{"@type":"PropertyValueSpecification","valueRequired":true,"valueName":"search_term_string"}}],"inLanguage":"pt-PT"},{"@type":"Organization","@id":"https:\/\/curiosidadesedicas.com\/loja\/#organization","name":"Curiosidades & Dicas","url":"https:\/\/curiosidadesedicas.com\/loja\/","logo":{"@type":"ImageObject","inLanguage":"pt-PT","@id":"https:\/\/curiosidadesedicas.com\/loja\/#\/schema\/logo\/image\/","url":"https:\/\/curiosidadesedicas.com\/loja\/wp-content\/uploads\/2020\/05\/LogoCuriosidadesSimples.png","contentUrl":"https:\/\/curiosidadesedicas.com\/loja\/wp-content\/uploads\/2020\/05\/LogoCuriosidadesSimples.png","width":3528,"height":804,"caption":"Curiosidades & Dicas"},"image":{"@id":"https:\/\/curiosidadesedicas.com\/loja\/#\/schema\/logo\/image\/"}}]}},"_links":{"self":[{"href":"https:\/\/curiosidadesedicas.com\/loja\/wp-json\/wp\/v2\/pages\/1185","targetHints":{"allow":["GET"]}}],"collection":[{"href":"https:\/\/curiosidadesedicas.com\/loja\/wp-json\/wp\/v2\/pages"}],"about":[{"href":"https:\/\/curiosidadesedicas.com\/loja\/wp-json\/wp\/v2\/types\/page"}],"author":[{"embeddable":true,"href":"https:\/\/curiosidadesedicas.com\/loja\/wp-json\/wp\/v2\/users\/1"}],"replies":[{"embeddable":true,"href":"https:\/\/curiosidadesedicas.com\/loja\/wp-json\/wp\/v2\/comments?post=1185"}],"version-history":[{"count":10,"href":"https:\/\/curiosidadesedicas.com\/loja\/wp-json\/wp\/v2\/pages\/1185\/revisions"}],"predecessor-version":[{"id":20269,"href":"https:\/\/curiosidadesedicas.com\/loja\/wp-json\/wp\/v2\/pages\/1185\/revisions\/20269"}],"wp:attachment":[{"href":"https:\/\/curiosidadesedicas.com\/loja\/wp-json\/wp\/v2\/media?parent=1185"}],"curies":[{"name":"wp","href":"https:\/\/api.w.org\/{rel}","templated":true}]}}